{"id":4964,"date":"2025-09-24T19:24:54","date_gmt":"2025-09-24T19:24:54","guid":{"rendered":"https:\/\/modest-napier.216-250-124-103.plesk.page\/index.php\/producto\/aceite-arrayan-extra-reforzado-c-150-ml-e-s-natural\/"},"modified":"2025-09-24T20:45:52","modified_gmt":"2025-09-24T20:45:52","slug":"aceite-arrayan-extra-reforzado-c-150-ml-e-s-natural","status":"publish","type":"product","link":"https:\/\/modest-napier.216-250-124-103.plesk.page\/index.php\/producto\/aceite-arrayan-extra-reforzado-c-150-ml-e-s-natural\/","title":{"rendered":"Aceite de Array\u00e1n Extra Reforzado 150 ml"},"content":{"rendered":"<p><strong>Descripci\u00f3n:<\/strong><br \/> El <strong>aceite de array\u00e1n<\/strong> extra reforzado es un producto natural obtenido de las hojas del \u00e1rbol de array\u00e1n. Este aceite se caracteriza por su aroma fresco y agradable, as\u00ed como por sus propiedades terap\u00e9uticas.\u00a0<\/p>\n<h2>\u00bfPara qu\u00e9 sirve el aceite de array\u00e1n?<\/h2>\n<p>El <em>aceite de array\u00e1n<\/em>\u00a0se recomienda como:<\/p>\n<ul>\n<li>\n<em>Desinflamatorio<\/em> muscular.<\/li>\n<li>Auxiliar en inflamaci\u00f3n de vientre.<\/li>\n<li>Alivio de piquetes de moscos.<\/li>\n<li>Alivio de golpes y<em> dolores musculares.<\/em>\n<\/li>\n<\/ul>\n<p><strong>Modo de uso:<\/strong><br \/> Aplicar en masaje suave en la zona afectada por las noches despu\u00e9s del ba\u00f1o y puede aplicar un vendaje sencillo para conservar el calor en la zona.<\/p>\n<p><strong>Contenido:<\/strong><br \/> 150 ml.<\/p>\n","protected":false},"excerpt":{"rendered":"<p>Descripci\u00f3n: El aceite de array\u00e1n extra reforzado es un producto natural obtenido de las hojas del \u00e1rbol de array\u00e1n. Este aceite se caracteriza por su aroma fresco y agradable, as\u00ed [&hellip;]<\/p>\n","protected":false},"featured_media":119,"comment_status":"open","ping_status":"closed","template":"","meta":[],"product_brand":[479],"product_cat":[289,337,318],"product_tag":[29],"class_list":{"0":"post-4964","1":"product","2":"type-product","3":"status-publish","4":"has-post-thumbnail","6":"product_brand-e-s-natural","7":"product_cat-belleza","8":"product_cat-productos","9":"product_cat-salud","10":"product_tag-arrayan","12":"first","13":"instock","14":"shipping-taxable","15":"purchasable","16":"product-type-simple"},"_links":{"self":[{"href":"https:\/\/modest-napier.216-250-124-103.plesk.page\/index.php\/wp-json\/wp\/v2\/product\/4964","targetHints":{"allow":["GET"]}}],"collection":[{"href":"https:\/\/modest-napier.216-250-124-103.plesk.page\/index.php\/wp-json\/wp\/v2\/product"}],"about":[{"href":"https:\/\/modest-napier.216-250-124-103.plesk.page\/index.php\/wp-json\/wp\/v2\/types\/product"}],"replies":[{"embeddable":true,"href":"https:\/\/modest-napier.216-250-124-103.plesk.page\/index.php\/wp-json\/wp\/v2\/comments?post=4964"}],"wp:featuredmedia":[{"embeddable":true,"href":"https:\/\/modest-napier.216-250-124-103.plesk.page\/index.php\/wp-json\/wp\/v2\/media\/119"}],"wp:attachment":[{"href":"https:\/\/modest-napier.216-250-124-103.plesk.page\/index.php\/wp-json\/wp\/v2\/media?parent=4964"}],"wp:term":[{"taxonomy":"product_brand","embeddable":true,"href":"https:\/\/modest-napier.216-250-124-103.plesk.page\/index.php\/wp-json\/wp\/v2\/product_brand?post=4964"},{"taxonomy":"product_cat","embeddable":true,"href":"https:\/\/modest-napier.216-250-124-103.plesk.page\/index.php\/wp-json\/wp\/v2\/product_cat?post=4964"},{"taxonomy":"product_tag","embeddable":true,"href":"https:\/\/modest-napier.216-250-124-103.plesk.page\/index.php\/wp-json\/wp\/v2\/product_tag?post=4964"}],"curies":[{"name":"wp","href":"https:\/\/api.w.org\/{rel}","templated":true}]}}