{"id":4992,"date":"2025-09-24T19:25:30","date_gmt":"2025-09-24T19:25:30","guid":{"rendered":"https:\/\/modest-napier.216-250-124-103.plesk.page\/index.php\/producto\/aceite-de-clavo-120-ml-del-roble\/"},"modified":"2025-09-24T20:45:52","modified_gmt":"2025-09-24T20:45:52","slug":"aceite-de-clavo-120-ml-del-roble","status":"publish","type":"product","link":"https:\/\/modest-napier.216-250-124-103.plesk.page\/index.php\/producto\/aceite-de-clavo-120-ml-del-roble\/","title":{"rendered":"Aceite de Clavo 120 ml Del Roble"},"content":{"rendered":"<p><strong>Descripci\u00f3n:<\/strong><br \/>El <strong>aceite de clavo<\/strong> es auxiliar en la indigesti\u00f3n, el asma, el dolor de cabeza, el estr\u00e9s y las toxinas en la sangre. Por sus propiedades antis\u00e9pticas el <em>aceite de clavo<\/em> es \u00fatil para las heridas, cortes, la sarna, el pie de atleta, infecciones por hongos, moretones etc.<\/p>\n<p><strong>Modo de uso:<\/strong><br \/> Aplicar en forma de masaje en cuerpo. Ideal para usar en preparaciones cosm\u00e9ticas como faciales, cremas o remedios capilares.<\/p>\n<p><strong>Contenido:<\/strong><br \/> 120 ml.<\/p>\n","protected":false},"excerpt":{"rendered":"<p>Descripci\u00f3n:El aceite de clavo es auxiliar en la indigesti\u00f3n, el asma, el dolor de cabeza, el estr\u00e9s y las toxinas en la sangre. Por sus propiedades antis\u00e9pticas el aceite de [&hellip;]<\/p>\n","protected":false},"featured_media":407,"comment_status":"open","ping_status":"closed","template":"","meta":[],"product_brand":[417],"product_cat":[282,289,337,318],"product_tag":[32],"class_list":{"0":"post-4992","1":"product","2":"type-product","3":"status-publish","4":"has-post-thumbnail","6":"product_brand-del-roble","7":"product_cat-aceites-para-la-salud","8":"product_cat-belleza","9":"product_cat-productos","10":"product_cat-salud","11":"product_tag-clavo","13":"first","14":"outofstock","15":"shipping-taxable","16":"purchasable","17":"product-type-simple"},"_links":{"self":[{"href":"https:\/\/modest-napier.216-250-124-103.plesk.page\/index.php\/wp-json\/wp\/v2\/product\/4992","targetHints":{"allow":["GET"]}}],"collection":[{"href":"https:\/\/modest-napier.216-250-124-103.plesk.page\/index.php\/wp-json\/wp\/v2\/product"}],"about":[{"href":"https:\/\/modest-napier.216-250-124-103.plesk.page\/index.php\/wp-json\/wp\/v2\/types\/product"}],"replies":[{"embeddable":true,"href":"https:\/\/modest-napier.216-250-124-103.plesk.page\/index.php\/wp-json\/wp\/v2\/comments?post=4992"}],"wp:featuredmedia":[{"embeddable":true,"href":"https:\/\/modest-napier.216-250-124-103.plesk.page\/index.php\/wp-json\/wp\/v2\/media\/407"}],"wp:attachment":[{"href":"https:\/\/modest-napier.216-250-124-103.plesk.page\/index.php\/wp-json\/wp\/v2\/media?parent=4992"}],"wp:term":[{"taxonomy":"product_brand","embeddable":true,"href":"https:\/\/modest-napier.216-250-124-103.plesk.page\/index.php\/wp-json\/wp\/v2\/product_brand?post=4992"},{"taxonomy":"product_cat","embeddable":true,"href":"https:\/\/modest-napier.216-250-124-103.plesk.page\/index.php\/wp-json\/wp\/v2\/product_cat?post=4992"},{"taxonomy":"product_tag","embeddable":true,"href":"https:\/\/modest-napier.216-250-124-103.plesk.page\/index.php\/wp-json\/wp\/v2\/product_tag?post=4992"}],"curies":[{"name":"wp","href":"https:\/\/api.w.org\/{rel}","templated":true}]}}