{"id":5007,"date":"2025-09-24T19:25:48","date_gmt":"2025-09-24T19:25:48","guid":{"rendered":"https:\/\/modest-napier.216-250-124-103.plesk.page\/index.php\/producto\/aceite-de-menta-c-120-ml-shanaturals\/"},"modified":"2025-09-24T20:44:33","modified_gmt":"2025-09-24T20:44:33","slug":"aceite-de-menta-c-120-ml-shanaturals","status":"publish","type":"product","link":"https:\/\/modest-napier.216-250-124-103.plesk.page\/index.php\/producto\/aceite-de-menta-c-120-ml-shanaturals\/","title":{"rendered":"Aceite de Menta 120 ml Shanatural&#8217;s"},"content":{"rendered":"<p><strong>Descripci\u00f3n:<\/strong><br \/>El <strong>aceite de menta<\/strong> tiene efectos estimulantes y es usado en aromaterapia para reducir el estr\u00e9s y aliviar las tensiones y los nervios, as\u00ed como para mejorar la memoria y la concentraci\u00f3n. Por ello, es muy com\u00fan usar el <em>aceite de menta<\/em> para el dolor de cabeza y las migra\u00f1as, entre otros usos.<\/p>\n<p><strong>Modo de uso:<\/strong><br \/> Libre.<\/p>\n<p><strong>Contenido:<\/strong><br \/> 120 ml.<\/p>\n","protected":false},"excerpt":{"rendered":"<p>Descripci\u00f3n:El aceite de menta tiene efectos estimulantes y es usado en aromaterapia para reducir el estr\u00e9s y aliviar las tensiones y los nervios, as\u00ed como para mejorar la memoria y [&hellip;]<\/p>\n","protected":false},"featured_media":592,"comment_status":"open","ping_status":"closed","template":"","meta":[],"product_brand":[362],"product_cat":[283,289,337,318],"product_tag":[48],"class_list":{"0":"post-5007","1":"product","2":"type-product","3":"status-publish","4":"has-post-thumbnail","6":"product_brand-shanaturals","7":"product_cat-aceites-para-masajes","8":"product_cat-belleza","9":"product_cat-productos","10":"product_cat-salud","11":"product_tag-menta","13":"first","14":"instock","15":"shipping-taxable","16":"purchasable","17":"product-type-simple"},"_links":{"self":[{"href":"https:\/\/modest-napier.216-250-124-103.plesk.page\/index.php\/wp-json\/wp\/v2\/product\/5007","targetHints":{"allow":["GET"]}}],"collection":[{"href":"https:\/\/modest-napier.216-250-124-103.plesk.page\/index.php\/wp-json\/wp\/v2\/product"}],"about":[{"href":"https:\/\/modest-napier.216-250-124-103.plesk.page\/index.php\/wp-json\/wp\/v2\/types\/product"}],"replies":[{"embeddable":true,"href":"https:\/\/modest-napier.216-250-124-103.plesk.page\/index.php\/wp-json\/wp\/v2\/comments?post=5007"}],"wp:featuredmedia":[{"embeddable":true,"href":"https:\/\/modest-napier.216-250-124-103.plesk.page\/index.php\/wp-json\/wp\/v2\/media\/592"}],"wp:attachment":[{"href":"https:\/\/modest-napier.216-250-124-103.plesk.page\/index.php\/wp-json\/wp\/v2\/media?parent=5007"}],"wp:term":[{"taxonomy":"product_brand","embeddable":true,"href":"https:\/\/modest-napier.216-250-124-103.plesk.page\/index.php\/wp-json\/wp\/v2\/product_brand?post=5007"},{"taxonomy":"product_cat","embeddable":true,"href":"https:\/\/modest-napier.216-250-124-103.plesk.page\/index.php\/wp-json\/wp\/v2\/product_cat?post=5007"},{"taxonomy":"product_tag","embeddable":true,"href":"https:\/\/modest-napier.216-250-124-103.plesk.page\/index.php\/wp-json\/wp\/v2\/product_tag?post=5007"}],"curies":[{"name":"wp","href":"https:\/\/api.w.org\/{rel}","templated":true}]}}