{"id":5011,"date":"2025-09-24T19:25:54","date_gmt":"2025-09-24T19:25:54","guid":{"rendered":"https:\/\/modest-napier.216-250-124-103.plesk.page\/index.php\/producto\/aceite-de-nuez-125-ml-hoja-hemu\/"},"modified":"2025-09-24T20:46:53","modified_gmt":"2025-09-24T20:46:53","slug":"aceite-de-nuez-125-ml-hoja-hemu","status":"publish","type":"product","link":"https:\/\/modest-napier.216-250-124-103.plesk.page\/index.php\/producto\/aceite-de-nuez-125-ml-hoja-hemu\/","title":{"rendered":"Aceite de Nuez 125 ml Hoja Hemu"},"content":{"rendered":"<p><strong>Descripci\u00f3n:<\/strong><br \/>Como todos los aceites vegetales, el <strong>aceite de nuez<\/strong> es rico en \u00e1cidos grasos esenciales Omega-3, entre ellos oleico, linoleico, palmitoleico y esteroles, que mejoran la hidrataci\u00f3n, reparan, regeneran la piel y previenen la inflamaci\u00f3n de los tejidos. Tambi\u00e9n contiene vitamina E, con propiedades antioxidantes y anti edad.<\/p>\n<p><strong>Modo de uso:<\/strong><br \/> Libre.<\/p>\n<p><strong>Contenido:<\/strong><br \/>120 ml.<\/p>\n","protected":false},"excerpt":{"rendered":"<p>Descripci\u00f3n:Como todos los aceites vegetales, el aceite de nuez es rico en \u00e1cidos grasos esenciales Omega-3, entre ellos oleico, linoleico, palmitoleico y esteroles, que mejoran la hidrataci\u00f3n, reparan, regeneran la [&hellip;]<\/p>\n","protected":false},"featured_media":621,"comment_status":"open","ping_status":"closed","template":"","meta":[],"product_brand":[610],"product_cat":[281,289,337],"product_tag":[51],"class_list":{"0":"post-5011","1":"product","2":"type-product","3":"status-publish","4":"has-post-thumbnail","6":"product_brand-hoja-hemu","7":"product_cat-aceites-para-la-piel","8":"product_cat-belleza","9":"product_cat-productos","10":"product_tag-nuez","12":"first","13":"outofstock","14":"shipping-taxable","15":"purchasable","16":"product-type-simple"},"_links":{"self":[{"href":"https:\/\/modest-napier.216-250-124-103.plesk.page\/index.php\/wp-json\/wp\/v2\/product\/5011","targetHints":{"allow":["GET"]}}],"collection":[{"href":"https:\/\/modest-napier.216-250-124-103.plesk.page\/index.php\/wp-json\/wp\/v2\/product"}],"about":[{"href":"https:\/\/modest-napier.216-250-124-103.plesk.page\/index.php\/wp-json\/wp\/v2\/types\/product"}],"replies":[{"embeddable":true,"href":"https:\/\/modest-napier.216-250-124-103.plesk.page\/index.php\/wp-json\/wp\/v2\/comments?post=5011"}],"wp:featuredmedia":[{"embeddable":true,"href":"https:\/\/modest-napier.216-250-124-103.plesk.page\/index.php\/wp-json\/wp\/v2\/media\/621"}],"wp:attachment":[{"href":"https:\/\/modest-napier.216-250-124-103.plesk.page\/index.php\/wp-json\/wp\/v2\/media?parent=5011"}],"wp:term":[{"taxonomy":"product_brand","embeddable":true,"href":"https:\/\/modest-napier.216-250-124-103.plesk.page\/index.php\/wp-json\/wp\/v2\/product_brand?post=5011"},{"taxonomy":"product_cat","embeddable":true,"href":"https:\/\/modest-napier.216-250-124-103.plesk.page\/index.php\/wp-json\/wp\/v2\/product_cat?post=5011"},{"taxonomy":"product_tag","embeddable":true,"href":"https:\/\/modest-napier.216-250-124-103.plesk.page\/index.php\/wp-json\/wp\/v2\/product_tag?post=5011"}],"curies":[{"name":"wp","href":"https:\/\/api.w.org\/{rel}","templated":true}]}}