{"id":5030,"date":"2025-09-24T19:26:19","date_gmt":"2025-09-24T19:26:19","guid":{"rendered":"https:\/\/modest-napier.216-250-124-103.plesk.page\/index.php\/producto\/aceite-de-salvia-120-ml-la-paloma\/"},"modified":"2025-09-24T20:46:52","modified_gmt":"2025-09-24T20:46:52","slug":"aceite-de-salvia-120-ml-la-paloma","status":"publish","type":"product","link":"https:\/\/modest-napier.216-250-124-103.plesk.page\/index.php\/producto\/aceite-de-salvia-120-ml-la-paloma\/","title":{"rendered":"Aceite de Salvia 120 ml La Paloma"},"content":{"rendered":"<p data-mce-fragment=\"1\"><strong data-mce-fragment=\"1\">Descripci\u00f3n:<\/strong><\/p>\n<p class=\"jsx-4098198752 c--grey-neutral-800\">El <strong>aceite de salvia<\/strong> act\u00faa como un gran relajante muscular.<span>\u00a0<\/span>Sus propiedades antiinflamatorias son muy similares a las del aceite de romero.<\/p>\n<p class=\"jsx-4098198752 c--grey-neutral-800\">De ah\u00ed, que sea com\u00fan utilizarlo para tratar dolencias articulares, para sobrecargas y para aliviar los dolores asociados a la menstruaci\u00f3n.<\/p>\n<p class=\"jsx-4098198752 c--grey-neutral-800\">Adem\u00e1s, el aceite de salvia tiene virtudes relajantes para calmar el<span>\u00a0dolor de cabeza<\/span><span style=\"text-decoration: underline;\">,<\/span> los calambres y esa tensi\u00f3n muscular del vientre y la espalda baja tan com\u00fan en el s\u00edndrome premenstrual.<\/p>\n<p data-mce-fragment=\"1\"><strong data-mce-fragment=\"1\">Modo de uso:<\/strong><\/p>\n<p data-mce-fragment=\"1\">Libre.<\/p>\n<p data-mce-fragment=\"1\"><strong data-mce-fragment=\"1\">Contenido:<\/strong><\/p>\n<p data-mce-fragment=\"1\">120 ml.<\/p>\n","protected":false},"excerpt":{"rendered":"<p>Descripci\u00f3n: El aceite de salvia act\u00faa como un gran relajante muscular.\u00a0Sus propiedades antiinflamatorias son muy similares a las del aceite de romero. De ah\u00ed, que sea com\u00fan utilizarlo para tratar [&hellip;]<\/p>\n","protected":false},"featured_media":856,"comment_status":"open","ping_status":"closed","template":"","meta":[],"product_brand":[416],"product_cat":[282,337,318],"product_tag":[61],"class_list":{"0":"post-5030","1":"product","2":"type-product","3":"status-publish","4":"has-post-thumbnail","6":"product_brand-la-paloma","7":"product_cat-aceites-para-la-salud","8":"product_cat-productos","9":"product_cat-salud","10":"product_tag-salvia","12":"first","13":"outofstock","14":"shipping-taxable","15":"purchasable","16":"product-type-simple"},"_links":{"self":[{"href":"https:\/\/modest-napier.216-250-124-103.plesk.page\/index.php\/wp-json\/wp\/v2\/product\/5030","targetHints":{"allow":["GET"]}}],"collection":[{"href":"https:\/\/modest-napier.216-250-124-103.plesk.page\/index.php\/wp-json\/wp\/v2\/product"}],"about":[{"href":"https:\/\/modest-napier.216-250-124-103.plesk.page\/index.php\/wp-json\/wp\/v2\/types\/product"}],"replies":[{"embeddable":true,"href":"https:\/\/modest-napier.216-250-124-103.plesk.page\/index.php\/wp-json\/wp\/v2\/comments?post=5030"}],"wp:featuredmedia":[{"embeddable":true,"href":"https:\/\/modest-napier.216-250-124-103.plesk.page\/index.php\/wp-json\/wp\/v2\/media\/856"}],"wp:attachment":[{"href":"https:\/\/modest-napier.216-250-124-103.plesk.page\/index.php\/wp-json\/wp\/v2\/media?parent=5030"}],"wp:term":[{"taxonomy":"product_brand","embeddable":true,"href":"https:\/\/modest-napier.216-250-124-103.plesk.page\/index.php\/wp-json\/wp\/v2\/product_brand?post=5030"},{"taxonomy":"product_cat","embeddable":true,"href":"https:\/\/modest-napier.216-250-124-103.plesk.page\/index.php\/wp-json\/wp\/v2\/product_cat?post=5030"},{"taxonomy":"product_tag","embeddable":true,"href":"https:\/\/modest-napier.216-250-124-103.plesk.page\/index.php\/wp-json\/wp\/v2\/product_tag?post=5030"}],"curies":[{"name":"wp","href":"https:\/\/api.w.org\/{rel}","templated":true}]}}