{"id":5036,"date":"2025-09-24T19:26:26","date_gmt":"2025-09-24T19:26:26","guid":{"rendered":"https:\/\/modest-napier.216-250-124-103.plesk.page\/index.php\/producto\/aceite-eucalipto-c-120-ml-shanaturals\/"},"modified":"2025-09-24T20:44:25","modified_gmt":"2025-09-24T20:44:25","slug":"aceite-eucalipto-c-120-ml-shanaturals","status":"publish","type":"product","link":"https:\/\/modest-napier.216-250-124-103.plesk.page\/index.php\/producto\/aceite-eucalipto-c-120-ml-shanaturals\/","title":{"rendered":"Aceite de Eucalipto 120 ml Shanatural&#8217;s"},"content":{"rendered":"<p data-mce-fragment=\"1\"><strong data-mce-fragment=\"1\">Descripci\u00f3n:<\/strong><\/p>\n<p data-mce-fragment=\"1\">El <strong>aceite de eucalipto<\/strong> tiene virtudes respiratorias. Posee la enorme capacidad de actuar como un bals\u00e1mico y un expectorante para atender afecciones de las v\u00edas respiratorias. Posee dones para la higiene personal. Su poder antis\u00e9ptico y su agradable aroma lo convierten en un asiduo ingrediente de productos cosm\u00e9ticos y para la salud de la piel.<\/p>\n<p data-mce-fragment=\"1\">Para tener un cabello m\u00e1s hermoso. Se afirma que el aceite de eucalipto posee la capacidad de eliminar la resequedad en el pelo, y debido a sus caracter\u00edsticas antif\u00fangicas, que repele la proliferaci\u00f3n de hongos, hace que el cabello luzca m\u00e1s sano.<\/p>\n<p data-mce-fragment=\"1\"><strong data-mce-fragment=\"1\">Modo de uso:<\/strong><\/p>\n<p data-mce-fragment=\"1\">Libre.<\/p>\n<p data-mce-fragment=\"1\"><strong data-mce-fragment=\"1\">Contenido:<\/strong><\/p>\n<p data-mce-fragment=\"1\">120 ml.<\/p>\n","protected":false},"excerpt":{"rendered":"<p>Descripci\u00f3n: El aceite de eucalipto tiene virtudes respiratorias. Posee la enorme capacidad de actuar como un bals\u00e1mico y un expectorante para atender afecciones de las v\u00edas respiratorias. Posee dones para [&hellip;]<\/p>\n","protected":false},"featured_media":892,"comment_status":"open","ping_status":"closed","template":"","meta":[],"product_brand":[362],"product_cat":[283,289,337,318],"product_tag":[64],"class_list":{"0":"post-5036","1":"product","2":"type-product","3":"status-publish","4":"has-post-thumbnail","6":"product_brand-shanaturals","7":"product_cat-aceites-para-masajes","8":"product_cat-belleza","9":"product_cat-productos","10":"product_cat-salud","11":"product_tag-eucalipto","13":"first","14":"instock","15":"shipping-taxable","16":"purchasable","17":"product-type-simple"},"_links":{"self":[{"href":"https:\/\/modest-napier.216-250-124-103.plesk.page\/index.php\/wp-json\/wp\/v2\/product\/5036","targetHints":{"allow":["GET"]}}],"collection":[{"href":"https:\/\/modest-napier.216-250-124-103.plesk.page\/index.php\/wp-json\/wp\/v2\/product"}],"about":[{"href":"https:\/\/modest-napier.216-250-124-103.plesk.page\/index.php\/wp-json\/wp\/v2\/types\/product"}],"replies":[{"embeddable":true,"href":"https:\/\/modest-napier.216-250-124-103.plesk.page\/index.php\/wp-json\/wp\/v2\/comments?post=5036"}],"wp:featuredmedia":[{"embeddable":true,"href":"https:\/\/modest-napier.216-250-124-103.plesk.page\/index.php\/wp-json\/wp\/v2\/media\/892"}],"wp:attachment":[{"href":"https:\/\/modest-napier.216-250-124-103.plesk.page\/index.php\/wp-json\/wp\/v2\/media?parent=5036"}],"wp:term":[{"taxonomy":"product_brand","embeddable":true,"href":"https:\/\/modest-napier.216-250-124-103.plesk.page\/index.php\/wp-json\/wp\/v2\/product_brand?post=5036"},{"taxonomy":"product_cat","embeddable":true,"href":"https:\/\/modest-napier.216-250-124-103.plesk.page\/index.php\/wp-json\/wp\/v2\/product_cat?post=5036"},{"taxonomy":"product_tag","embeddable":true,"href":"https:\/\/modest-napier.216-250-124-103.plesk.page\/index.php\/wp-json\/wp\/v2\/product_tag?post=5036"}],"curies":[{"name":"wp","href":"https:\/\/api.w.org\/{rel}","templated":true}]}}