{"id":5045,"date":"2025-09-24T19:26:40","date_gmt":"2025-09-24T19:26:40","guid":{"rendered":"https:\/\/modest-napier.216-250-124-103.plesk.page\/index.php\/producto\/aceite-organico-de-oregano-c-125-ml-natural-life\/"},"modified":"2025-09-24T20:44:29","modified_gmt":"2025-09-24T20:44:29","slug":"aceite-organico-de-oregano-c-125-ml-natural-life","status":"publish","type":"product","link":"https:\/\/modest-napier.216-250-124-103.plesk.page\/index.php\/producto\/aceite-organico-de-oregano-c-125-ml-natural-life\/","title":{"rendered":"Aceite Org\u00e1nico de Or\u00e9gano 125 ml Natural Life"},"content":{"rendered":"<p data-mce-fragment=\"1\"><strong data-mce-fragment=\"1\">Descripci\u00f3n:<\/strong><\/p>\n<p data-mce-fragment=\"1\"><span>El <strong>aceite org\u00e1nico de or\u00e9gano<\/strong> ayuda a mejorar afecciones de\u00a0<\/span>la piel<span>\u00a0como el acn\u00e9, el pie de atleta, las verrugas, las heridas o la psoriasis, as\u00ed como\u00a0las picaduras de insectos. El\u00a0or\u00e9gano\u00a0tiene\u00a0propiedades\u00a0muy nutritivas, y tambi\u00e9n es especialmente eficaz\u00a0para\u00a0tratar la celulitis.<\/span><\/p>\n<p data-mce-fragment=\"1\"><strong data-mce-fragment=\"1\">Modo de uso:<\/strong><\/p>\n<p data-mce-fragment=\"1\">Libre.<\/p>\n<p data-mce-fragment=\"1\"><strong data-mce-fragment=\"1\">Contenido:<\/strong><\/p>\n<p data-mce-fragment=\"1\">125 ML.<\/p>\n","protected":false},"excerpt":{"rendered":"<p>Descripci\u00f3n: El aceite org\u00e1nico de or\u00e9gano ayuda a mejorar afecciones de\u00a0la piel\u00a0como el acn\u00e9, el pie de atleta, las verrugas, las heridas o la psoriasis, as\u00ed como\u00a0las picaduras de insectos. [&hellip;]<\/p>\n","protected":false},"featured_media":989,"comment_status":"open","ping_status":"closed","template":"","meta":[],"product_brand":[345],"product_cat":[281,289,337,318],"product_tag":[52],"class_list":{"0":"post-5045","1":"product","2":"type-product","3":"status-publish","4":"has-post-thumbnail","6":"product_brand-natural-life","7":"product_cat-aceites-para-la-piel","8":"product_cat-belleza","9":"product_cat-productos","10":"product_cat-salud","11":"product_tag-oregano","13":"first","14":"instock","15":"shipping-taxable","16":"purchasable","17":"product-type-simple"},"_links":{"self":[{"href":"https:\/\/modest-napier.216-250-124-103.plesk.page\/index.php\/wp-json\/wp\/v2\/product\/5045","targetHints":{"allow":["GET"]}}],"collection":[{"href":"https:\/\/modest-napier.216-250-124-103.plesk.page\/index.php\/wp-json\/wp\/v2\/product"}],"about":[{"href":"https:\/\/modest-napier.216-250-124-103.plesk.page\/index.php\/wp-json\/wp\/v2\/types\/product"}],"replies":[{"embeddable":true,"href":"https:\/\/modest-napier.216-250-124-103.plesk.page\/index.php\/wp-json\/wp\/v2\/comments?post=5045"}],"wp:featuredmedia":[{"embeddable":true,"href":"https:\/\/modest-napier.216-250-124-103.plesk.page\/index.php\/wp-json\/wp\/v2\/media\/989"}],"wp:attachment":[{"href":"https:\/\/modest-napier.216-250-124-103.plesk.page\/index.php\/wp-json\/wp\/v2\/media?parent=5045"}],"wp:term":[{"taxonomy":"product_brand","embeddable":true,"href":"https:\/\/modest-napier.216-250-124-103.plesk.page\/index.php\/wp-json\/wp\/v2\/product_brand?post=5045"},{"taxonomy":"product_cat","embeddable":true,"href":"https:\/\/modest-napier.216-250-124-103.plesk.page\/index.php\/wp-json\/wp\/v2\/product_cat?post=5045"},{"taxonomy":"product_tag","embeddable":true,"href":"https:\/\/modest-napier.216-250-124-103.plesk.page\/index.php\/wp-json\/wp\/v2\/product_tag?post=5045"}],"curies":[{"name":"wp","href":"https:\/\/api.w.org\/{rel}","templated":true}]}}