{"id":5054,"date":"2025-09-24T19:26:52","date_gmt":"2025-09-24T19:26:52","guid":{"rendered":"https:\/\/modest-napier.216-250-124-103.plesk.page\/index.php\/producto\/aceite-sabila-c-120-ml-shanaturals\/"},"modified":"2025-09-24T20:44:24","modified_gmt":"2025-09-24T20:44:24","slug":"aceite-sabila-c-120-ml-shanaturals","status":"publish","type":"product","link":"https:\/\/modest-napier.216-250-124-103.plesk.page\/index.php\/producto\/aceite-sabila-c-120-ml-shanaturals\/","title":{"rendered":"Aceite de S\u00e1bila 120 ml Shanatural&#8217;s"},"content":{"rendered":"<div id=\"shopify-section-product-template\" class=\"shopify-section\" data-mce-fragment=\"1\">\n<div id=\"ProductSection\" data-section-id=\"product-template\" data-section-type=\"product-template\" data-image-zoom-type=\"lightbox\" data-show-extra-tab=\"false\" data-extra-tab-content=\"\" data-enable-history-state=\"true\" data-mce-fragment=\"1\" itemscope=\"\" itemtype=\"http:\/\/schema.org\/Product\">\n<div class=\"product-single\" data-mce-fragment=\"1\">\n<div class=\"grid product-single__hero\" data-mce-fragment=\"1\">\n<div class=\"grid__item post-large--one-half\" data-mce-fragment=\"1\">\n<div data-mce-fragment=\"1\" itemprop=\"offers\" itemscope=\"\" itemtype=\"http:\/\/schema.org\/Offer\">\n<div class=\"product-description rte\" data-mce-fragment=\"1\" itemprop=\"description\">\n<p data-mce-fragment=\"1\"><strong data-mce-fragment=\"1\">Descripci\u00f3n:<\/strong><\/p>\n<p data-mce-fragment=\"1\">Los beneficios del aloe vera son numerosos y por eso el <strong>aceite de s\u00e1bila<\/strong> puede ser una buena ayuda contra:<\/p>\n<ul data-mce-fragment=\"1\">\n<li data-mce-fragment=\"1\">Acn\u00e9<\/li>\n<li data-mce-fragment=\"1\">Manchas en la piel<\/li>\n<li data-mce-fragment=\"1\">Dermatitis<\/li>\n<li data-mce-fragment=\"1\">Eczema y psoriaris<\/li>\n<li data-mce-fragment=\"1\">Picaduras de insectos<\/li>\n<li data-mce-fragment=\"1\">Estr\u00edas<\/li>\n<li data-mce-fragment=\"1\">Piernas cansadas<\/li>\n<li data-mce-fragment=\"1\">Cuidado del pelo y el cuero cabelludo<\/li>\n<\/ul>\n<p data-mce-fragment=\"1\"><strong data-mce-fragment=\"1\">Modo de uso:<\/strong><\/p>\n<p data-mce-fragment=\"1\">Libre.<\/p>\n<p data-mce-fragment=\"1\"><strong data-mce-fragment=\"1\">Contenido:<\/strong><\/p>\n<p data-mce-fragment=\"1\">120 ml.<\/p>\n<\/div>\n<\/div>\n<\/div>\n<\/div>\n<\/div>\n<\/div>\n<\/div>\n","protected":false},"excerpt":{"rendered":"<p>Descripci\u00f3n: Los beneficios del aloe vera son numerosos y por eso el aceite de s\u00e1bila puede ser una buena ayuda contra: Acn\u00e9 Manchas en la piel Dermatitis Eczema y psoriaris [&hellip;]<\/p>\n","protected":false},"featured_media":1087,"comment_status":"open","ping_status":"closed","template":"","meta":[],"product_brand":[362],"product_cat":[281,289,337,318],"product_tag":[60],"class_list":{"0":"post-5054","1":"product","2":"type-product","3":"status-publish","4":"has-post-thumbnail","6":"product_brand-shanaturals","7":"product_cat-aceites-para-la-piel","8":"product_cat-belleza","9":"product_cat-productos","10":"product_cat-salud","11":"product_tag-sabila","13":"first","14":"instock","15":"shipping-taxable","16":"purchasable","17":"product-type-simple"},"_links":{"self":[{"href":"https:\/\/modest-napier.216-250-124-103.plesk.page\/index.php\/wp-json\/wp\/v2\/product\/5054","targetHints":{"allow":["GET"]}}],"collection":[{"href":"https:\/\/modest-napier.216-250-124-103.plesk.page\/index.php\/wp-json\/wp\/v2\/product"}],"about":[{"href":"https:\/\/modest-napier.216-250-124-103.plesk.page\/index.php\/wp-json\/wp\/v2\/types\/product"}],"replies":[{"embeddable":true,"href":"https:\/\/modest-napier.216-250-124-103.plesk.page\/index.php\/wp-json\/wp\/v2\/comments?post=5054"}],"wp:featuredmedia":[{"embeddable":true,"href":"https:\/\/modest-napier.216-250-124-103.plesk.page\/index.php\/wp-json\/wp\/v2\/media\/1087"}],"wp:attachment":[{"href":"https:\/\/modest-napier.216-250-124-103.plesk.page\/index.php\/wp-json\/wp\/v2\/media?parent=5054"}],"wp:term":[{"taxonomy":"product_brand","embeddable":true,"href":"https:\/\/modest-napier.216-250-124-103.plesk.page\/index.php\/wp-json\/wp\/v2\/product_brand?post=5054"},{"taxonomy":"product_cat","embeddable":true,"href":"https:\/\/modest-napier.216-250-124-103.plesk.page\/index.php\/wp-json\/wp\/v2\/product_cat?post=5054"},{"taxonomy":"product_tag","embeddable":true,"href":"https:\/\/modest-napier.216-250-124-103.plesk.page\/index.php\/wp-json\/wp\/v2\/product_tag?post=5054"}],"curies":[{"name":"wp","href":"https:\/\/api.w.org\/{rel}","templated":true}]}}