{"id":5062,"date":"2025-09-24T19:27:03","date_gmt":"2025-09-24T19:27:03","guid":{"rendered":"https:\/\/modest-napier.216-250-124-103.plesk.page\/index.php\/producto\/acondicionador-de-biotina-425ml-nolisan\/"},"modified":"2025-09-24T20:46:50","modified_gmt":"2025-09-24T20:46:50","slug":"acondicionador-de-biotina-425ml-nolisan","status":"publish","type":"product","link":"https:\/\/modest-napier.216-250-124-103.plesk.page\/index.php\/producto\/acondicionador-de-biotina-425ml-nolisan\/","title":{"rendered":"Acondicionador de Biotina 425 ml Nolisan"},"content":{"rendered":"<p>El<strong> acondicionador de biotina<\/strong> te ofrece los siguientes beneficios:<\/p>\n<ul>\n<li class=\"firstItem\">La biotina favorece el crecimiento de los tejidos de r\u00e1pida reproducci\u00f3n, aportando m\u00e1s<span>\u00a0<\/span>elasticidad<span>\u00a0<\/span>y<span>\u00a0<\/span>menos rotura<span>\u00a0<\/span>del cabello.<\/li>\n<li>Mejora la<span>\u00a0<\/span>salud<span>\u00a0<\/span>de las ra\u00edces y los fol\u00edculos aumentando los niveles de oxigenaci\u00f3n en los diferentes tejidos, incluyendo el bulbo capilar.<\/li>\n<li>Frena la ca\u00edda\u00a0del cabello y aporta<span>\u00a0<\/span>vitalidad\u00a0y\u00a0volumen\u00a0al mismo.<\/li>\n<li>Estimula la circulaci\u00f3n sangu\u00ednea, favoreciendo que una mayor cantidad de nutrientes llegue a la ra\u00edz del pelo y de esta forma, la melena luzca m\u00e1s saludable.<\/li>\n<li>Gracias a este aporte de nutrientes, el cabello recupera<span>\u00a0<\/span>fuerza,\u00a0grosor\u00a0y presentar\u00e1 un aspecto menos quebradizo.<\/li>\n<li>La biotina presente en cosm\u00e9ticos capilares limpia el cuero cabelludo, mantiene el<span>\u00a0<\/span>PH equilibrado\u00a0y deja un pelo sano y brillante.<\/li>\n<li class=\"lastItem\">Adem\u00e1s, evita la secreci\u00f3n seb\u00e1cea y disminuye y<span>\u00a0<\/span>controla la caspa.<strong data-mce-fragment=\"1\"><\/strong>\n<\/li>\n<\/ul>\n","protected":false},"excerpt":{"rendered":"<p>El acondicionador de biotina te ofrece los siguientes beneficios: La biotina favorece el crecimiento de los tejidos de r\u00e1pida reproducci\u00f3n, aportando m\u00e1s\u00a0elasticidad\u00a0y\u00a0menos rotura\u00a0del cabello. Mejora la\u00a0salud\u00a0de las ra\u00edces y los [&hellip;]<\/p>\n","protected":false},"featured_media":1154,"comment_status":"open","ping_status":"closed","template":"","meta":[],"product_brand":[368],"product_cat":[289,337,325],"product_tag":[73],"class_list":{"0":"post-5062","1":"product","2":"type-product","3":"status-publish","4":"has-post-thumbnail","6":"product_brand-nolisan","7":"product_cat-belleza","8":"product_cat-productos","9":"product_cat-shampoos-y-acondicionadores","10":"product_tag-biotina","12":"first","13":"instock","14":"shipping-taxable","15":"purchasable","16":"product-type-simple"},"_links":{"self":[{"href":"https:\/\/modest-napier.216-250-124-103.plesk.page\/index.php\/wp-json\/wp\/v2\/product\/5062","targetHints":{"allow":["GET"]}}],"collection":[{"href":"https:\/\/modest-napier.216-250-124-103.plesk.page\/index.php\/wp-json\/wp\/v2\/product"}],"about":[{"href":"https:\/\/modest-napier.216-250-124-103.plesk.page\/index.php\/wp-json\/wp\/v2\/types\/product"}],"replies":[{"embeddable":true,"href":"https:\/\/modest-napier.216-250-124-103.plesk.page\/index.php\/wp-json\/wp\/v2\/comments?post=5062"}],"wp:featuredmedia":[{"embeddable":true,"href":"https:\/\/modest-napier.216-250-124-103.plesk.page\/index.php\/wp-json\/wp\/v2\/media\/1154"}],"wp:attachment":[{"href":"https:\/\/modest-napier.216-250-124-103.plesk.page\/index.php\/wp-json\/wp\/v2\/media?parent=5062"}],"wp:term":[{"taxonomy":"product_brand","embeddable":true,"href":"https:\/\/modest-napier.216-250-124-103.plesk.page\/index.php\/wp-json\/wp\/v2\/product_brand?post=5062"},{"taxonomy":"product_cat","embeddable":true,"href":"https:\/\/modest-napier.216-250-124-103.plesk.page\/index.php\/wp-json\/wp\/v2\/product_cat?post=5062"},{"taxonomy":"product_tag","embeddable":true,"href":"https:\/\/modest-napier.216-250-124-103.plesk.page\/index.php\/wp-json\/wp\/v2\/product_tag?post=5062"}],"curies":[{"name":"wp","href":"https:\/\/api.w.org\/{rel}","templated":true}]}}