{"id":5087,"date":"2025-09-24T19:27:36","date_gmt":"2025-09-24T19:27:36","guid":{"rendered":"https:\/\/modest-napier.216-250-124-103.plesk.page\/index.php\/producto\/bebida-aloe-vera-c-cuachalalate-c-pulpa-de-sabila-c-1-lt\/"},"modified":"2025-09-24T20:44:44","modified_gmt":"2025-09-24T20:44:44","slug":"bebida-aloe-vera-c-cuachalalate-c-pulpa-de-sabila-c-1-l","status":"publish","type":"product","link":"https:\/\/modest-napier.216-250-124-103.plesk.page\/index.php\/producto\/bebida-aloe-vera-c-cuachalalate-c-pulpa-de-sabila-c-1-l\/","title":{"rendered":"Aloe Vera con Cuachalalate Pulpa de S\u00e1bila 1 litro"},"content":{"rendered":"<p data-mce-fragment=\"1\">\u00a1Mejora tu digesti\u00f3n con la<strong> bebida de aloe vera con cuachalalate, con pulpa de s\u00e1bila<\/strong>! Estimula la flora intestinal, ayuda al estre\u00f1imiento y tambi\u00e9n a sanar \u00falceras.<strong data-mce-fragment=\"1\"><\/strong><\/p>\n","protected":false},"excerpt":{"rendered":"<p>\u00a1Mejora tu digesti\u00f3n con la bebida de aloe vera con cuachalalate, con pulpa de s\u00e1bila! Estimula la flora intestinal, ayuda al estre\u00f1imiento y tambi\u00e9n a sanar \u00falceras.<\/p>\n","protected":false},"featured_media":1486,"comment_status":"open","ping_status":"closed","template":"","meta":[],"product_brand":[368],"product_cat":[288,308,337,318],"product_tag":[96,60],"class_list":{"0":"post-5087","1":"product","2":"type-product","3":"status-publish","4":"has-post-thumbnail","6":"product_brand-nolisan","7":"product_cat-bebidas-digestivas","8":"product_cat-nutricion","9":"product_cat-productos","10":"product_cat-salud","11":"product_tag-cuachalalate","12":"product_tag-sabila","14":"first","15":"instock","16":"shipping-taxable","17":"purchasable","18":"product-type-simple"},"_links":{"self":[{"href":"https:\/\/modest-napier.216-250-124-103.plesk.page\/index.php\/wp-json\/wp\/v2\/product\/5087","targetHints":{"allow":["GET"]}}],"collection":[{"href":"https:\/\/modest-napier.216-250-124-103.plesk.page\/index.php\/wp-json\/wp\/v2\/product"}],"about":[{"href":"https:\/\/modest-napier.216-250-124-103.plesk.page\/index.php\/wp-json\/wp\/v2\/types\/product"}],"replies":[{"embeddable":true,"href":"https:\/\/modest-napier.216-250-124-103.plesk.page\/index.php\/wp-json\/wp\/v2\/comments?post=5087"}],"wp:featuredmedia":[{"embeddable":true,"href":"https:\/\/modest-napier.216-250-124-103.plesk.page\/index.php\/wp-json\/wp\/v2\/media\/1486"}],"wp:attachment":[{"href":"https:\/\/modest-napier.216-250-124-103.plesk.page\/index.php\/wp-json\/wp\/v2\/media?parent=5087"}],"wp:term":[{"taxonomy":"product_brand","embeddable":true,"href":"https:\/\/modest-napier.216-250-124-103.plesk.page\/index.php\/wp-json\/wp\/v2\/product_brand?post=5087"},{"taxonomy":"product_cat","embeddable":true,"href":"https:\/\/modest-napier.216-250-124-103.plesk.page\/index.php\/wp-json\/wp\/v2\/product_cat?post=5087"},{"taxonomy":"product_tag","embeddable":true,"href":"https:\/\/modest-napier.216-250-124-103.plesk.page\/index.php\/wp-json\/wp\/v2\/product_tag?post=5087"}],"curies":[{"name":"wp","href":"https:\/\/api.w.org\/{rel}","templated":true}]}}