{"id":5091,"date":"2025-09-24T19:27:41","date_gmt":"2025-09-24T19:27:41","guid":{"rendered":"https:\/\/modest-napier.216-250-124-103.plesk.page\/index.php\/producto\/bebida-pulpa-de-sabila-y-stevia-1lt-naturals-madrid\/"},"modified":"2025-09-24T20:46:49","modified_gmt":"2025-09-24T20:46:49","slug":"bebida-pulpa-de-sabila-y-stevia-1lt-naturals-madrid","status":"publish","type":"product","link":"https:\/\/modest-napier.216-250-124-103.plesk.page\/index.php\/producto\/bebida-pulpa-de-sabila-y-stevia-1lt-naturals-madrid\/","title":{"rendered":"Pulpa de S\u00e1bila con Stevia 1 litro Natural&#8217;s Madrid"},"content":{"rendered":"<p data-mce-fragment=\"1\"><strong data-mce-fragment=\"1\">Descripci\u00f3n:<\/strong><\/p>\n<p data-mce-fragment=\"1\"><span>La pulpa de s\u00e1bila con stevia sirve para mejorar la digesti\u00f3n. El<\/span><span>\u00a0<\/span><span>jugo de aloe vera<\/span><span>\u00a0<\/span><span>apoya la salud del sistema digestivo, aporta hidrataci\u00f3n. Dado su alto contenido de agua, el\u00a0jugo de aloe<\/span><span>\u00a0puede\u00a0<\/span><span>ayudar a complementar la hidrataci\u00f3n diaria, combate el estre\u00f1imiento, ayuda a tener una piel sana y mejora la salud del coraz\u00f3n.<\/span><\/p>\n<p data-mce-fragment=\"1\"><strong data-mce-fragment=\"1\">Modo de uso:<\/strong><\/p>\n<p data-mce-fragment=\"1\"><span>Tomar\u00a0100 ml en la ma\u00f1ana.<\/span><\/p>\n<p data-mce-fragment=\"1\"><strong data-mce-fragment=\"1\">Contenido:<\/strong><\/p>\n<p data-mce-fragment=\"1\">1 litro.<\/p>\n<p data-mce-fragment=\"1\">\u00a0<\/p>\n","protected":false},"excerpt":{"rendered":"<p>Descripci\u00f3n: La pulpa de s\u00e1bila con stevia sirve para mejorar la digesti\u00f3n. El\u00a0jugo de aloe vera\u00a0apoya la salud del sistema digestivo, aporta hidrataci\u00f3n. Dado su alto contenido de agua, el\u00a0jugo [&hellip;]<\/p>\n","protected":false},"featured_media":1523,"comment_status":"open","ping_status":"closed","template":"","meta":[],"product_brand":[412],"product_cat":[288,308,337,318],"product_tag":[60,99],"class_list":{"0":"post-5091","1":"product","2":"type-product","3":"status-publish","4":"has-post-thumbnail","6":"product_brand-naturals-madrid","7":"product_cat-bebidas-digestivas","8":"product_cat-nutricion","9":"product_cat-productos","10":"product_cat-salud","11":"product_tag-sabila","12":"product_tag-stevia","14":"first","15":"instock","16":"shipping-taxable","17":"purchasable","18":"product-type-simple"},"_links":{"self":[{"href":"https:\/\/modest-napier.216-250-124-103.plesk.page\/index.php\/wp-json\/wp\/v2\/product\/5091","targetHints":{"allow":["GET"]}}],"collection":[{"href":"https:\/\/modest-napier.216-250-124-103.plesk.page\/index.php\/wp-json\/wp\/v2\/product"}],"about":[{"href":"https:\/\/modest-napier.216-250-124-103.plesk.page\/index.php\/wp-json\/wp\/v2\/types\/product"}],"replies":[{"embeddable":true,"href":"https:\/\/modest-napier.216-250-124-103.plesk.page\/index.php\/wp-json\/wp\/v2\/comments?post=5091"}],"wp:featuredmedia":[{"embeddable":true,"href":"https:\/\/modest-napier.216-250-124-103.plesk.page\/index.php\/wp-json\/wp\/v2\/media\/1523"}],"wp:attachment":[{"href":"https:\/\/modest-napier.216-250-124-103.plesk.page\/index.php\/wp-json\/wp\/v2\/media?parent=5091"}],"wp:term":[{"taxonomy":"product_brand","embeddable":true,"href":"https:\/\/modest-napier.216-250-124-103.plesk.page\/index.php\/wp-json\/wp\/v2\/product_brand?post=5091"},{"taxonomy":"product_cat","embeddable":true,"href":"https:\/\/modest-napier.216-250-124-103.plesk.page\/index.php\/wp-json\/wp\/v2\/product_cat?post=5091"},{"taxonomy":"product_tag","embeddable":true,"href":"https:\/\/modest-napier.216-250-124-103.plesk.page\/index.php\/wp-json\/wp\/v2\/product_tag?post=5091"}],"curies":[{"name":"wp","href":"https:\/\/api.w.org\/{rel}","templated":true}]}}