{"id":5122,"date":"2025-09-24T19:28:21","date_gmt":"2025-09-24T19:28:21","guid":{"rendered":"https:\/\/modest-napier.216-250-124-103.plesk.page\/index.php\/producto\/cap-ajo-negro-con-moringa-c-60-natuzem\/"},"modified":"2025-09-24T20:43:53","modified_gmt":"2025-09-24T20:43:53","slug":"cap-ajo-negro-con-moringa-c-60-natuzem","status":"publish","type":"product","link":"https:\/\/modest-napier.216-250-124-103.plesk.page\/index.php\/producto\/cap-ajo-negro-con-moringa-c-60-natuzem\/","title":{"rendered":"Ajo Negro con Moringa 60 c\u00e1psulas"},"content":{"rendered":"<p><strong>Descripci\u00f3n: <\/strong><\/p>\n<p>El suplemento de <strong>ajo negro con moringa en c\u00e1psulas<\/strong> ayuda a bajar niveles de colesterol y triglic\u00e9ridos, regula la presi\u00f3n arterial, los niveles de glucosa, mala circulaci\u00f3n, anemia, molestias estomacales y fortalece el sistema inmunol\u00f3gico.<\/p>\n<p><strong>Modo de uso: <\/strong><\/p>\n<p>Tomar 1 capsula por la ma\u00f1ana y otra por la noche despu\u00e9s de los alimentos.<\/p>\n<p><strong>Contenido: <\/strong><\/p>\n<p>60 Capsulas.<\/p>\n","protected":false},"excerpt":{"rendered":"<p>Descripci\u00f3n: El suplemento de ajo negro con moringa en c\u00e1psulas ayuda a bajar niveles de colesterol y triglic\u00e9ridos, regula la presi\u00f3n arterial, los niveles de glucosa, mala circulaci\u00f3n, anemia, molestias [&hellip;]<\/p>\n","protected":false},"featured_media":1599,"comment_status":"open","ping_status":"closed","template":"","meta":[],"product_brand":[352],"product_cat":[308,337,318],"product_tag":[75,49],"class_list":{"0":"post-5122","1":"product","2":"type-product","3":"status-publish","4":"has-post-thumbnail","6":"product_brand-natuzem","7":"product_cat-nutricion","8":"product_cat-productos","9":"product_cat-salud","10":"product_tag-ajo-negro","11":"product_tag-moringa","13":"first","14":"instock","15":"shipping-taxable","16":"purchasable","17":"product-type-simple"},"_links":{"self":[{"href":"https:\/\/modest-napier.216-250-124-103.plesk.page\/index.php\/wp-json\/wp\/v2\/product\/5122","targetHints":{"allow":["GET"]}}],"collection":[{"href":"https:\/\/modest-napier.216-250-124-103.plesk.page\/index.php\/wp-json\/wp\/v2\/product"}],"about":[{"href":"https:\/\/modest-napier.216-250-124-103.plesk.page\/index.php\/wp-json\/wp\/v2\/types\/product"}],"replies":[{"embeddable":true,"href":"https:\/\/modest-napier.216-250-124-103.plesk.page\/index.php\/wp-json\/wp\/v2\/comments?post=5122"}],"wp:featuredmedia":[{"embeddable":true,"href":"https:\/\/modest-napier.216-250-124-103.plesk.page\/index.php\/wp-json\/wp\/v2\/media\/1599"}],"wp:attachment":[{"href":"https:\/\/modest-napier.216-250-124-103.plesk.page\/index.php\/wp-json\/wp\/v2\/media?parent=5122"}],"wp:term":[{"taxonomy":"product_brand","embeddable":true,"href":"https:\/\/modest-napier.216-250-124-103.plesk.page\/index.php\/wp-json\/wp\/v2\/product_brand?post=5122"},{"taxonomy":"product_cat","embeddable":true,"href":"https:\/\/modest-napier.216-250-124-103.plesk.page\/index.php\/wp-json\/wp\/v2\/product_cat?post=5122"},{"taxonomy":"product_tag","embeddable":true,"href":"https:\/\/modest-napier.216-250-124-103.plesk.page\/index.php\/wp-json\/wp\/v2\/product_tag?post=5122"}],"curies":[{"name":"wp","href":"https:\/\/api.w.org\/{rel}","templated":true}]}}