{"id":5139,"date":"2025-09-24T19:28:43","date_gmt":"2025-09-24T19:28:43","guid":{"rendered":"https:\/\/modest-napier.216-250-124-103.plesk.page\/index.php\/producto\/cap-artribion-vitaminado-c-30-biokemical\/"},"modified":"2025-09-24T20:43:57","modified_gmt":"2025-09-24T20:43:57","slug":"artribion-vitaminado","status":"publish","type":"product","link":"https:\/\/modest-napier.216-250-124-103.plesk.page\/index.php\/producto\/artribion-vitaminado\/","title":{"rendered":"Artribion Vitaminado 30 c\u00e1psulas Biokemical"},"content":{"rendered":"<p>El suplemento\u00a0<strong>Artribion Vitaminado<\/strong> en c\u00e1psulas es auxiliar en tratamiento de reumatismo, artritis, dolor, inflamaci\u00f3n de articulaciones, neurol\u00f3gicas, dolor de espalda, torceduras, dolor muscular y contracturas.<\/p>\n","protected":false},"excerpt":{"rendered":"<p>El suplemento\u00a0Artribion Vitaminado en c\u00e1psulas es auxiliar en tratamiento de reumatismo, artritis, dolor, inflamaci\u00f3n de articulaciones, neurol\u00f3gicas, dolor de espalda, torceduras, dolor muscular y contracturas.<\/p>\n","protected":false},"featured_media":1616,"comment_status":"open","ping_status":"closed","template":"","meta":[],"product_brand":[482],"product_cat":[297,312,337,318],"product_tag":[],"class_list":{"0":"post-5139","1":"product","2":"type-product","3":"status-publish","4":"has-post-thumbnail","6":"product_brand-biokemical","7":"product_cat-dolor-en-articulaciones","8":"product_cat-populares","9":"product_cat-productos","10":"product_cat-salud","12":"first","13":"instock","14":"shipping-taxable","15":"purchasable","16":"product-type-simple"},"_links":{"self":[{"href":"https:\/\/modest-napier.216-250-124-103.plesk.page\/index.php\/wp-json\/wp\/v2\/product\/5139","targetHints":{"allow":["GET"]}}],"collection":[{"href":"https:\/\/modest-napier.216-250-124-103.plesk.page\/index.php\/wp-json\/wp\/v2\/product"}],"about":[{"href":"https:\/\/modest-napier.216-250-124-103.plesk.page\/index.php\/wp-json\/wp\/v2\/types\/product"}],"replies":[{"embeddable":true,"href":"https:\/\/modest-napier.216-250-124-103.plesk.page\/index.php\/wp-json\/wp\/v2\/comments?post=5139"}],"wp:featuredmedia":[{"embeddable":true,"href":"https:\/\/modest-napier.216-250-124-103.plesk.page\/index.php\/wp-json\/wp\/v2\/media\/1616"}],"wp:attachment":[{"href":"https:\/\/modest-napier.216-250-124-103.plesk.page\/index.php\/wp-json\/wp\/v2\/media?parent=5139"}],"wp:term":[{"taxonomy":"product_brand","embeddable":true,"href":"https:\/\/modest-napier.216-250-124-103.plesk.page\/index.php\/wp-json\/wp\/v2\/product_brand?post=5139"},{"taxonomy":"product_cat","embeddable":true,"href":"https:\/\/modest-napier.216-250-124-103.plesk.page\/index.php\/wp-json\/wp\/v2\/product_cat?post=5139"},{"taxonomy":"product_tag","embeddable":true,"href":"https:\/\/modest-napier.216-250-124-103.plesk.page\/index.php\/wp-json\/wp\/v2\/product_tag?post=5139"}],"curies":[{"name":"wp","href":"https:\/\/api.w.org\/{rel}","templated":true}]}}