{"id":5140,"date":"2025-09-24T19:28:44","date_gmt":"2025-09-24T19:28:44","guid":{"rendered":"https:\/\/modest-napier.216-250-124-103.plesk.page\/index.php\/producto\/cap-ashwagandha-c-90-joy-natura\/"},"modified":"2025-09-24T20:44:03","modified_gmt":"2025-09-24T20:44:03","slug":"cap-ashwagandha-c-90-joy-natura","status":"publish","type":"product","link":"https:\/\/modest-napier.216-250-124-103.plesk.page\/index.php\/producto\/cap-ashwagandha-c-90-joy-natura\/","title":{"rendered":"Ashwagandha 90 c\u00e1psulas Joy Natura"},"content":{"rendered":"<p>El suplemento de <strong>ashwagandha\u00a0en c\u00e1psulas<\/strong> ayuda a reducir el estr\u00e9s y la ansiedad de la vida cotidiana, a controlar el aumento de peso causado por lo mismo. Es auxiliar contra el insomnio, ayuda a tener una mejor calidad de sue\u00f1o. Tambi\u00e9n ayuda a mantener un sistema inmunol\u00f3gico sano y disminuir la presi\u00f3n arterial.\u00a0<\/p>\n","protected":false},"excerpt":{"rendered":"<p>El suplemento de ashwagandha\u00a0en c\u00e1psulas ayuda a reducir el estr\u00e9s y la ansiedad de la vida cotidiana, a controlar el aumento de peso causado por lo mismo. Es auxiliar contra [&hellip;]<\/p>\n","protected":false},"featured_media":1617,"comment_status":"open","ping_status":"closed","template":"","meta":[],"product_brand":[458],"product_cat":[303,308,337,318],"product_tag":[115],"class_list":{"0":"post-5140","1":"product","2":"type-product","3":"status-publish","4":"has-post-thumbnail","6":"product_brand-joy-natura","7":"product_cat-insomnio-y-ansiedad","8":"product_cat-nutricion","9":"product_cat-productos","10":"product_cat-salud","11":"product_tag-ashwagandha","13":"first","14":"instock","15":"shipping-taxable","16":"purchasable","17":"product-type-simple"},"_links":{"self":[{"href":"https:\/\/modest-napier.216-250-124-103.plesk.page\/index.php\/wp-json\/wp\/v2\/product\/5140","targetHints":{"allow":["GET"]}}],"collection":[{"href":"https:\/\/modest-napier.216-250-124-103.plesk.page\/index.php\/wp-json\/wp\/v2\/product"}],"about":[{"href":"https:\/\/modest-napier.216-250-124-103.plesk.page\/index.php\/wp-json\/wp\/v2\/types\/product"}],"replies":[{"embeddable":true,"href":"https:\/\/modest-napier.216-250-124-103.plesk.page\/index.php\/wp-json\/wp\/v2\/comments?post=5140"}],"wp:featuredmedia":[{"embeddable":true,"href":"https:\/\/modest-napier.216-250-124-103.plesk.page\/index.php\/wp-json\/wp\/v2\/media\/1617"}],"wp:attachment":[{"href":"https:\/\/modest-napier.216-250-124-103.plesk.page\/index.php\/wp-json\/wp\/v2\/media?parent=5140"}],"wp:term":[{"taxonomy":"product_brand","embeddable":true,"href":"https:\/\/modest-napier.216-250-124-103.plesk.page\/index.php\/wp-json\/wp\/v2\/product_brand?post=5140"},{"taxonomy":"product_cat","embeddable":true,"href":"https:\/\/modest-napier.216-250-124-103.plesk.page\/index.php\/wp-json\/wp\/v2\/product_cat?post=5140"},{"taxonomy":"product_tag","embeddable":true,"href":"https:\/\/modest-napier.216-250-124-103.plesk.page\/index.php\/wp-json\/wp\/v2\/product_tag?post=5140"}],"curies":[{"name":"wp","href":"https:\/\/api.w.org\/{rel}","templated":true}]}}