{"id":5143,"date":"2025-09-24T19:28:48","date_gmt":"2025-09-24T19:28:48","guid":{"rendered":"https:\/\/modest-napier.216-250-124-103.plesk.page\/index.php\/producto\/cap-ashwagandha-withania-somnifera-c-60-organiks\/"},"modified":"2025-09-24T20:43:26","modified_gmt":"2025-09-24T20:43:26","slug":"ashwagandha-organiks","status":"publish","type":"product","link":"https:\/\/modest-napier.216-250-124-103.plesk.page\/index.php\/producto\/ashwagandha-organiks\/","title":{"rendered":"Ashwagandha Withania Somnifera 60 c\u00e1psulas Organik&#8217;s"},"content":{"rendered":"<style type=\"text\/css\"><!--td {border: 1px solid #cccccc;}br {mso-data-placement:same-cell;}--><\/style>\n<p><span data-sheets-root=\"1\">El suplemento de ashwagandha en c\u00e1psulas ayuda a reducir el estr\u00e9s y la ansiedad de la vida cotidiana, y a controlar el aumento de peso causado por lo mismo. Es auxiliar contra el insomnio, ayuda a tener una mejor calidad de sue\u00f1o. Tambi\u00e9n ayuda a mantener un sistema inmunol\u00f3gico sano y disminuir la presi\u00f3n arterial.<br \/><\/span><\/p>\n","protected":false},"excerpt":{"rendered":"<p>El suplemento de ashwagandha en c\u00e1psulas ayuda a reducir el estr\u00e9s y la ansiedad de la vida cotidiana, y a controlar el aumento de peso causado por lo mismo. Es [&hellip;]<\/p>\n","protected":false},"featured_media":1620,"comment_status":"open","ping_status":"closed","template":"","meta":[],"product_brand":[436],"product_cat":[307,337,318],"product_tag":[],"class_list":{"0":"post-5143","1":"product","2":"type-product","3":"status-publish","4":"has-post-thumbnail","6":"product_brand-organiks","7":"product_cat-nuevos","8":"product_cat-productos","9":"product_cat-salud","11":"first","12":"instock","13":"shipping-taxable","14":"purchasable","15":"product-type-simple"},"_links":{"self":[{"href":"https:\/\/modest-napier.216-250-124-103.plesk.page\/index.php\/wp-json\/wp\/v2\/product\/5143","targetHints":{"allow":["GET"]}}],"collection":[{"href":"https:\/\/modest-napier.216-250-124-103.plesk.page\/index.php\/wp-json\/wp\/v2\/product"}],"about":[{"href":"https:\/\/modest-napier.216-250-124-103.plesk.page\/index.php\/wp-json\/wp\/v2\/types\/product"}],"replies":[{"embeddable":true,"href":"https:\/\/modest-napier.216-250-124-103.plesk.page\/index.php\/wp-json\/wp\/v2\/comments?post=5143"}],"wp:featuredmedia":[{"embeddable":true,"href":"https:\/\/modest-napier.216-250-124-103.plesk.page\/index.php\/wp-json\/wp\/v2\/media\/1620"}],"wp:attachment":[{"href":"https:\/\/modest-napier.216-250-124-103.plesk.page\/index.php\/wp-json\/wp\/v2\/media?parent=5143"}],"wp:term":[{"taxonomy":"product_brand","embeddable":true,"href":"https:\/\/modest-napier.216-250-124-103.plesk.page\/index.php\/wp-json\/wp\/v2\/product_brand?post=5143"},{"taxonomy":"product_cat","embeddable":true,"href":"https:\/\/modest-napier.216-250-124-103.plesk.page\/index.php\/wp-json\/wp\/v2\/product_cat?post=5143"},{"taxonomy":"product_tag","embeddable":true,"href":"https:\/\/modest-napier.216-250-124-103.plesk.page\/index.php\/wp-json\/wp\/v2\/product_tag?post=5143"}],"curies":[{"name":"wp","href":"https:\/\/api.w.org\/{rel}","templated":true}]}}