{"id":5185,"date":"2025-09-24T19:29:44","date_gmt":"2025-09-24T19:29:44","guid":{"rendered":"https:\/\/modest-napier.216-250-124-103.plesk.page\/index.php\/producto\/cap-citrato-de-potasio-k-c-120-shanova\/"},"modified":"2025-09-24T20:43:39","modified_gmt":"2025-09-24T20:43:39","slug":"citrato-de-potasio-shanova","status":"publish","type":"product","link":"https:\/\/modest-napier.216-250-124-103.plesk.page\/index.php\/producto\/citrato-de-potasio-shanova\/","title":{"rendered":"Citrato de Potasio K 120 c\u00e1psulas Shanova"},"content":{"rendered":"<p><strong>Descripci\u00f3n:<\/strong><br data-mce-fragment=\"1\">El <strong>citrato de potasio<\/strong> regula la acidez. Se\u00a0utiliza para tratar\u00a0las piedras en el ri\u00f1\u00f3n, debido a que alcaliniza la orina. El <em>citrato de potasio<\/em> evita la cristalizaci\u00f3n y formaci\u00f3n de sales de calcio, y la formaci\u00f3n de los c\u00e1lculos renales.<\/p>\n<p><strong>Modo de uso:<\/strong><br data-mce-fragment=\"1\">Tomar 2 c\u00e1psulas en la ma\u00f1ana con los alimentos.<\/p>\n<p><strong>Contenido:<\/strong><br data-mce-fragment=\"1\"> 120 c\u00e1psulas.<\/p>\n","protected":false},"excerpt":{"rendered":"<p>Descripci\u00f3n:El citrato de potasio regula la acidez. Se\u00a0utiliza para tratar\u00a0las piedras en el ri\u00f1\u00f3n, debido a que alcaliniza la orina. El citrato de potasio evita la cristalizaci\u00f3n y formaci\u00f3n de [&hellip;]<\/p>\n","protected":false},"featured_media":1668,"comment_status":"open","ping_status":"closed","template":"","meta":[],"product_brand":[362],"product_cat":[337,318],"product_tag":[143],"class_list":{"0":"post-5185","1":"product","2":"type-product","3":"status-publish","4":"has-post-thumbnail","6":"product_brand-shanaturals","7":"product_cat-productos","8":"product_cat-salud","9":"product_tag-potasio","11":"first","12":"instock","13":"shipping-taxable","14":"purchasable","15":"product-type-simple"},"_links":{"self":[{"href":"https:\/\/modest-napier.216-250-124-103.plesk.page\/index.php\/wp-json\/wp\/v2\/product\/5185","targetHints":{"allow":["GET"]}}],"collection":[{"href":"https:\/\/modest-napier.216-250-124-103.plesk.page\/index.php\/wp-json\/wp\/v2\/product"}],"about":[{"href":"https:\/\/modest-napier.216-250-124-103.plesk.page\/index.php\/wp-json\/wp\/v2\/types\/product"}],"replies":[{"embeddable":true,"href":"https:\/\/modest-napier.216-250-124-103.plesk.page\/index.php\/wp-json\/wp\/v2\/comments?post=5185"}],"wp:featuredmedia":[{"embeddable":true,"href":"https:\/\/modest-napier.216-250-124-103.plesk.page\/index.php\/wp-json\/wp\/v2\/media\/1668"}],"wp:attachment":[{"href":"https:\/\/modest-napier.216-250-124-103.plesk.page\/index.php\/wp-json\/wp\/v2\/media?parent=5185"}],"wp:term":[{"taxonomy":"product_brand","embeddable":true,"href":"https:\/\/modest-napier.216-250-124-103.plesk.page\/index.php\/wp-json\/wp\/v2\/product_brand?post=5185"},{"taxonomy":"product_cat","embeddable":true,"href":"https:\/\/modest-napier.216-250-124-103.plesk.page\/index.php\/wp-json\/wp\/v2\/product_cat?post=5185"},{"taxonomy":"product_tag","embeddable":true,"href":"https:\/\/modest-napier.216-250-124-103.plesk.page\/index.php\/wp-json\/wp\/v2\/product_tag?post=5185"}],"curies":[{"name":"wp","href":"https:\/\/api.w.org\/{rel}","templated":true}]}}