{"id":5189,"date":"2025-09-24T19:29:50","date_gmt":"2025-09-24T19:29:50","guid":{"rendered":"https:\/\/modest-napier.216-250-124-103.plesk.page\/index.php\/producto\/cap-coenzima-q10-c-50-herbital\/"},"modified":"2025-09-24T20:46:44","modified_gmt":"2025-09-24T20:46:44","slug":"cap-coenzima-q10-c-50-herbital","status":"publish","type":"product","link":"https:\/\/modest-napier.216-250-124-103.plesk.page\/index.php\/producto\/cap-coenzima-q10-c-50-herbital\/","title":{"rendered":"Coenzima Q10 50 c\u00e1psulas Herbital"},"content":{"rendered":"<p><strong>Descripci\u00f3n:<\/strong><\/p>\n<p>La <strong>coenzima Q10<\/strong> es esencial para el correcto funcionamiento de las c\u00e9lulas y tiene un papel crucial en la producci\u00f3n de energ\u00eda.\u00a0El <em>suplemento de coenzima Q10<\/em> es auxiliar en los factores atenuados con el envejecimiento, control de enfermedades degenerativas del sistema nervioso y en la protecci\u00f3n\u00a0celular del aparato cardiovascular.<\/p>\n<p><strong>Modo de uso:<\/strong><\/p>\n<p>Tomar 1 capsula con cada alimento.<\/p>\n<p><strong>Contenido:<\/strong><\/p>\n<p>50 c\u00e1psulas.<\/p>\n","protected":false},"excerpt":{"rendered":"<p>Descripci\u00f3n: La coenzima Q10 es esencial para el correcto funcionamiento de las c\u00e9lulas y tiene un papel crucial en la producci\u00f3n de energ\u00eda.\u00a0El suplemento de coenzima Q10 es auxiliar en [&hellip;]<\/p>\n","protected":false},"featured_media":1672,"comment_status":"open","ping_status":"closed","template":"","meta":[],"product_brand":[406],"product_cat":[308,337,317,318],"product_tag":[76],"class_list":{"0":"post-5189","1":"product","2":"type-product","3":"status-publish","4":"has-post-thumbnail","6":"product_brand-herbital","7":"product_cat-nutricion","8":"product_cat-productos","9":"product_cat-rendimiento-fisico-y-mental","10":"product_cat-salud","11":"product_tag-coenzima-q10","13":"first","14":"instock","15":"shipping-taxable","16":"purchasable","17":"product-type-simple"},"_links":{"self":[{"href":"https:\/\/modest-napier.216-250-124-103.plesk.page\/index.php\/wp-json\/wp\/v2\/product\/5189","targetHints":{"allow":["GET"]}}],"collection":[{"href":"https:\/\/modest-napier.216-250-124-103.plesk.page\/index.php\/wp-json\/wp\/v2\/product"}],"about":[{"href":"https:\/\/modest-napier.216-250-124-103.plesk.page\/index.php\/wp-json\/wp\/v2\/types\/product"}],"replies":[{"embeddable":true,"href":"https:\/\/modest-napier.216-250-124-103.plesk.page\/index.php\/wp-json\/wp\/v2\/comments?post=5189"}],"wp:featuredmedia":[{"embeddable":true,"href":"https:\/\/modest-napier.216-250-124-103.plesk.page\/index.php\/wp-json\/wp\/v2\/media\/1672"}],"wp:attachment":[{"href":"https:\/\/modest-napier.216-250-124-103.plesk.page\/index.php\/wp-json\/wp\/v2\/media?parent=5189"}],"wp:term":[{"taxonomy":"product_brand","embeddable":true,"href":"https:\/\/modest-napier.216-250-124-103.plesk.page\/index.php\/wp-json\/wp\/v2\/product_brand?post=5189"},{"taxonomy":"product_cat","embeddable":true,"href":"https:\/\/modest-napier.216-250-124-103.plesk.page\/index.php\/wp-json\/wp\/v2\/product_cat?post=5189"},{"taxonomy":"product_tag","embeddable":true,"href":"https:\/\/modest-napier.216-250-124-103.plesk.page\/index.php\/wp-json\/wp\/v2\/product_tag?post=5189"}],"curies":[{"name":"wp","href":"https:\/\/api.w.org\/{rel}","templated":true}]}}