{"id":5199,"date":"2025-09-24T19:30:04","date_gmt":"2025-09-24T19:30:04","guid":{"rendered":"https:\/\/modest-napier.216-250-124-103.plesk.page\/index.php\/producto\/cap-complejo-b-c-90-vidanat\/"},"modified":"2025-09-24T20:44:04","modified_gmt":"2025-09-24T20:44:04","slug":"cap-complejo-b-c-90-vidanat","status":"publish","type":"product","link":"https:\/\/modest-napier.216-250-124-103.plesk.page\/index.php\/producto\/cap-complejo-b-c-90-vidanat\/","title":{"rendered":"Complejo B 90 c\u00e1psulas Vidanat"},"content":{"rendered":"<p><meta charset=\"utf-8\"><\/p>\n<p><span data-sheets-value='{\"1\":2,\"2\":\"Descripci\u00f3n:nnActua sobre el sistema nervioso mejorando el rendimiemto cognitivo y fisico, ayudando al proceso de obtencion de energia a travez de los alimentos que consumimos,  aminorar los sintomas de estres, ansiedady depresion .nModo de uso:nnTomar una capsula antes de los alimentos. nnContenido:nn90 capsulas\"}' data-sheets-userformat='{\"2\":14913,\"3\":{\"1\":0},\"9\":1,\"12\":0,\"14\":{\"1\":2,\"2\":2173750},\"15\":\"Arial\",\"16\":9}'><strong>Descripci\u00f3n:<\/strong><\/span><\/p>\n<p><span data-sheets-value='{\"1\":2,\"2\":\"Descripci\u00f3n:nnActua sobre el sistema nervioso mejorando el rendimiemto cognitivo y fisico, ayudando al proceso de obtencion de energia a travez de los alimentos que consumimos,  aminorar los sintomas de estres, ansiedady depresion .nModo de uso:nnTomar una capsula antes de los alimentos. nnContenido:nn90 capsulas\"}' data-sheets-userformat='{\"2\":14913,\"3\":{\"1\":0},\"9\":1,\"12\":0,\"14\":{\"1\":2,\"2\":2173750},\"15\":\"Arial\",\"16\":9}'>El <strong>complejo B<\/strong> act\u00faa sobre el sistema nervioso mejorando el rendimiento cognitivo y f\u00edsico, ayudando al proceso de obtenci\u00f3n de energ\u00eda a trav\u00e9s de los alimentos que consumimos, aminorar los s\u00edntomas de estr\u00e9s, ansiedad y depresi\u00f3n.<\/span><\/p>\n<p><span data-sheets-value='{\"1\":2,\"2\":\"Descripci\u00f3n:nnActua sobre el sistema nervioso mejorando el rendimiemto cognitivo y fisico, ayudando al proceso de obtencion de energia a travez de los alimentos que consumimos,  aminorar los sintomas de estres, ansiedady depresion .nModo de uso:nnTomar una capsula antes de los alimentos. nnContenido:nn90 capsulas\"}' data-sheets-userformat='{\"2\":14913,\"3\":{\"1\":0},\"9\":1,\"12\":0,\"14\":{\"1\":2,\"2\":2173750},\"15\":\"Arial\",\"16\":9}'><strong>Modo de uso:\u00a0<\/strong><\/span><\/p>\n<p><span data-sheets-value='{\"1\":2,\"2\":\"Descripci\u00f3n:nnActua sobre el sistema nervioso mejorando el rendimiemto cognitivo y fisico, ayudando al proceso de obtencion de energia a travez de los alimentos que consumimos,  aminorar los sintomas de estres, ansiedady depresion .nModo de uso:nnTomar una capsula antes de los alimentos. nnContenido:nn90 capsulas\"}' data-sheets-userformat='{\"2\":14913,\"3\":{\"1\":0},\"9\":1,\"12\":0,\"14\":{\"1\":2,\"2\":2173750},\"15\":\"Arial\",\"16\":9}'>Tomar una c\u00e1psula antes de los alimentos.<\/p>\n<p><strong>Contenido:<\/strong><\/span><\/p>\n<p><span data-sheets-value='{\"1\":2,\"2\":\"Descripci\u00f3n:nnActua sobre el sistema nervioso mejorando el rendimiemto cognitivo y fisico, ayudando al proceso de obtencion de energia a travez de los alimentos que consumimos,  aminorar los sintomas de estres, ansiedady depresion .nModo de uso:nnTomar una capsula antes de los alimentos. nnContenido:nn90 capsulas\"}' data-sheets-userformat='{\"2\":14913,\"3\":{\"1\":0},\"9\":1,\"12\":0,\"14\":{\"1\":2,\"2\":2173750},\"15\":\"Arial\",\"16\":9}'><strong>\u00a0<\/strong>90 c\u00e1psulas.<\/span><\/p>\n","protected":false},"excerpt":{"rendered":"<p>Descripci\u00f3n: El complejo B act\u00faa sobre el sistema nervioso mejorando el rendimiento cognitivo y f\u00edsico, ayudando al proceso de obtenci\u00f3n de energ\u00eda a trav\u00e9s de los alimentos que consumimos, aminorar [&hellip;]<\/p>\n","protected":false},"featured_media":1683,"comment_status":"open","ping_status":"closed","template":"","meta":[],"product_brand":[354],"product_cat":[308,337,318,335],"product_tag":[148],"class_list":{"0":"post-5199","1":"product","2":"type-product","3":"status-publish","4":"has-post-thumbnail","6":"product_brand-vidanat","7":"product_cat-nutricion","8":"product_cat-productos","9":"product_cat-salud","10":"product_cat-vitaminas-y-minerales","11":"product_tag-complejo-b","13":"first","14":"instock","15":"shipping-taxable","16":"purchasable","17":"product-type-simple"},"_links":{"self":[{"href":"https:\/\/modest-napier.216-250-124-103.plesk.page\/index.php\/wp-json\/wp\/v2\/product\/5199","targetHints":{"allow":["GET"]}}],"collection":[{"href":"https:\/\/modest-napier.216-250-124-103.plesk.page\/index.php\/wp-json\/wp\/v2\/product"}],"about":[{"href":"https:\/\/modest-napier.216-250-124-103.plesk.page\/index.php\/wp-json\/wp\/v2\/types\/product"}],"replies":[{"embeddable":true,"href":"https:\/\/modest-napier.216-250-124-103.plesk.page\/index.php\/wp-json\/wp\/v2\/comments?post=5199"}],"wp:featuredmedia":[{"embeddable":true,"href":"https:\/\/modest-napier.216-250-124-103.plesk.page\/index.php\/wp-json\/wp\/v2\/media\/1683"}],"wp:attachment":[{"href":"https:\/\/modest-napier.216-250-124-103.plesk.page\/index.php\/wp-json\/wp\/v2\/media?parent=5199"}],"wp:term":[{"taxonomy":"product_brand","embeddable":true,"href":"https:\/\/modest-napier.216-250-124-103.plesk.page\/index.php\/wp-json\/wp\/v2\/product_brand?post=5199"},{"taxonomy":"product_cat","embeddable":true,"href":"https:\/\/modest-napier.216-250-124-103.plesk.page\/index.php\/wp-json\/wp\/v2\/product_cat?post=5199"},{"taxonomy":"product_tag","embeddable":true,"href":"https:\/\/modest-napier.216-250-124-103.plesk.page\/index.php\/wp-json\/wp\/v2\/product_tag?post=5199"}],"curies":[{"name":"wp","href":"https:\/\/api.w.org\/{rel}","templated":true}]}}