{"id":5215,"date":"2025-09-24T19:30:29","date_gmt":"2025-09-24T19:30:29","guid":{"rendered":"https:\/\/modest-napier.216-250-124-103.plesk.page\/index.php\/producto\/cap-demograss-clasico-c-30-cons-inova-prod\/"},"modified":"2025-09-24T20:47:57","modified_gmt":"2025-09-24T20:47:57","slug":"cap-demograss-clasico-c-30-cons-inova-prod","status":"publish","type":"product","link":"https:\/\/modest-napier.216-250-124-103.plesk.page\/index.php\/producto\/cap-demograss-clasico-c-30-cons-inova-prod\/","title":{"rendered":"Demograss Cl\u00e1sico 30 c\u00e1psulas Innov &#038; Prod"},"content":{"rendered":"<p>\u00bfHas intentado todos los m\u00e9todos posibles para bajar de peso sin \u00e9xito? \u00a1Prueba Demograss Cl\u00e1sico! Un suplemento 100% natural con ingredientes de calidad.<\/p>\n<p>Con s\u00f3lo una c\u00e1psula al d\u00eda ayuda a tu cuerpo a metabolizar grasas y az\u00facares para expulsarlas mejor. Permite desintoxicar y remover toxinas del cuerpo. Adem\u00e1s, por su composici\u00f3n, las pastillas mejoran la funci\u00f3n de h\u00edgado, ves\u00edcula, p\u00e1ncreas, est\u00f3mago, intestino y ri\u00f1ones. Normaliza diabetes, gastritis, colesterol y triglic\u00e9ridos.<a href=\"#more\"><\/a><\/p>\n","protected":false},"excerpt":{"rendered":"<p>\u00bfHas intentado todos los m\u00e9todos posibles para bajar de peso sin \u00e9xito? \u00a1Prueba Demograss Cl\u00e1sico! Un suplemento 100% natural con ingredientes de calidad. Con s\u00f3lo una c\u00e1psula al d\u00eda ayuda [&hellip;]<\/p>\n","protected":false},"featured_media":1702,"comment_status":"open","ping_status":"closed","template":"","meta":[],"product_brand":[632],"product_cat":[287,313,337,314],"product_tag":[140,98,60,142,153,139],"class_list":{"0":"post-5215","1":"product","2":"type-product","3":"status-publish","4":"has-post-thumbnail","6":"product_brand-innova-prod","7":"product_cat-baja-de-peso","8":"product_cat-preparate-para-el-verano-","9":"product_cat-productos","10":"product_cat-productos-para-bajar-de-peso","11":"product_tag-guarana","12":"product_tag-nopal","13":"product_tag-sabila","14":"product_tag-te-blanco","15":"product_tag-te-rojo","16":"product_tag-zarzaparrilla","18":"first","19":"instock","20":"shipping-taxable","21":"purchasable","22":"product-type-simple"},"_links":{"self":[{"href":"https:\/\/modest-napier.216-250-124-103.plesk.page\/index.php\/wp-json\/wp\/v2\/product\/5215","targetHints":{"allow":["GET"]}}],"collection":[{"href":"https:\/\/modest-napier.216-250-124-103.plesk.page\/index.php\/wp-json\/wp\/v2\/product"}],"about":[{"href":"https:\/\/modest-napier.216-250-124-103.plesk.page\/index.php\/wp-json\/wp\/v2\/types\/product"}],"replies":[{"embeddable":true,"href":"https:\/\/modest-napier.216-250-124-103.plesk.page\/index.php\/wp-json\/wp\/v2\/comments?post=5215"}],"wp:featuredmedia":[{"embeddable":true,"href":"https:\/\/modest-napier.216-250-124-103.plesk.page\/index.php\/wp-json\/wp\/v2\/media\/1702"}],"wp:attachment":[{"href":"https:\/\/modest-napier.216-250-124-103.plesk.page\/index.php\/wp-json\/wp\/v2\/media?parent=5215"}],"wp:term":[{"taxonomy":"product_brand","embeddable":true,"href":"https:\/\/modest-napier.216-250-124-103.plesk.page\/index.php\/wp-json\/wp\/v2\/product_brand?post=5215"},{"taxonomy":"product_cat","embeddable":true,"href":"https:\/\/modest-napier.216-250-124-103.plesk.page\/index.php\/wp-json\/wp\/v2\/product_cat?post=5215"},{"taxonomy":"product_tag","embeddable":true,"href":"https:\/\/modest-napier.216-250-124-103.plesk.page\/index.php\/wp-json\/wp\/v2\/product_tag?post=5215"}],"curies":[{"name":"wp","href":"https:\/\/api.w.org\/{rel}","templated":true}]}}