{"id":5225,"date":"2025-09-24T19:30:42","date_gmt":"2025-09-24T19:30:42","guid":{"rendered":"https:\/\/modest-napier.216-250-124-103.plesk.page\/index.php\/producto\/cap-dieters-drink-c-30-la-salud-es-primero\/"},"modified":"2025-09-24T20:44:51","modified_gmt":"2025-09-24T20:44:51","slug":"cap-dieter-s-drink-c-30-la-salud-es-primero","status":"publish","type":"product","link":"https:\/\/modest-napier.216-250-124-103.plesk.page\/index.php\/producto\/cap-dieter-s-drink-c-30-la-salud-es-primero\/","title":{"rendered":"Dieter&#8217;s Drink 30 c\u00e1psulas La Salud es Primero"},"content":{"rendered":"<p data-mce-fragment=\"1\"><span>El suplemento en\u00a0<strong>c\u00e1psulas Dieter&#8217;s Drink<\/strong> con hoja de sen es auxiliar para promover la f\u00e1cil evacuaci\u00f3n intestinal.<\/span><strong data-mce-fragment=\"1\"><\/strong><span><\/span><\/p>\n","protected":false},"excerpt":{"rendered":"<p>El suplemento en\u00a0c\u00e1psulas Dieter&#8217;s Drink con hoja de sen es auxiliar para promover la f\u00e1cil evacuaci\u00f3n intestinal.<\/p>\n","protected":false},"featured_media":1714,"comment_status":"open","ping_status":"closed","template":"","meta":[],"product_brand":[356],"product_cat":[287,313,337,314],"product_tag":[162],"class_list":{"0":"post-5225","1":"product","2":"type-product","3":"status-publish","4":"has-post-thumbnail","6":"product_brand-la-salud-es-primero","7":"product_cat-baja-de-peso","8":"product_cat-preparate-para-el-verano-","9":"product_cat-productos","10":"product_cat-productos-para-bajar-de-peso","11":"product_tag-hoja-de-sen","13":"first","14":"instock","15":"shipping-taxable","16":"purchasable","17":"product-type-simple"},"_links":{"self":[{"href":"https:\/\/modest-napier.216-250-124-103.plesk.page\/index.php\/wp-json\/wp\/v2\/product\/5225","targetHints":{"allow":["GET"]}}],"collection":[{"href":"https:\/\/modest-napier.216-250-124-103.plesk.page\/index.php\/wp-json\/wp\/v2\/product"}],"about":[{"href":"https:\/\/modest-napier.216-250-124-103.plesk.page\/index.php\/wp-json\/wp\/v2\/types\/product"}],"replies":[{"embeddable":true,"href":"https:\/\/modest-napier.216-250-124-103.plesk.page\/index.php\/wp-json\/wp\/v2\/comments?post=5225"}],"wp:featuredmedia":[{"embeddable":true,"href":"https:\/\/modest-napier.216-250-124-103.plesk.page\/index.php\/wp-json\/wp\/v2\/media\/1714"}],"wp:attachment":[{"href":"https:\/\/modest-napier.216-250-124-103.plesk.page\/index.php\/wp-json\/wp\/v2\/media?parent=5225"}],"wp:term":[{"taxonomy":"product_brand","embeddable":true,"href":"https:\/\/modest-napier.216-250-124-103.plesk.page\/index.php\/wp-json\/wp\/v2\/product_brand?post=5225"},{"taxonomy":"product_cat","embeddable":true,"href":"https:\/\/modest-napier.216-250-124-103.plesk.page\/index.php\/wp-json\/wp\/v2\/product_cat?post=5225"},{"taxonomy":"product_tag","embeddable":true,"href":"https:\/\/modest-napier.216-250-124-103.plesk.page\/index.php\/wp-json\/wp\/v2\/product_tag?post=5225"}],"curies":[{"name":"wp","href":"https:\/\/api.w.org\/{rel}","templated":true}]}}