{"id":5237,"date":"2025-09-24T19:30:58","date_gmt":"2025-09-24T19:30:58","guid":{"rendered":"https:\/\/modest-napier.216-250-124-103.plesk.page\/index.php\/producto\/cap-fenogreco-c-60-kukamonga-sunatura\/"},"modified":"2025-09-24T20:45:53","modified_gmt":"2025-09-24T20:45:53","slug":"cap-fenogreco-c-60-kukamonga-sunatura","status":"publish","type":"product","link":"https:\/\/modest-napier.216-250-124-103.plesk.page\/index.php\/producto\/cap-fenogreco-c-60-kukamonga-sunatura\/","title":{"rendered":"Fenogreco 60 c\u00e1psulas Kukamonga Sunatura"},"content":{"rendered":"<p data-mce-fragment=\"1\"><strong data-mce-fragment=\"1\">Descripci\u00f3n:<\/strong><\/p>\n<p>El suplemento alimenticio de <strong>fenogreco en c\u00e1psulas<\/strong> tiene los siguientes beneficios:<\/p>\n<ul>\n<li>Promover la digesti\u00f3n y el buen funcionamiento del h\u00edgado.<\/li>\n<li>Reduce el tejido adiposo, contribuyendo a subir peso.<\/li>\n<li>Promueve la producci\u00f3n de insulina gracias a sus amino\u00e1cidos, controlando el az\u00facar en sangre.<\/li>\n<li>Contiene altos niveles de fitoestr\u00f3genos, que alivian los dolores menstruales y los s\u00edntomas de la menopausia.<\/li>\n<li>Otro componente clave es la diosgenina, que ha probado incrementar la fluidez de la leche, lo que hace a esta hierba muy popular entre las mujeres lactantes.<\/li>\n<li>Estimula el funcionamiento del sistema inmune.<\/li>\n<li>Evita la formaci\u00f3n de c\u00e1lculos en los ri\u00f1ones al reducir los niveles de oxalato de calcio en los mismos.<\/li>\n<\/ul>\n<p data-mce-fragment=\"1\"><strong data-mce-fragment=\"1\">Modo de uso:<\/strong><\/p>\n<p data-mce-fragment=\"1\">Tomar 2 c\u00e1psulas al d\u00eda.<\/p>\n<p data-mce-fragment=\"1\"><strong data-mce-fragment=\"1\">Contenido:<\/strong><\/p>\n<p data-mce-fragment=\"1\">60 c\u00e1psulas.<\/p>\n","protected":false},"excerpt":{"rendered":"<p>Descripci\u00f3n: El suplemento alimenticio de fenogreco en c\u00e1psulas tiene los siguientes beneficios: Promover la digesti\u00f3n y el buen funcionamiento del h\u00edgado. Reduce el tejido adiposo, contribuyendo a subir peso. Promueve [&hellip;]<\/p>\n","protected":false},"featured_media":1726,"comment_status":"open","ping_status":"closed","template":"","meta":[],"product_brand":[388],"product_cat":[337,328],"product_tag":[42],"class_list":{"0":"post-5237","1":"product","2":"type-product","3":"status-publish","4":"has-post-thumbnail","6":"product_brand-naterra","7":"product_cat-productos","8":"product_cat-suplementos-naturales","9":"product_tag-fenogreco","11":"first","12":"instock","13":"shipping-taxable","14":"purchasable","15":"product-type-simple"},"_links":{"self":[{"href":"https:\/\/modest-napier.216-250-124-103.plesk.page\/index.php\/wp-json\/wp\/v2\/product\/5237","targetHints":{"allow":["GET"]}}],"collection":[{"href":"https:\/\/modest-napier.216-250-124-103.plesk.page\/index.php\/wp-json\/wp\/v2\/product"}],"about":[{"href":"https:\/\/modest-napier.216-250-124-103.plesk.page\/index.php\/wp-json\/wp\/v2\/types\/product"}],"replies":[{"embeddable":true,"href":"https:\/\/modest-napier.216-250-124-103.plesk.page\/index.php\/wp-json\/wp\/v2\/comments?post=5237"}],"wp:featuredmedia":[{"embeddable":true,"href":"https:\/\/modest-napier.216-250-124-103.plesk.page\/index.php\/wp-json\/wp\/v2\/media\/1726"}],"wp:attachment":[{"href":"https:\/\/modest-napier.216-250-124-103.plesk.page\/index.php\/wp-json\/wp\/v2\/media?parent=5237"}],"wp:term":[{"taxonomy":"product_brand","embeddable":true,"href":"https:\/\/modest-napier.216-250-124-103.plesk.page\/index.php\/wp-json\/wp\/v2\/product_brand?post=5237"},{"taxonomy":"product_cat","embeddable":true,"href":"https:\/\/modest-napier.216-250-124-103.plesk.page\/index.php\/wp-json\/wp\/v2\/product_cat?post=5237"},{"taxonomy":"product_tag","embeddable":true,"href":"https:\/\/modest-napier.216-250-124-103.plesk.page\/index.php\/wp-json\/wp\/v2\/product_tag?post=5237"}],"curies":[{"name":"wp","href":"https:\/\/api.w.org\/{rel}","templated":true}]}}