{"id":5238,"date":"2025-09-24T19:30:59","date_gmt":"2025-09-24T19:30:59","guid":{"rendered":"https:\/\/modest-napier.216-250-124-103.plesk.page\/index.php\/producto\/cap-fenogreco-herbomex-c-150-herbomex\/"},"modified":"2025-09-24T20:43:45","modified_gmt":"2025-09-24T20:43:45","slug":"fenogreco-capsulas-herbomex","status":"publish","type":"product","link":"https:\/\/modest-napier.216-250-124-103.plesk.page\/index.php\/producto\/fenogreco-capsulas-herbomex\/","title":{"rendered":"Fenogreco 150 c\u00e1psulas Herbomex"},"content":{"rendered":"<p><strong>Descripci\u00f3n:<\/strong><\/p>\n<p>El suplemento de <strong>fenogreco en c\u00e1psulas<\/strong> tiene los siguientes beneficios:<\/p>\n<ul>\n<li>Promueve la digesti\u00f3n y el buen funcionamiento del h\u00edgado.<\/li>\n<li>Reduce el tejido adiposo, contribuyendo a perder peso.<\/li>\n<li>Promueve la producci\u00f3n de insulina gracias a sus amino\u00e1cidos, controlando el az\u00facar en sangre.<\/li>\n<li>Contiene altos niveles de fitoestr\u00f3genos, que alivian los dolores menstruales y los s\u00edntomas de la menopausia.<\/li>\n<li>Otro componente clave es la diosgenina, que ha probado incrementar la fluidez de la leche, lo que hace a esta hierba muy popular entre las mujeres lactantes.<\/li>\n<li>Estimula el funcionamiento del sistema inmune.<\/li>\n<li>Evita la formaci\u00f3n de c\u00e1lculos en los ri\u00f1ones al reducir los niveles de oxalato de calcio en los mismos.<\/li>\n<\/ul>\n<p><strong>Modo de uso:<\/strong><br \/>Tomar 2 c\u00e1psulas antes de cada comida.<\/p>\n<p><strong>Contenido:<\/strong><br \/> 150 c\u00e1psulas.<\/p>\n","protected":false},"excerpt":{"rendered":"<p>Descripci\u00f3n: El suplemento de fenogreco en c\u00e1psulas tiene los siguientes beneficios: Promueve la digesti\u00f3n y el buen funcionamiento del h\u00edgado. Reduce el tejido adiposo, contribuyendo a perder peso. Promueve la [&hellip;]<\/p>\n","protected":false},"featured_media":1728,"comment_status":"open","ping_status":"closed","template":"","meta":[],"product_brand":[351],"product_cat":[337,318],"product_tag":[42],"class_list":{"0":"post-5238","1":"product","2":"type-product","3":"status-publish","4":"has-post-thumbnail","6":"product_brand-herbomex","7":"product_cat-productos","8":"product_cat-salud","9":"product_tag-fenogreco","11":"first","12":"instock","13":"shipping-taxable","14":"purchasable","15":"product-type-simple"},"_links":{"self":[{"href":"https:\/\/modest-napier.216-250-124-103.plesk.page\/index.php\/wp-json\/wp\/v2\/product\/5238","targetHints":{"allow":["GET"]}}],"collection":[{"href":"https:\/\/modest-napier.216-250-124-103.plesk.page\/index.php\/wp-json\/wp\/v2\/product"}],"about":[{"href":"https:\/\/modest-napier.216-250-124-103.plesk.page\/index.php\/wp-json\/wp\/v2\/types\/product"}],"replies":[{"embeddable":true,"href":"https:\/\/modest-napier.216-250-124-103.plesk.page\/index.php\/wp-json\/wp\/v2\/comments?post=5238"}],"wp:featuredmedia":[{"embeddable":true,"href":"https:\/\/modest-napier.216-250-124-103.plesk.page\/index.php\/wp-json\/wp\/v2\/media\/1728"}],"wp:attachment":[{"href":"https:\/\/modest-napier.216-250-124-103.plesk.page\/index.php\/wp-json\/wp\/v2\/media?parent=5238"}],"wp:term":[{"taxonomy":"product_brand","embeddable":true,"href":"https:\/\/modest-napier.216-250-124-103.plesk.page\/index.php\/wp-json\/wp\/v2\/product_brand?post=5238"},{"taxonomy":"product_cat","embeddable":true,"href":"https:\/\/modest-napier.216-250-124-103.plesk.page\/index.php\/wp-json\/wp\/v2\/product_cat?post=5238"},{"taxonomy":"product_tag","embeddable":true,"href":"https:\/\/modest-napier.216-250-124-103.plesk.page\/index.php\/wp-json\/wp\/v2\/product_tag?post=5238"}],"curies":[{"name":"wp","href":"https:\/\/api.w.org\/{rel}","templated":true}]}}