{"id":5259,"date":"2025-09-24T19:31:26","date_gmt":"2025-09-24T19:31:26","guid":{"rendered":"https:\/\/modest-napier.216-250-124-103.plesk.page\/index.php\/producto\/cap-guanabana-c-60-nutri-life\/"},"modified":"2025-09-24T20:46:37","modified_gmt":"2025-09-24T20:46:37","slug":"cap-guanabana-c-60-nutri-life","status":"publish","type":"product","link":"https:\/\/modest-napier.216-250-124-103.plesk.page\/index.php\/producto\/cap-guanabana-c-60-nutri-life\/","title":{"rendered":"Guan\u00e1bana 60 c\u00e1psulas Nutri Life"},"content":{"rendered":"<p data-mce-fragment=\"1\"><strong data-mce-fragment=\"1\">Descripci\u00f3n:<\/strong><\/p>\n<p>El suplemento alimenticio de <strong>guan\u00e1bana en c\u00e1psulas<\/strong> tiene los siguientes beneficios:<\/p>\n<ul class=\"i8Z77e\">\n<li class=\"TrT0Xe\">Fruta hidratante. Su composici\u00f3n es b\u00e1sicamente agua.<\/li>\n<li class=\"TrT0Xe\">Disminuye presi\u00f3n arterial. Tiene alto contenido en potasio y bajo en sodio.<\/li>\n<li class=\"TrT0Xe\">Digestiva. Alto contenido en fibra.<\/li>\n<li class=\"TrT0Xe\">Energizante. Gracias a su alto componente cal\u00f3rico.<\/li>\n<li class=\"TrT0Xe\">Prevenci\u00f3n de osteoporosis. Rica en f\u00f3sforo, hierro y calcio.<\/li>\n<li class=\"TrT0Xe\">Antioxidante.<\/li>\n<\/ul>\n<p data-mce-fragment=\"1\"><strong data-mce-fragment=\"1\">Modo de uso:<\/strong><\/p>\n<p data-mce-fragment=\"1\">Tomar 2 capsulas al dia<\/p>\n<p data-mce-fragment=\"1\"><strong data-mce-fragment=\"1\">Contenido:<\/strong><\/p>\n<p data-mce-fragment=\"1\">60 c\u00e1psulas.<\/p>\n","protected":false},"excerpt":{"rendered":"<p>Descripci\u00f3n: El suplemento alimenticio de guan\u00e1bana en c\u00e1psulas tiene los siguientes beneficios: Fruta hidratante. Su composici\u00f3n es b\u00e1sicamente agua. Disminuye presi\u00f3n arterial. Tiene alto contenido en potasio y bajo en [&hellip;]<\/p>\n","protected":false},"featured_media":1750,"comment_status":"open","ping_status":"closed","template":"","meta":[],"product_brand":[401],"product_cat":[337,318,328],"product_tag":[175],"class_list":{"0":"post-5259","1":"product","2":"type-product","3":"status-publish","4":"has-post-thumbnail","6":"product_brand-nutri-life","7":"product_cat-productos","8":"product_cat-salud","9":"product_cat-suplementos-naturales","10":"product_tag-guanabana","12":"first","13":"outofstock","14":"shipping-taxable","15":"purchasable","16":"product-type-simple"},"_links":{"self":[{"href":"https:\/\/modest-napier.216-250-124-103.plesk.page\/index.php\/wp-json\/wp\/v2\/product\/5259","targetHints":{"allow":["GET"]}}],"collection":[{"href":"https:\/\/modest-napier.216-250-124-103.plesk.page\/index.php\/wp-json\/wp\/v2\/product"}],"about":[{"href":"https:\/\/modest-napier.216-250-124-103.plesk.page\/index.php\/wp-json\/wp\/v2\/types\/product"}],"replies":[{"embeddable":true,"href":"https:\/\/modest-napier.216-250-124-103.plesk.page\/index.php\/wp-json\/wp\/v2\/comments?post=5259"}],"wp:featuredmedia":[{"embeddable":true,"href":"https:\/\/modest-napier.216-250-124-103.plesk.page\/index.php\/wp-json\/wp\/v2\/media\/1750"}],"wp:attachment":[{"href":"https:\/\/modest-napier.216-250-124-103.plesk.page\/index.php\/wp-json\/wp\/v2\/media?parent=5259"}],"wp:term":[{"taxonomy":"product_brand","embeddable":true,"href":"https:\/\/modest-napier.216-250-124-103.plesk.page\/index.php\/wp-json\/wp\/v2\/product_brand?post=5259"},{"taxonomy":"product_cat","embeddable":true,"href":"https:\/\/modest-napier.216-250-124-103.plesk.page\/index.php\/wp-json\/wp\/v2\/product_cat?post=5259"},{"taxonomy":"product_tag","embeddable":true,"href":"https:\/\/modest-napier.216-250-124-103.plesk.page\/index.php\/wp-json\/wp\/v2\/product_tag?post=5259"}],"curies":[{"name":"wp","href":"https:\/\/api.w.org\/{rel}","templated":true}]}}