{"id":5262,"date":"2025-09-24T19:31:31","date_gmt":"2025-09-24T19:31:31","guid":{"rendered":"https:\/\/modest-napier.216-250-124-103.plesk.page\/index.php\/producto\/cap-hierro-c-30-riket-natural\/"},"modified":"2025-09-24T20:43:41","modified_gmt":"2025-09-24T20:43:41","slug":"hierro-capsulas-riket","status":"publish","type":"product","link":"https:\/\/modest-napier.216-250-124-103.plesk.page\/index.php\/producto\/hierro-capsulas-riket\/","title":{"rendered":"Hierro 30 c\u00e1psulas Riket Natural"},"content":{"rendered":"<p><strong>Descripci\u00f3n:<\/strong><\/p>\n<ul>\n<li>Evita la anemia<\/li>\n<li>Regula el apetito<\/li>\n<li>Impide la debilidad muscular<\/li>\n<li>Previene los s\u00edntomas de depresi\u00f3n<\/li>\n<li>Fortalece el sistema nervioso<\/li>\n<\/ul>\n<p><strong>Modo de uso:<\/strong><br \/>Tomar una c\u00e1psula al d\u00eda.<\/p>\n<p><strong>Contenido:<\/strong><br \/> 30 c\u00e1psulas.<\/p>\n","protected":false},"excerpt":{"rendered":"<p>Descripci\u00f3n: Evita la anemia Regula el apetito Impide la debilidad muscular Previene los s\u00edntomas de depresi\u00f3n Fortalece el sistema nervioso Modo de uso:Tomar una c\u00e1psula al d\u00eda. Contenido: 30 c\u00e1psulas.<\/p>\n","protected":false},"featured_media":1754,"comment_status":"open","ping_status":"closed","template":"","meta":[],"product_brand":[468],"product_cat":[337,318],"product_tag":[177],"class_list":{"0":"post-5262","1":"product","2":"type-product","3":"status-publish","4":"has-post-thumbnail","6":"product_brand-riket-natural","7":"product_cat-productos","8":"product_cat-salud","9":"product_tag-hierro","11":"first","12":"instock","13":"shipping-taxable","14":"purchasable","15":"product-type-simple"},"_links":{"self":[{"href":"https:\/\/modest-napier.216-250-124-103.plesk.page\/index.php\/wp-json\/wp\/v2\/product\/5262","targetHints":{"allow":["GET"]}}],"collection":[{"href":"https:\/\/modest-napier.216-250-124-103.plesk.page\/index.php\/wp-json\/wp\/v2\/product"}],"about":[{"href":"https:\/\/modest-napier.216-250-124-103.plesk.page\/index.php\/wp-json\/wp\/v2\/types\/product"}],"replies":[{"embeddable":true,"href":"https:\/\/modest-napier.216-250-124-103.plesk.page\/index.php\/wp-json\/wp\/v2\/comments?post=5262"}],"wp:featuredmedia":[{"embeddable":true,"href":"https:\/\/modest-napier.216-250-124-103.plesk.page\/index.php\/wp-json\/wp\/v2\/media\/1754"}],"wp:attachment":[{"href":"https:\/\/modest-napier.216-250-124-103.plesk.page\/index.php\/wp-json\/wp\/v2\/media?parent=5262"}],"wp:term":[{"taxonomy":"product_brand","embeddable":true,"href":"https:\/\/modest-napier.216-250-124-103.plesk.page\/index.php\/wp-json\/wp\/v2\/product_brand?post=5262"},{"taxonomy":"product_cat","embeddable":true,"href":"https:\/\/modest-napier.216-250-124-103.plesk.page\/index.php\/wp-json\/wp\/v2\/product_cat?post=5262"},{"taxonomy":"product_tag","embeddable":true,"href":"https:\/\/modest-napier.216-250-124-103.plesk.page\/index.php\/wp-json\/wp\/v2\/product_tag?post=5262"}],"curies":[{"name":"wp","href":"https:\/\/api.w.org\/{rel}","templated":true}]}}