{"id":5276,"date":"2025-09-24T19:31:49","date_gmt":"2025-09-24T19:31:49","guid":{"rendered":"https:\/\/modest-napier.216-250-124-103.plesk.page\/index.php\/producto\/cap-l-arginina-c-100-high-power\/"},"modified":"2025-09-24T20:44:22","modified_gmt":"2025-09-24T20:44:22","slug":"cap-l-arginina-c-100-high-power","status":"publish","type":"product","link":"https:\/\/modest-napier.216-250-124-103.plesk.page\/index.php\/producto\/cap-l-arginina-c-100-high-power\/","title":{"rendered":"L-Arginina 100 c\u00e1psulas High Power"},"content":{"rendered":"<p data-mce-fragment=\"1\"><span data-mce-fragment=\"1\">El suplemento de<strong> L-Arginina<\/strong> es \u00fatil para el dolor de pecho y varios problemas de flujo de golpes, disfunci\u00f3n er\u00e9ctil, presi\u00f3n arterial alta durante el embarazo y una enfermedad grave en beb\u00e9s prematuros llamada enterocolitis necrotizante.\u00a0<\/span>Se usa com\u00fanmente para la circulaci\u00f3n, ayuda aumentar la masa corporal y a mejorar la calidad de sue\u00f1o y la salud capilar.<\/p>\n","protected":false},"excerpt":{"rendered":"<p>El suplemento de L-Arginina es \u00fatil para el dolor de pecho y varios problemas de flujo de golpes, disfunci\u00f3n er\u00e9ctil, presi\u00f3n arterial alta durante el embarazo y una enfermedad grave [&hellip;]<\/p>\n","protected":false},"featured_media":1769,"comment_status":"open","ping_status":"closed","template":"","meta":[],"product_brand":[452],"product_cat":[308,337,318,324],"product_tag":[182],"class_list":{"0":"post-5276","1":"product","2":"type-product","3":"status-publish","4":"has-post-thumbnail","6":"product_brand-high-power","7":"product_cat-nutricion","8":"product_cat-productos","9":"product_cat-salud","10":"product_cat-sexualidad","11":"product_tag-l-arginina","13":"first","14":"instock","15":"shipping-taxable","16":"purchasable","17":"product-type-simple"},"_links":{"self":[{"href":"https:\/\/modest-napier.216-250-124-103.plesk.page\/index.php\/wp-json\/wp\/v2\/product\/5276","targetHints":{"allow":["GET"]}}],"collection":[{"href":"https:\/\/modest-napier.216-250-124-103.plesk.page\/index.php\/wp-json\/wp\/v2\/product"}],"about":[{"href":"https:\/\/modest-napier.216-250-124-103.plesk.page\/index.php\/wp-json\/wp\/v2\/types\/product"}],"replies":[{"embeddable":true,"href":"https:\/\/modest-napier.216-250-124-103.plesk.page\/index.php\/wp-json\/wp\/v2\/comments?post=5276"}],"wp:featuredmedia":[{"embeddable":true,"href":"https:\/\/modest-napier.216-250-124-103.plesk.page\/index.php\/wp-json\/wp\/v2\/media\/1769"}],"wp:attachment":[{"href":"https:\/\/modest-napier.216-250-124-103.plesk.page\/index.php\/wp-json\/wp\/v2\/media?parent=5276"}],"wp:term":[{"taxonomy":"product_brand","embeddable":true,"href":"https:\/\/modest-napier.216-250-124-103.plesk.page\/index.php\/wp-json\/wp\/v2\/product_brand?post=5276"},{"taxonomy":"product_cat","embeddable":true,"href":"https:\/\/modest-napier.216-250-124-103.plesk.page\/index.php\/wp-json\/wp\/v2\/product_cat?post=5276"},{"taxonomy":"product_tag","embeddable":true,"href":"https:\/\/modest-napier.216-250-124-103.plesk.page\/index.php\/wp-json\/wp\/v2\/product_tag?post=5276"}],"curies":[{"name":"wp","href":"https:\/\/api.w.org\/{rel}","templated":true}]}}