{"id":5298,"date":"2025-09-24T19:32:17","date_gmt":"2025-09-24T19:32:17","guid":{"rendered":"https:\/\/modest-napier.216-250-124-103.plesk.page\/index.php\/producto\/cap-melena-de-leon-c-60-organiks\/"},"modified":"2025-09-24T20:43:33","modified_gmt":"2025-09-24T20:43:33","slug":"melena-de-leon-organiks","status":"publish","type":"product","link":"https:\/\/modest-napier.216-250-124-103.plesk.page\/index.php\/producto\/melena-de-leon-organiks\/","title":{"rendered":"Melena de Le\u00f3n 60 c\u00e1psulas Organik&#8217;s"},"content":{"rendered":"<p><strong>Descripci\u00f3n:<\/strong><br \/> Por sus propiedades antoxidantes y antiinflamatorias, el suplemento de <strong>melena de le\u00f3n en c\u00e1psulas<\/strong> ayuda a mantener una salud gastrointestinal y digestiva. Tambi\u00e9n tiene efecto contra la gastritis o ulceras g\u00e1stricas.\u00a0Tiene beneficios para el sistema nervioso y ayuda a la concentraci\u00f3n, la memoria,\u00a0combate\u00a0el estr\u00e9s y\u00a0los s\u00edntomas de la depresi\u00f3n.<\/p>\n<p><strong>Modo de uso:<\/strong><br \/> Tomar 2 c\u00e1psulas por d\u00eda.<\/p>\n<p><strong>Contenido:<\/strong><br \/>60 c\u00e1psulas.<\/p>\n","protected":false},"excerpt":{"rendered":"<p>Descripci\u00f3n: Por sus propiedades antoxidantes y antiinflamatorias, el suplemento de melena de le\u00f3n en c\u00e1psulas ayuda a mantener una salud gastrointestinal y digestiva. Tambi\u00e9n tiene efecto contra la gastritis o [&hellip;]<\/p>\n","protected":false},"featured_media":1793,"comment_status":"open","ping_status":"closed","template":"","meta":[],"product_brand":[436],"product_cat":[337,318],"product_tag":[],"class_list":{"0":"post-5298","1":"product","2":"type-product","3":"status-publish","4":"has-post-thumbnail","6":"product_brand-organiks","7":"product_cat-productos","8":"product_cat-salud","10":"first","11":"instock","12":"shipping-taxable","13":"purchasable","14":"product-type-simple"},"_links":{"self":[{"href":"https:\/\/modest-napier.216-250-124-103.plesk.page\/index.php\/wp-json\/wp\/v2\/product\/5298","targetHints":{"allow":["GET"]}}],"collection":[{"href":"https:\/\/modest-napier.216-250-124-103.plesk.page\/index.php\/wp-json\/wp\/v2\/product"}],"about":[{"href":"https:\/\/modest-napier.216-250-124-103.plesk.page\/index.php\/wp-json\/wp\/v2\/types\/product"}],"replies":[{"embeddable":true,"href":"https:\/\/modest-napier.216-250-124-103.plesk.page\/index.php\/wp-json\/wp\/v2\/comments?post=5298"}],"wp:featuredmedia":[{"embeddable":true,"href":"https:\/\/modest-napier.216-250-124-103.plesk.page\/index.php\/wp-json\/wp\/v2\/media\/1793"}],"wp:attachment":[{"href":"https:\/\/modest-napier.216-250-124-103.plesk.page\/index.php\/wp-json\/wp\/v2\/media?parent=5298"}],"wp:term":[{"taxonomy":"product_brand","embeddable":true,"href":"https:\/\/modest-napier.216-250-124-103.plesk.page\/index.php\/wp-json\/wp\/v2\/product_brand?post=5298"},{"taxonomy":"product_cat","embeddable":true,"href":"https:\/\/modest-napier.216-250-124-103.plesk.page\/index.php\/wp-json\/wp\/v2\/product_cat?post=5298"},{"taxonomy":"product_tag","embeddable":true,"href":"https:\/\/modest-napier.216-250-124-103.plesk.page\/index.php\/wp-json\/wp\/v2\/product_tag?post=5298"}],"curies":[{"name":"wp","href":"https:\/\/api.w.org\/{rel}","templated":true}]}}