{"id":5307,"date":"2025-09-24T19:32:28","date_gmt":"2025-09-24T19:32:28","guid":{"rendered":"https:\/\/modest-napier.216-250-124-103.plesk.page\/index.php\/producto\/cap-minerales-agua-de-mar-c-60-naturabless\/"},"modified":"2025-09-24T20:47:52","modified_gmt":"2025-09-24T20:47:52","slug":"cap-minerales-agua-de-mar-c-60-naturabless","status":"publish","type":"product","link":"https:\/\/modest-napier.216-250-124-103.plesk.page\/index.php\/producto\/cap-minerales-agua-de-mar-c-60-naturabless\/","title":{"rendered":"Minerales Agua de Mar 60 c\u00e1psulas Naturabless"},"content":{"rendered":"<p data-mce-fragment=\"1\"><strong data-mce-fragment=\"1\">Descripci\u00f3n:<\/strong><\/p>\n<p data-mce-fragment=\"1\">Elimina el exceso de acidez de las c\u00e9lulas del cuerpo, regula la presi\u00f3n arterial (mezclada con agua dulce), ayuda a la regeneraci\u00f3n celular, limpia los pulmones de mucosidad, ayuda a eliminar resfriados y congesti\u00f3n.<\/p>\n<p data-mce-fragment=\"1\"><strong data-mce-fragment=\"1\">Modo de uso:<\/strong><\/p>\n<p>Tomar 1 capleta por la ma\u00f1ana antes d ellos alimentos, en el caso de deportistas antes del ejercicio, personas enfermas tomar 1 por la ma\u00f1ana y otra por la noche media hora antes del horario de sue\u00f1o, disueltas en un vaso de agua (es mayor su efectividad).<\/p>\n<p data-mce-fragment=\"1\"><strong data-mce-fragment=\"1\">Contenido:<\/strong><\/p>\n<p data-mce-fragment=\"1\">60 capletas de 900 mg c\/u.<\/p>\n","protected":false},"excerpt":{"rendered":"<p>Descripci\u00f3n: Elimina el exceso de acidez de las c\u00e9lulas del cuerpo, regula la presi\u00f3n arterial (mezclada con agua dulce), ayuda a la regeneraci\u00f3n celular, limpia los pulmones de mucosidad, ayuda [&hellip;]<\/p>\n","protected":false},"featured_media":1802,"comment_status":"open","ping_status":"closed","template":"","meta":[],"product_brand":[430],"product_cat":[337,318,335],"product_tag":[],"class_list":{"0":"post-5307","1":"product","2":"type-product","3":"status-publish","4":"has-post-thumbnail","6":"product_brand-naturabless","7":"product_cat-productos","8":"product_cat-salud","9":"product_cat-vitaminas-y-minerales","11":"first","12":"outofstock","13":"shipping-taxable","14":"purchasable","15":"product-type-simple"},"_links":{"self":[{"href":"https:\/\/modest-napier.216-250-124-103.plesk.page\/index.php\/wp-json\/wp\/v2\/product\/5307","targetHints":{"allow":["GET"]}}],"collection":[{"href":"https:\/\/modest-napier.216-250-124-103.plesk.page\/index.php\/wp-json\/wp\/v2\/product"}],"about":[{"href":"https:\/\/modest-napier.216-250-124-103.plesk.page\/index.php\/wp-json\/wp\/v2\/types\/product"}],"replies":[{"embeddable":true,"href":"https:\/\/modest-napier.216-250-124-103.plesk.page\/index.php\/wp-json\/wp\/v2\/comments?post=5307"}],"wp:featuredmedia":[{"embeddable":true,"href":"https:\/\/modest-napier.216-250-124-103.plesk.page\/index.php\/wp-json\/wp\/v2\/media\/1802"}],"wp:attachment":[{"href":"https:\/\/modest-napier.216-250-124-103.plesk.page\/index.php\/wp-json\/wp\/v2\/media?parent=5307"}],"wp:term":[{"taxonomy":"product_brand","embeddable":true,"href":"https:\/\/modest-napier.216-250-124-103.plesk.page\/index.php\/wp-json\/wp\/v2\/product_brand?post=5307"},{"taxonomy":"product_cat","embeddable":true,"href":"https:\/\/modest-napier.216-250-124-103.plesk.page\/index.php\/wp-json\/wp\/v2\/product_cat?post=5307"},{"taxonomy":"product_tag","embeddable":true,"href":"https:\/\/modest-napier.216-250-124-103.plesk.page\/index.php\/wp-json\/wp\/v2\/product_tag?post=5307"}],"curies":[{"name":"wp","href":"https:\/\/api.w.org\/{rel}","templated":true}]}}