{"id":5343,"date":"2025-09-24T19:33:19","date_gmt":"2025-09-24T19:33:19","guid":{"rendered":"https:\/\/modest-napier.216-250-124-103.plesk.page\/index.php\/producto\/cap-pain-flex-forte-c-30-naterra\/"},"modified":"2025-09-24T20:45:46","modified_gmt":"2025-09-24T20:45:46","slug":"cap-pain-flex-forte-c-30-sunatura","status":"publish","type":"product","link":"https:\/\/modest-napier.216-250-124-103.plesk.page\/index.php\/producto\/cap-pain-flex-forte-c-30-sunatura\/","title":{"rendered":"Pain Flex Forte 30 c\u00e1psulas NaTerra"},"content":{"rendered":"<div class=\"mb3\">\n<div class=\"dangerous-html mb3\">\n<p><strong>Pain Flex Forte<\/strong> es un suplemento alimenticio 100% natural desarrollado como auxiliar en la reparaci\u00f3n de articulaciones. Refuerza la construcci\u00f3n y reparaci\u00f3n de cart\u00edlagos. Aumenta la densidad del l\u00edquido sinovial, reduciendo la fricci\u00f3n articular.<\/p>\n<\/div>\n<\/div>\n<p><!----><\/p>\n","protected":false},"excerpt":{"rendered":"<p>Pain Flex Forte es un suplemento alimenticio 100% natural desarrollado como auxiliar en la reparaci\u00f3n de articulaciones. Refuerza la construcci\u00f3n y reparaci\u00f3n de cart\u00edlagos. Aumenta la densidad del l\u00edquido sinovial, [&hellip;]<\/p>\n","protected":false},"featured_media":1843,"comment_status":"open","ping_status":"closed","template":"","meta":[],"product_brand":[388],"product_cat":[297,337,318],"product_tag":[193,194,151,39,60,72],"class_list":{"0":"post-5343","1":"product","2":"type-product","3":"status-publish","4":"has-post-thumbnail","6":"product_brand-naterra","7":"product_cat-dolor-en-articulaciones","8":"product_cat-productos","9":"product_cat-salud","10":"product_tag-calcio","11":"product_tag-cartilago-de-tiburon","12":"product_tag-curcuma","13":"product_tag-magnesio","14":"product_tag-sabila","15":"product_tag-vitamina-e","17":"first","18":"instock","19":"shipping-taxable","20":"purchasable","21":"product-type-simple"},"_links":{"self":[{"href":"https:\/\/modest-napier.216-250-124-103.plesk.page\/index.php\/wp-json\/wp\/v2\/product\/5343","targetHints":{"allow":["GET"]}}],"collection":[{"href":"https:\/\/modest-napier.216-250-124-103.plesk.page\/index.php\/wp-json\/wp\/v2\/product"}],"about":[{"href":"https:\/\/modest-napier.216-250-124-103.plesk.page\/index.php\/wp-json\/wp\/v2\/types\/product"}],"replies":[{"embeddable":true,"href":"https:\/\/modest-napier.216-250-124-103.plesk.page\/index.php\/wp-json\/wp\/v2\/comments?post=5343"}],"wp:featuredmedia":[{"embeddable":true,"href":"https:\/\/modest-napier.216-250-124-103.plesk.page\/index.php\/wp-json\/wp\/v2\/media\/1843"}],"wp:attachment":[{"href":"https:\/\/modest-napier.216-250-124-103.plesk.page\/index.php\/wp-json\/wp\/v2\/media?parent=5343"}],"wp:term":[{"taxonomy":"product_brand","embeddable":true,"href":"https:\/\/modest-napier.216-250-124-103.plesk.page\/index.php\/wp-json\/wp\/v2\/product_brand?post=5343"},{"taxonomy":"product_cat","embeddable":true,"href":"https:\/\/modest-napier.216-250-124-103.plesk.page\/index.php\/wp-json\/wp\/v2\/product_cat?post=5343"},{"taxonomy":"product_tag","embeddable":true,"href":"https:\/\/modest-napier.216-250-124-103.plesk.page\/index.php\/wp-json\/wp\/v2\/product_tag?post=5343"}],"curies":[{"name":"wp","href":"https:\/\/api.w.org\/{rel}","templated":true}]}}