{"id":5354,"date":"2025-09-24T19:33:34","date_gmt":"2025-09-24T19:33:34","guid":{"rendered":"https:\/\/modest-napier.216-250-124-103.plesk.page\/index.php\/producto\/cap-probioticos-c-30-natural-wisdom\/"},"modified":"2025-09-24T20:46:33","modified_gmt":"2025-09-24T20:46:33","slug":"cap-probioticos-c-30-natural-wisdom","status":"publish","type":"product","link":"https:\/\/modest-napier.216-250-124-103.plesk.page\/index.php\/producto\/cap-probioticos-c-30-natural-wisdom\/","title":{"rendered":"Prebi\u00f3ticos &#038; Probi\u00f3ticos 30 c\u00e1psulas Natural Wisdom"},"content":{"rendered":"<p data-mce-fragment=\"1\"><b>Descripci\u00f3n:<\/b><\/p>\n<p data-mce-fragment=\"1\"><span>Los <strong>prebi\u00f3ticos y probi\u00f3ticos<\/strong> ayudan a combatir y prevenir enfermedades intestinales como colitis, s\u00edndrome del intestino irritable, enfermedad de Crohn e inflamaci\u00f3n intestinal. Combatir enfermedades como c\u00e1ncer, candidiasis, parasitosis, hemorroides e infecci\u00f3n urinaria. Mejorar la digesti\u00f3n y combate la acidez.<\/span><\/p>\n<p data-mce-fragment=\"1\"><strong data-mce-fragment=\"1\">Modo de uso:<\/strong><\/p>\n<p data-mce-fragment=\"1\"><span>Tomar 2 c\u00e1psulas al d\u00eda antes de consumir alimentos.<\/span><\/p>\n<p data-mce-fragment=\"1\"><strong data-mce-fragment=\"1\">Contenido:<\/strong><\/p>\n<p data-mce-fragment=\"1\">30 c\u00e1psulas.<\/p>\n","protected":false},"excerpt":{"rendered":"<p>Descripci\u00f3n: Los prebi\u00f3ticos y probi\u00f3ticos ayudan a combatir y prevenir enfermedades intestinales como colitis, s\u00edndrome del intestino irritable, enfermedad de Crohn e inflamaci\u00f3n intestinal. Combatir enfermedades como c\u00e1ncer, candidiasis, parasitosis, [&hellip;]<\/p>\n","protected":false},"featured_media":1855,"comment_status":"open","ping_status":"closed","template":"","meta":[],"product_brand":[527],"product_cat":[337,318,323],"product_tag":[195,196],"class_list":{"0":"post-5354","1":"product","2":"type-product","3":"status-publish","4":"has-post-thumbnail","6":"product_brand-natural-wisdom","7":"product_cat-productos","8":"product_cat-salud","9":"product_cat-salud-intestinal","10":"product_tag-prebioticos","11":"product_tag-probioticos","13":"first","14":"instock","15":"shipping-taxable","16":"purchasable","17":"product-type-simple"},"_links":{"self":[{"href":"https:\/\/modest-napier.216-250-124-103.plesk.page\/index.php\/wp-json\/wp\/v2\/product\/5354","targetHints":{"allow":["GET"]}}],"collection":[{"href":"https:\/\/modest-napier.216-250-124-103.plesk.page\/index.php\/wp-json\/wp\/v2\/product"}],"about":[{"href":"https:\/\/modest-napier.216-250-124-103.plesk.page\/index.php\/wp-json\/wp\/v2\/types\/product"}],"replies":[{"embeddable":true,"href":"https:\/\/modest-napier.216-250-124-103.plesk.page\/index.php\/wp-json\/wp\/v2\/comments?post=5354"}],"wp:featuredmedia":[{"embeddable":true,"href":"https:\/\/modest-napier.216-250-124-103.plesk.page\/index.php\/wp-json\/wp\/v2\/media\/1855"}],"wp:attachment":[{"href":"https:\/\/modest-napier.216-250-124-103.plesk.page\/index.php\/wp-json\/wp\/v2\/media?parent=5354"}],"wp:term":[{"taxonomy":"product_brand","embeddable":true,"href":"https:\/\/modest-napier.216-250-124-103.plesk.page\/index.php\/wp-json\/wp\/v2\/product_brand?post=5354"},{"taxonomy":"product_cat","embeddable":true,"href":"https:\/\/modest-napier.216-250-124-103.plesk.page\/index.php\/wp-json\/wp\/v2\/product_cat?post=5354"},{"taxonomy":"product_tag","embeddable":true,"href":"https:\/\/modest-napier.216-250-124-103.plesk.page\/index.php\/wp-json\/wp\/v2\/product_tag?post=5354"}],"curies":[{"name":"wp","href":"https:\/\/api.w.org\/{rel}","templated":true}]}}