{"id":5359,"date":"2025-09-24T19:33:41","date_gmt":"2025-09-24T19:33:41","guid":{"rendered":"https:\/\/modest-napier.216-250-124-103.plesk.page\/index.php\/producto\/cap-pso-exacto-c-30\/"},"modified":"2025-09-24T20:46:33","modified_gmt":"2025-09-24T20:46:33","slug":"cap-pso-exacto-c-30","status":"publish","type":"product","link":"https:\/\/modest-napier.216-250-124-103.plesk.page\/index.php\/producto\/cap-pso-exacto-c-30\/","title":{"rendered":"PSO Exacto 30 c\u00e1psulas"},"content":{"rendered":"<p data-mce-fragment=\"1\"><strong data-mce-fragment=\"1\">Descripci\u00f3n:<\/strong><\/p>\n<p data-mce-fragment=\"1\"><span>El suplemento <strong>PSO Exacto<\/strong> es una c\u00e1psula a base de plantas medicinales que act\u00faan combatiendo las causas del sobrepeso como la retenci\u00f3n de l\u00edquidos, el estre\u00f1imiento, mala circulaci\u00f3n, digesti\u00f3n perezosa, etc. Una c\u00e1psula al d\u00eda es suficiente para bajar de peso, reducir tallas, eliminar la retenci\u00f3n de l\u00edquidos, colitis nerviosa, reducir apetito nervioso, eliminar la mala circulaci\u00f3n, aumentar la energ\u00eda, acabar con los problemas digestivos.<\/span><\/p>\n<p data-mce-fragment=\"1\"><strong>Ingredientes:<\/strong><\/p>\n<p data-mce-fragment=\"1\"><span>L-Carnitina, T\u00e9 Verde, Alcachofa, L-Triptofano, Hoja Sen.<\/span><\/p>\n<p data-mce-fragment=\"1\"><strong data-mce-fragment=\"1\">Modo de uso:<\/strong><\/p>\n<p data-mce-fragment=\"1\"><span>1 c\u00e1psula con el desayuno.<\/span><\/p>\n<p data-mce-fragment=\"1\"><strong data-mce-fragment=\"1\">Contenido:<\/strong><\/p>\n<p data-mce-fragment=\"1\">30 c\u00e1psulas.<\/p>\n","protected":false},"excerpt":{"rendered":"<p>Descripci\u00f3n: El suplemento PSO Exacto es una c\u00e1psula a base de plantas medicinales que act\u00faan combatiendo las causas del sobrepeso como la retenci\u00f3n de l\u00edquidos, el estre\u00f1imiento, mala circulaci\u00f3n, digesti\u00f3n [&hellip;]<\/p>\n","protected":false},"featured_media":1860,"comment_status":"open","ping_status":"closed","template":"","meta":[],"product_brand":[352],"product_cat":[287,337,314],"product_tag":[110,162,122,183,138],"class_list":{"0":"post-5359","1":"product","2":"type-product","3":"status-publish","4":"has-post-thumbnail","6":"product_brand-natuzem","7":"product_cat-baja-de-peso","8":"product_cat-productos","9":"product_cat-productos-para-bajar-de-peso","10":"product_tag-alcachofa","11":"product_tag-hoja-de-sen","12":"product_tag-l-carnitina","13":"product_tag-l-triptofano","14":"product_tag-te-verde","16":"first","17":"outofstock","18":"shipping-taxable","19":"purchasable","20":"product-type-simple"},"_links":{"self":[{"href":"https:\/\/modest-napier.216-250-124-103.plesk.page\/index.php\/wp-json\/wp\/v2\/product\/5359","targetHints":{"allow":["GET"]}}],"collection":[{"href":"https:\/\/modest-napier.216-250-124-103.plesk.page\/index.php\/wp-json\/wp\/v2\/product"}],"about":[{"href":"https:\/\/modest-napier.216-250-124-103.plesk.page\/index.php\/wp-json\/wp\/v2\/types\/product"}],"replies":[{"embeddable":true,"href":"https:\/\/modest-napier.216-250-124-103.plesk.page\/index.php\/wp-json\/wp\/v2\/comments?post=5359"}],"wp:featuredmedia":[{"embeddable":true,"href":"https:\/\/modest-napier.216-250-124-103.plesk.page\/index.php\/wp-json\/wp\/v2\/media\/1860"}],"wp:attachment":[{"href":"https:\/\/modest-napier.216-250-124-103.plesk.page\/index.php\/wp-json\/wp\/v2\/media?parent=5359"}],"wp:term":[{"taxonomy":"product_brand","embeddable":true,"href":"https:\/\/modest-napier.216-250-124-103.plesk.page\/index.php\/wp-json\/wp\/v2\/product_brand?post=5359"},{"taxonomy":"product_cat","embeddable":true,"href":"https:\/\/modest-napier.216-250-124-103.plesk.page\/index.php\/wp-json\/wp\/v2\/product_cat?post=5359"},{"taxonomy":"product_tag","embeddable":true,"href":"https:\/\/modest-napier.216-250-124-103.plesk.page\/index.php\/wp-json\/wp\/v2\/product_tag?post=5359"}],"curies":[{"name":"wp","href":"https:\/\/api.w.org\/{rel}","templated":true}]}}