{"id":5373,"date":"2025-09-24T19:33:58","date_gmt":"2025-09-24T19:33:58","guid":{"rendered":"https:\/\/modest-napier.216-250-124-103.plesk.page\/index.php\/producto\/cap-resveratrol-te-verde-y-semilla-de-uva-antioxidante-c-30-vidanat\/"},"modified":"2025-09-24T20:43:32","modified_gmt":"2025-09-24T20:43:32","slug":"resveratrol-te-verde-semilla-de-uva-vidanat","status":"publish","type":"product","link":"https:\/\/modest-napier.216-250-124-103.plesk.page\/index.php\/producto\/resveratrol-te-verde-semilla-de-uva-vidanat\/","title":{"rendered":"Resveratrol, T\u00e9 Verde y Semilla de Uva 30 c\u00e1psulas"},"content":{"rendered":"<p><strong>Descripci\u00f3n:<\/strong><br data-mce-fragment=\"1\">El <strong>suplemento antioxidante de resveratrol con t\u00e9 verde y semilla de uva<\/strong> ayuda a prevenir el da\u00f1o a los vasos sangu\u00edneos, reducir el colesterol de las lipoprote\u00ednas de baja densidad (colesterol malo) y prevenir los co\u00e1gulos sangu\u00edneos, as\u00ed como retardar el envejecimiento.<\/p>\n<p><strong>Modo de uso:<\/strong><br data-mce-fragment=\"1\">Tomar una c\u00e1psula antes del desayuno.<\/p>\n<p><strong>Contenido:<\/strong><br data-mce-fragment=\"1\">30 c\u00e1psulas.<\/p>\n","protected":false},"excerpt":{"rendered":"<p>Descripci\u00f3n:El suplemento antioxidante de resveratrol con t\u00e9 verde y semilla de uva ayuda a prevenir el da\u00f1o a los vasos sangu\u00edneos, reducir el colesterol de las lipoprote\u00ednas de baja densidad [&hellip;]<\/p>\n","protected":false},"featured_media":1877,"comment_status":"open","ping_status":"closed","template":"","meta":[],"product_brand":[354],"product_cat":[308,337,318],"product_tag":[103,62,138],"class_list":{"0":"post-5373","1":"product","2":"type-product","3":"status-publish","4":"has-post-thumbnail","6":"product_brand-vidanat","7":"product_cat-nutricion","8":"product_cat-productos","9":"product_cat-salud","10":"product_tag-resveratrol","11":"product_tag-semilla-de-uva","12":"product_tag-te-verde","14":"first","15":"instock","16":"shipping-taxable","17":"purchasable","18":"product-type-simple"},"_links":{"self":[{"href":"https:\/\/modest-napier.216-250-124-103.plesk.page\/index.php\/wp-json\/wp\/v2\/product\/5373","targetHints":{"allow":["GET"]}}],"collection":[{"href":"https:\/\/modest-napier.216-250-124-103.plesk.page\/index.php\/wp-json\/wp\/v2\/product"}],"about":[{"href":"https:\/\/modest-napier.216-250-124-103.plesk.page\/index.php\/wp-json\/wp\/v2\/types\/product"}],"replies":[{"embeddable":true,"href":"https:\/\/modest-napier.216-250-124-103.plesk.page\/index.php\/wp-json\/wp\/v2\/comments?post=5373"}],"wp:featuredmedia":[{"embeddable":true,"href":"https:\/\/modest-napier.216-250-124-103.plesk.page\/index.php\/wp-json\/wp\/v2\/media\/1877"}],"wp:attachment":[{"href":"https:\/\/modest-napier.216-250-124-103.plesk.page\/index.php\/wp-json\/wp\/v2\/media?parent=5373"}],"wp:term":[{"taxonomy":"product_brand","embeddable":true,"href":"https:\/\/modest-napier.216-250-124-103.plesk.page\/index.php\/wp-json\/wp\/v2\/product_brand?post=5373"},{"taxonomy":"product_cat","embeddable":true,"href":"https:\/\/modest-napier.216-250-124-103.plesk.page\/index.php\/wp-json\/wp\/v2\/product_cat?post=5373"},{"taxonomy":"product_tag","embeddable":true,"href":"https:\/\/modest-napier.216-250-124-103.plesk.page\/index.php\/wp-json\/wp\/v2\/product_tag?post=5373"}],"curies":[{"name":"wp","href":"https:\/\/api.w.org\/{rel}","templated":true}]}}