{"id":5407,"date":"2025-09-24T19:34:44","date_gmt":"2025-09-24T19:34:44","guid":{"rendered":"https:\/\/modest-napier.216-250-124-103.plesk.page\/index.php\/producto\/cap-tribulus-ginseng-y-vitamina-b12-c-60-high-power\/"},"modified":"2025-09-24T20:43:32","modified_gmt":"2025-09-24T20:43:32","slug":"tribulus-ginseng-y-vitamina-b12","status":"publish","type":"product","link":"https:\/\/modest-napier.216-250-124-103.plesk.page\/index.php\/producto\/tribulus-ginseng-y-vitamina-b12\/","title":{"rendered":"Tribulus Ginseng y Vitamina B12 60 c\u00e1psulas High Power"},"content":{"rendered":"<p><strong>Descripci\u00f3n:<\/strong><br data-mce-fragment=\"1\">El suplemento <strong>Tribulus con Ginseng y Vitamina B12<\/strong> ayuda a mantener bien los niveles hormonales de testosterona, estimulando el deseo sexual en hombres y mujeres. Al <a href=\"https:\/\/natuzem.com\/blogs\/salud-natural\/ginseng-salud-sexual\">ginseng<\/a>\u00a0se le conoce como un adapt\u00f3geno, ya que combate el estr\u00e9s y la ansiedad, y por lo tanto ayuda a lidiar con trastornos sexualses como la disfunci\u00f3n er\u00e9ctil y la infertilidad. Tiene propiedades que ayudan al crecimiento de masa muscular, as\u00ed como a mantener sano el sistema cardiovascular y circulatorio. Mantiene una buena salud en el tracto urinario, aminorando el crecimiento de bacterias y hongos.<\/p>\n<p><strong>Modo de uso:<\/strong><br data-mce-fragment=\"1\">Tomar una c\u00e1psula de <a href=\"https:\/\/natuzem.com\/blogs\/salud-natural\/tribulus\">tribulus<\/a> antes del desayuno y una c\u00e1psula antes de la comida.<\/p>\n<p><strong>Contenido:<\/strong><br data-mce-fragment=\"1\">60 c\u00e1psulas.<strong><\/strong><\/p>\n","protected":false},"excerpt":{"rendered":"<p>Descripci\u00f3n:El suplemento Tribulus con Ginseng y Vitamina B12 ayuda a mantener bien los niveles hormonales de testosterona, estimulando el deseo sexual en hombres y mujeres. Al ginseng\u00a0se le conoce como [&hellip;]<\/p>\n","protected":false},"featured_media":1915,"comment_status":"open","ping_status":"closed","template":"","meta":[],"product_brand":[452],"product_cat":[337,318,324],"product_tag":[148,80],"class_list":{"0":"post-5407","1":"product","2":"type-product","3":"status-publish","4":"has-post-thumbnail","6":"product_brand-high-power","7":"product_cat-productos","8":"product_cat-salud","9":"product_cat-sexualidad","10":"product_tag-complejo-b","11":"product_tag-ginseng","13":"first","14":"instock","15":"shipping-taxable","16":"purchasable","17":"product-type-simple"},"_links":{"self":[{"href":"https:\/\/modest-napier.216-250-124-103.plesk.page\/index.php\/wp-json\/wp\/v2\/product\/5407","targetHints":{"allow":["GET"]}}],"collection":[{"href":"https:\/\/modest-napier.216-250-124-103.plesk.page\/index.php\/wp-json\/wp\/v2\/product"}],"about":[{"href":"https:\/\/modest-napier.216-250-124-103.plesk.page\/index.php\/wp-json\/wp\/v2\/types\/product"}],"replies":[{"embeddable":true,"href":"https:\/\/modest-napier.216-250-124-103.plesk.page\/index.php\/wp-json\/wp\/v2\/comments?post=5407"}],"wp:featuredmedia":[{"embeddable":true,"href":"https:\/\/modest-napier.216-250-124-103.plesk.page\/index.php\/wp-json\/wp\/v2\/media\/1915"}],"wp:attachment":[{"href":"https:\/\/modest-napier.216-250-124-103.plesk.page\/index.php\/wp-json\/wp\/v2\/media?parent=5407"}],"wp:term":[{"taxonomy":"product_brand","embeddable":true,"href":"https:\/\/modest-napier.216-250-124-103.plesk.page\/index.php\/wp-json\/wp\/v2\/product_brand?post=5407"},{"taxonomy":"product_cat","embeddable":true,"href":"https:\/\/modest-napier.216-250-124-103.plesk.page\/index.php\/wp-json\/wp\/v2\/product_cat?post=5407"},{"taxonomy":"product_tag","embeddable":true,"href":"https:\/\/modest-napier.216-250-124-103.plesk.page\/index.php\/wp-json\/wp\/v2\/product_tag?post=5407"}],"curies":[{"name":"wp","href":"https:\/\/api.w.org\/{rel}","templated":true}]}}