{"id":5423,"date":"2025-09-24T19:35:06","date_gmt":"2025-09-24T19:35:06","guid":{"rendered":"https:\/\/modest-napier.216-250-124-103.plesk.page\/index.php\/producto\/cap-vitamina-e-1000-c-30-vidanat\/"},"modified":"2025-09-24T20:43:56","modified_gmt":"2025-09-24T20:43:56","slug":"cap-vitamina-e-1000-c-30-vidanat","status":"publish","type":"product","link":"https:\/\/modest-napier.216-250-124-103.plesk.page\/index.php\/producto\/cap-vitamina-e-1000-c-30-vidanat\/","title":{"rendered":"Vitamina E (1000) 30 c\u00e1psulas Vidanat"},"content":{"rendered":"<p><strong>Descripci\u00f3n:\u00a0<\/strong><\/p>\n<p>El suplemento de\u00a0<strong>vitamina E<\/strong> es ideal para el correcto funcionamiento del sistema circulatorio, cardiovascular y act\u00faa como protector de la piel y las mucosas. Antioxidante que protege las c\u00e9lulas contra los da\u00f1os causados por los radicales libres..<\/p>\n<p><strong>Modo de uso:\u00a0<\/strong><\/p>\n<p>Tomar una c\u00e1psula antes de los alimentos.<\/p>\n<p><strong>Contenido:\u00a0<\/strong><\/p>\n<p>30 c\u00e1psulas.<\/p>\n","protected":false},"excerpt":{"rendered":"<p>Descripci\u00f3n:\u00a0 El suplemento de\u00a0vitamina E es ideal para el correcto funcionamiento del sistema circulatorio, cardiovascular y act\u00faa como protector de la piel y las mucosas. Antioxidante que protege las c\u00e9lulas [&hellip;]<\/p>\n","protected":false},"featured_media":1933,"comment_status":"open","ping_status":"closed","template":"","meta":[],"product_brand":[354],"product_cat":[337,318],"product_tag":[72],"class_list":{"0":"post-5423","1":"product","2":"type-product","3":"status-publish","4":"has-post-thumbnail","6":"product_brand-vidanat","7":"product_cat-productos","8":"product_cat-salud","9":"product_tag-vitamina-e","11":"first","12":"instock","13":"shipping-taxable","14":"purchasable","15":"product-type-simple"},"_links":{"self":[{"href":"https:\/\/modest-napier.216-250-124-103.plesk.page\/index.php\/wp-json\/wp\/v2\/product\/5423","targetHints":{"allow":["GET"]}}],"collection":[{"href":"https:\/\/modest-napier.216-250-124-103.plesk.page\/index.php\/wp-json\/wp\/v2\/product"}],"about":[{"href":"https:\/\/modest-napier.216-250-124-103.plesk.page\/index.php\/wp-json\/wp\/v2\/types\/product"}],"replies":[{"embeddable":true,"href":"https:\/\/modest-napier.216-250-124-103.plesk.page\/index.php\/wp-json\/wp\/v2\/comments?post=5423"}],"wp:featuredmedia":[{"embeddable":true,"href":"https:\/\/modest-napier.216-250-124-103.plesk.page\/index.php\/wp-json\/wp\/v2\/media\/1933"}],"wp:attachment":[{"href":"https:\/\/modest-napier.216-250-124-103.plesk.page\/index.php\/wp-json\/wp\/v2\/media?parent=5423"}],"wp:term":[{"taxonomy":"product_brand","embeddable":true,"href":"https:\/\/modest-napier.216-250-124-103.plesk.page\/index.php\/wp-json\/wp\/v2\/product_brand?post=5423"},{"taxonomy":"product_cat","embeddable":true,"href":"https:\/\/modest-napier.216-250-124-103.plesk.page\/index.php\/wp-json\/wp\/v2\/product_cat?post=5423"},{"taxonomy":"product_tag","embeddable":true,"href":"https:\/\/modest-napier.216-250-124-103.plesk.page\/index.php\/wp-json\/wp\/v2\/product_tag?post=5423"}],"curies":[{"name":"wp","href":"https:\/\/api.w.org\/{rel}","templated":true}]}}