{"id":5438,"date":"2025-09-24T19:35:25","date_gmt":"2025-09-24T19:35:25","guid":{"rendered":"https:\/\/modest-napier.216-250-124-103.plesk.page\/index.php\/producto\/capleta-reumo-flex-verde-c-30-ypenza\/"},"modified":"2025-09-24T20:46:29","modified_gmt":"2025-09-24T20:46:29","slug":"capleta-reumo-flex-verde-c-30-ypenza","status":"publish","type":"product","link":"https:\/\/modest-napier.216-250-124-103.plesk.page\/index.php\/producto\/capleta-reumo-flex-verde-c-30-ypenza\/","title":{"rendered":"Reumo Flex 30 capletas Ypenza"},"content":{"rendered":"<p data-mce-fragment=\"1\"><strong data-mce-fragment=\"1\">Descripci\u00f3n:<\/strong><\/p>\n<p data-mce-fragment=\"1\">El suplemento <strong>Reumo Flex<\/strong> funciona como un poderoso anti-inflamatorio. Fortalece los huesos y es una buena alternativa en los dolores reum\u00e1ticos y producidos por c\u00e1lculos biliares y diabetes.<\/p>\n<ul><\/ul>\n<p data-mce-fragment=\"1\"><strong>Ingredientes:<\/strong><\/p>\n<p data-mce-fragment=\"1\">Guasima, encino blanco, <a href=\"https:\/\/natuzem.com\/blogs\/salud-natural\/garra-del-diablo-beneficios\">garra del diablo<\/a>, cancerina, c\u00farcuma, cart\u00edlago de tibur\u00f3n.<\/p>\n<p data-mce-fragment=\"1\"><strong>Modo de uso:<\/strong><\/p>\n<p data-mce-fragment=\"1\">1 a 2 capleta diaria.<\/p>\n<p data-mce-fragment=\"1\"><strong data-mce-fragment=\"1\">Contenido:<\/strong><\/p>\n<p data-mce-fragment=\"1\">30 capletas.<\/p>\n","protected":false},"excerpt":{"rendered":"<p>Descripci\u00f3n: El suplemento Reumo Flex funciona como un poderoso anti-inflamatorio. Fortalece los huesos y es una buena alternativa en los dolores reum\u00e1ticos y producidos por c\u00e1lculos biliares y diabetes. Ingredientes: [&hellip;]<\/p>\n","protected":false},"featured_media":1948,"comment_status":"open","ping_status":"closed","template":"","meta":[],"product_brand":[414],"product_cat":[297,337,318],"product_tag":[125,194,151,205,216],"class_list":{"0":"post-5438","1":"product","2":"type-product","3":"status-publish","4":"has-post-thumbnail","6":"product_brand-ypenza","7":"product_cat-dolor-en-articulaciones","8":"product_cat-productos","9":"product_cat-salud","10":"product_tag-cancerina","11":"product_tag-cartilago-de-tiburon","12":"product_tag-curcuma","13":"product_tag-encino-blanco","14":"product_tag-garra-del-diablo","16":"first","17":"instock","18":"shipping-taxable","19":"purchasable","20":"product-type-simple"},"_links":{"self":[{"href":"https:\/\/modest-napier.216-250-124-103.plesk.page\/index.php\/wp-json\/wp\/v2\/product\/5438","targetHints":{"allow":["GET"]}}],"collection":[{"href":"https:\/\/modest-napier.216-250-124-103.plesk.page\/index.php\/wp-json\/wp\/v2\/product"}],"about":[{"href":"https:\/\/modest-napier.216-250-124-103.plesk.page\/index.php\/wp-json\/wp\/v2\/types\/product"}],"replies":[{"embeddable":true,"href":"https:\/\/modest-napier.216-250-124-103.plesk.page\/index.php\/wp-json\/wp\/v2\/comments?post=5438"}],"wp:featuredmedia":[{"embeddable":true,"href":"https:\/\/modest-napier.216-250-124-103.plesk.page\/index.php\/wp-json\/wp\/v2\/media\/1948"}],"wp:attachment":[{"href":"https:\/\/modest-napier.216-250-124-103.plesk.page\/index.php\/wp-json\/wp\/v2\/media?parent=5438"}],"wp:term":[{"taxonomy":"product_brand","embeddable":true,"href":"https:\/\/modest-napier.216-250-124-103.plesk.page\/index.php\/wp-json\/wp\/v2\/product_brand?post=5438"},{"taxonomy":"product_cat","embeddable":true,"href":"https:\/\/modest-napier.216-250-124-103.plesk.page\/index.php\/wp-json\/wp\/v2\/product_cat?post=5438"},{"taxonomy":"product_tag","embeddable":true,"href":"https:\/\/modest-napier.216-250-124-103.plesk.page\/index.php\/wp-json\/wp\/v2\/product_tag?post=5438"}],"curies":[{"name":"wp","href":"https:\/\/api.w.org\/{rel}","templated":true}]}}