{"id":5440,"date":"2025-09-24T19:35:27","date_gmt":"2025-09-24T19:35:27","guid":{"rendered":"https:\/\/modest-napier.216-250-124-103.plesk.page\/index.php\/producto\/capletas-kuka-flex-forte-c-30-kukamonga\/"},"modified":"2025-09-24T20:45:48","modified_gmt":"2025-09-24T20:45:48","slug":"kuka-flex-forte","status":"publish","type":"product","link":"https:\/\/modest-napier.216-250-124-103.plesk.page\/index.php\/producto\/kuka-flex-forte\/","title":{"rendered":"Kuka Flex Forte 30 capletas Kukamonga"},"content":{"rendered":"<p data-mce-fragment=\"1\"><span mce-data-marked=\"1\"><strong>Kuka Flex Forte<\/strong> est\u00e1 dise\u00f1ado para erradicar el dolor articular y el reumatismo de manera efectiva, gracias a su f\u00f3rmula natural. No solo alivia el dolor, sino que tambi\u00e9n trabaja en la regeneraci\u00f3n de articulaciones y ligamentos, ofreciendo una revitalizaci\u00f3n a los cart\u00edlagos, coyunturas y mitigando da\u00f1os en la columna y el nervio ci\u00e1tico.<\/span><em><\/em><\/p>\n","protected":false},"excerpt":{"rendered":"<p>Kuka Flex Forte est\u00e1 dise\u00f1ado para erradicar el dolor articular y el reumatismo de manera efectiva, gracias a su f\u00f3rmula natural. No solo alivia el dolor, sino que tambi\u00e9n trabaja [&hellip;]<\/p>\n","protected":false},"featured_media":1950,"comment_status":"open","ping_status":"closed","template":"","meta":[],"product_brand":[514],"product_cat":[297,312,337,318],"product_tag":[105,91,92,136,60,138],"class_list":{"0":"post-5440","1":"product","2":"type-product","3":"status-publish","4":"has-post-thumbnail","6":"product_brand-kukamonga","7":"product_cat-dolor-en-articulaciones","8":"product_cat-populares","9":"product_cat-productos","10":"product_cat-salud","11":"product_tag-acido-hialuronico","12":"product_tag-condroitina","13":"product_tag-glucosamina","14":"product_tag-jengibre","15":"product_tag-sabila","16":"product_tag-te-verde","18":"first","19":"instock","20":"shipping-taxable","21":"purchasable","22":"product-type-simple"},"_links":{"self":[{"href":"https:\/\/modest-napier.216-250-124-103.plesk.page\/index.php\/wp-json\/wp\/v2\/product\/5440","targetHints":{"allow":["GET"]}}],"collection":[{"href":"https:\/\/modest-napier.216-250-124-103.plesk.page\/index.php\/wp-json\/wp\/v2\/product"}],"about":[{"href":"https:\/\/modest-napier.216-250-124-103.plesk.page\/index.php\/wp-json\/wp\/v2\/types\/product"}],"replies":[{"embeddable":true,"href":"https:\/\/modest-napier.216-250-124-103.plesk.page\/index.php\/wp-json\/wp\/v2\/comments?post=5440"}],"wp:featuredmedia":[{"embeddable":true,"href":"https:\/\/modest-napier.216-250-124-103.plesk.page\/index.php\/wp-json\/wp\/v2\/media\/1950"}],"wp:attachment":[{"href":"https:\/\/modest-napier.216-250-124-103.plesk.page\/index.php\/wp-json\/wp\/v2\/media?parent=5440"}],"wp:term":[{"taxonomy":"product_brand","embeddable":true,"href":"https:\/\/modest-napier.216-250-124-103.plesk.page\/index.php\/wp-json\/wp\/v2\/product_brand?post=5440"},{"taxonomy":"product_cat","embeddable":true,"href":"https:\/\/modest-napier.216-250-124-103.plesk.page\/index.php\/wp-json\/wp\/v2\/product_cat?post=5440"},{"taxonomy":"product_tag","embeddable":true,"href":"https:\/\/modest-napier.216-250-124-103.plesk.page\/index.php\/wp-json\/wp\/v2\/product_tag?post=5440"}],"curies":[{"name":"wp","href":"https:\/\/api.w.org\/{rel}","templated":true}]}}