{"id":5506,"date":"2025-09-24T19:36:57","date_gmt":"2025-09-24T19:36:57","guid":{"rendered":"https:\/\/modest-napier.216-250-124-103.plesk.page\/index.php\/producto\/crema-sebo-de-res-con-celulas-madre-de-manzana-c-50-g-naturalu\/"},"modified":"2025-09-24T20:43:25","modified_gmt":"2025-09-24T20:43:25","slug":"crema-sebo-de-res","status":"publish","type":"product","link":"https:\/\/modest-napier.216-250-124-103.plesk.page\/index.php\/producto\/crema-sebo-de-res\/","title":{"rendered":"Crema Sebo de Res 50 g Natural&#8217;U"},"content":{"rendered":"<p class=\"MsoNormal\">F\u00f3rmula nutrir e hidratar la piel, y para tratar manchas, acn\u00e9 y pigmentaci\u00f3n. El <strong>sebo de res<\/strong> esta compuesto de \u00e1cidos grasos que pueden hidratar y fortalecer la barrera cut\u00e1nea, act\u00faa como emoliente, suaviza ablanda y aumenta el grado de humedad en la piel.<\/p>\n","protected":false},"excerpt":{"rendered":"<p>F\u00f3rmula nutrir e hidratar la piel, y para tratar manchas, acn\u00e9 y pigmentaci\u00f3n. El sebo de res esta compuesto de \u00e1cidos grasos que pueden hidratar y fortalecer la barrera cut\u00e1nea, [&hellip;]<\/p>\n","protected":false},"featured_media":2023,"comment_status":"open","ping_status":"closed","template":"","meta":[],"product_brand":[357],"product_cat":[289,291,307,337,318],"product_tag":[225],"class_list":{"0":"post-5506","1":"product","2":"type-product","3":"status-publish","4":"has-post-thumbnail","6":"product_brand-naturalu","7":"product_cat-belleza","8":"product_cat-cosmeticos","9":"product_cat-nuevos","10":"product_cat-productos","11":"product_cat-salud","12":"product_tag-cebo-de-res","14":"first","15":"instock","16":"shipping-taxable","17":"purchasable","18":"product-type-simple"},"_links":{"self":[{"href":"https:\/\/modest-napier.216-250-124-103.plesk.page\/index.php\/wp-json\/wp\/v2\/product\/5506","targetHints":{"allow":["GET"]}}],"collection":[{"href":"https:\/\/modest-napier.216-250-124-103.plesk.page\/index.php\/wp-json\/wp\/v2\/product"}],"about":[{"href":"https:\/\/modest-napier.216-250-124-103.plesk.page\/index.php\/wp-json\/wp\/v2\/types\/product"}],"replies":[{"embeddable":true,"href":"https:\/\/modest-napier.216-250-124-103.plesk.page\/index.php\/wp-json\/wp\/v2\/comments?post=5506"}],"wp:featuredmedia":[{"embeddable":true,"href":"https:\/\/modest-napier.216-250-124-103.plesk.page\/index.php\/wp-json\/wp\/v2\/media\/2023"}],"wp:attachment":[{"href":"https:\/\/modest-napier.216-250-124-103.plesk.page\/index.php\/wp-json\/wp\/v2\/media?parent=5506"}],"wp:term":[{"taxonomy":"product_brand","embeddable":true,"href":"https:\/\/modest-napier.216-250-124-103.plesk.page\/index.php\/wp-json\/wp\/v2\/product_brand?post=5506"},{"taxonomy":"product_cat","embeddable":true,"href":"https:\/\/modest-napier.216-250-124-103.plesk.page\/index.php\/wp-json\/wp\/v2\/product_cat?post=5506"},{"taxonomy":"product_tag","embeddable":true,"href":"https:\/\/modest-napier.216-250-124-103.plesk.page\/index.php\/wp-json\/wp\/v2\/product_tag?post=5506"}],"curies":[{"name":"wp","href":"https:\/\/api.w.org\/{rel}","templated":true}]}}