{"id":5537,"date":"2025-09-24T19:37:39","date_gmt":"2025-09-24T19:37:39","guid":{"rendered":"https:\/\/modest-napier.216-250-124-103.plesk.page\/index.php\/producto\/ext-m-ocho-rrq-crisis-c-30-ml-flores-de-bach\/"},"modified":"2025-09-24T20:45:30","modified_gmt":"2025-09-24T20:45:30","slug":"ext-m-ocho-rrq-crisis-c-30-ml-flores-de-bach","status":"publish","type":"product","link":"https:\/\/modest-napier.216-250-124-103.plesk.page\/index.php\/producto\/ext-m-ocho-rrq-crisis-c-30-ml-flores-de-bach\/","title":{"rendered":"Extracto M-ocho 30 ml Flores de Bach"},"content":{"rendered":"<p><strong>Descripci\u00f3n:<\/strong><br \/> Descubre el <strong>Extracto M-Ocho de Flores de Bach<\/strong>, una\u00a0respuesta\u00a0hol\u00edstica para equilibrar tu cuerpo y mente. Formulado para abordar tanto enfermedades f\u00edsicas como psicosom\u00e1ticas, ofrece alivio para trastornos psicol\u00f3gicos y emocionales: miedos, ansiedades, estr\u00e9s, soledad, depresi\u00f3n, desesperaci\u00f3n y obsesi\u00f3n.<em>\u00a0El Extracto M-Ocho es\u00a0auxiliar en problemas emocionales y tendencias autodestructivas.<\/em><\/p>\n<p><!--Auxiliar en problemas emocionales y tendencias autodestructivas.--><\/p>\n<p><strong>Modo de uso:<\/strong><br \/>Tomar 5 gotas por toma directamente sobre la boca o diluidas en un poco de agua, 3 a 5 veces al d\u00eda.<\/p>\n<p><strong>Contenido:<\/strong><br \/>30ml.<\/p>\n","protected":false},"excerpt":{"rendered":"<p>Descripci\u00f3n: Descubre el Extracto M-Ocho de Flores de Bach, una\u00a0respuesta\u00a0hol\u00edstica para equilibrar tu cuerpo y mente. Formulado para abordar tanto enfermedades f\u00edsicas como psicosom\u00e1ticas, ofrece alivio para trastornos psicol\u00f3gicos y [&hellip;]<\/p>\n","protected":false},"featured_media":2058,"comment_status":"open","ping_status":"closed","template":"","meta":[],"product_brand":[384],"product_cat":[303,337,318],"product_tag":[],"class_list":{"0":"post-5537","1":"product","2":"type-product","3":"status-publish","4":"has-post-thumbnail","6":"product_brand-flores-de-bach","7":"product_cat-insomnio-y-ansiedad","8":"product_cat-productos","9":"product_cat-salud","11":"first","12":"instock","13":"shipping-taxable","14":"purchasable","15":"product-type-simple"},"_links":{"self":[{"href":"https:\/\/modest-napier.216-250-124-103.plesk.page\/index.php\/wp-json\/wp\/v2\/product\/5537","targetHints":{"allow":["GET"]}}],"collection":[{"href":"https:\/\/modest-napier.216-250-124-103.plesk.page\/index.php\/wp-json\/wp\/v2\/product"}],"about":[{"href":"https:\/\/modest-napier.216-250-124-103.plesk.page\/index.php\/wp-json\/wp\/v2\/types\/product"}],"replies":[{"embeddable":true,"href":"https:\/\/modest-napier.216-250-124-103.plesk.page\/index.php\/wp-json\/wp\/v2\/comments?post=5537"}],"wp:featuredmedia":[{"embeddable":true,"href":"https:\/\/modest-napier.216-250-124-103.plesk.page\/index.php\/wp-json\/wp\/v2\/media\/2058"}],"wp:attachment":[{"href":"https:\/\/modest-napier.216-250-124-103.plesk.page\/index.php\/wp-json\/wp\/v2\/media?parent=5537"}],"wp:term":[{"taxonomy":"product_brand","embeddable":true,"href":"https:\/\/modest-napier.216-250-124-103.plesk.page\/index.php\/wp-json\/wp\/v2\/product_brand?post=5537"},{"taxonomy":"product_cat","embeddable":true,"href":"https:\/\/modest-napier.216-250-124-103.plesk.page\/index.php\/wp-json\/wp\/v2\/product_cat?post=5537"},{"taxonomy":"product_tag","embeddable":true,"href":"https:\/\/modest-napier.216-250-124-103.plesk.page\/index.php\/wp-json\/wp\/v2\/product_tag?post=5537"}],"curies":[{"name":"wp","href":"https:\/\/api.w.org\/{rel}","templated":true}]}}