{"id":5601,"date":"2025-09-24T19:39:02","date_gmt":"2025-09-24T19:39:02","guid":{"rendered":"https:\/\/modest-napier.216-250-124-103.plesk.page\/index.php\/producto\/fibra-jugo-verde-c-1-2-kg-herbomex\/"},"modified":"2025-09-24T20:43:42","modified_gmt":"2025-09-24T20:43:42","slug":"fibra-jugo-verde-c-1-2-kg-herbomex","status":"publish","type":"product","link":"https:\/\/modest-napier.216-250-124-103.plesk.page\/index.php\/producto\/fibra-jugo-verde-c-1-2-kg-herbomex\/","title":{"rendered":"Fibra Jugo Verde 1.2 kg Herbomex"},"content":{"rendered":"<p>\u00a1Conoce la <strong>fibra en polvo de Jugo Verde<\/strong>! Esta bebida tiene un efecto diur\u00e9tico, al consumirla eliminas las sustancias o desechos que tu cuerpo no necesita. Tambi\u00e9n se ha demostrado que el jugo verde ayuda a combatir la retenci\u00f3n de l\u00edquidos, la cual podr\u00eda provocar inflamaci\u00f3n.<strong><\/strong><\/p>\n","protected":false},"excerpt":{"rendered":"<p>\u00a1Conoce la fibra en polvo de Jugo Verde! Esta bebida tiene un efecto diur\u00e9tico, al consumirla eliminas las sustancias o desechos que tu cuerpo no necesita. Tambi\u00e9n se ha demostrado [&hellip;]<\/p>\n","protected":false},"featured_media":2126,"comment_status":"open","ping_status":"closed","template":"","meta":[],"product_brand":[351],"product_cat":[287,336,308,337],"product_tag":[120,40,114,137,231,174,49,98,168,109,123,60,117],"class_list":{"0":"post-5601","1":"product","2":"type-product","3":"status-publish","4":"has-post-thumbnail","6":"product_brand-herbomex","7":"product_cat-baja-de-peso","8":"product_cat-celebra-el-verano-","9":"product_cat-nutricion","10":"product_cat-productos","11":"product_tag-apio","12":"product_tag-celebra-el-verano","13":"product_tag-chia","14":"product_tag-ciruela","15":"product_tag-espinaca","16":"product_tag-goji","17":"product_tag-moringa","18":"product_tag-nopal","19":"product_tag-papaya","20":"product_tag-perejil","21":"product_tag-pina","22":"product_tag-sabila","23":"product_tag-toronja","25":"first","26":"instock","27":"shipping-taxable","28":"purchasable","29":"product-type-simple"},"_links":{"self":[{"href":"https:\/\/modest-napier.216-250-124-103.plesk.page\/index.php\/wp-json\/wp\/v2\/product\/5601","targetHints":{"allow":["GET"]}}],"collection":[{"href":"https:\/\/modest-napier.216-250-124-103.plesk.page\/index.php\/wp-json\/wp\/v2\/product"}],"about":[{"href":"https:\/\/modest-napier.216-250-124-103.plesk.page\/index.php\/wp-json\/wp\/v2\/types\/product"}],"replies":[{"embeddable":true,"href":"https:\/\/modest-napier.216-250-124-103.plesk.page\/index.php\/wp-json\/wp\/v2\/comments?post=5601"}],"wp:featuredmedia":[{"embeddable":true,"href":"https:\/\/modest-napier.216-250-124-103.plesk.page\/index.php\/wp-json\/wp\/v2\/media\/2126"}],"wp:attachment":[{"href":"https:\/\/modest-napier.216-250-124-103.plesk.page\/index.php\/wp-json\/wp\/v2\/media?parent=5601"}],"wp:term":[{"taxonomy":"product_brand","embeddable":true,"href":"https:\/\/modest-napier.216-250-124-103.plesk.page\/index.php\/wp-json\/wp\/v2\/product_brand?post=5601"},{"taxonomy":"product_cat","embeddable":true,"href":"https:\/\/modest-napier.216-250-124-103.plesk.page\/index.php\/wp-json\/wp\/v2\/product_cat?post=5601"},{"taxonomy":"product_tag","embeddable":true,"href":"https:\/\/modest-napier.216-250-124-103.plesk.page\/index.php\/wp-json\/wp\/v2\/product_tag?post=5601"}],"curies":[{"name":"wp","href":"https:\/\/api.w.org\/{rel}","templated":true}]}}