{"id":5607,"date":"2025-09-24T19:39:14","date_gmt":"2025-09-24T19:39:14","guid":{"rendered":"https:\/\/modest-napier.216-250-124-103.plesk.page\/index.php\/producto\/fibra-pinalinaza-470-gr-el-eden\/"},"modified":"2025-09-24T20:47:31","modified_gmt":"2025-09-24T20:47:31","slug":"fibra-pinalinaza-470-gr-el-eden","status":"publish","type":"product","link":"https:\/\/modest-napier.216-250-124-103.plesk.page\/index.php\/producto\/fibra-pinalinaza-470-gr-el-eden\/","title":{"rendered":"Fibra Pi\u00f1alinaza 470 g El Ed\u00e9n"},"content":{"rendered":"<p data-mce-fragment=\"1\"><strong data-mce-fragment=\"1\">Descripci\u00f3n:<\/strong><\/p>\n<p data-mce-fragment=\"1\"><span data-mce-fragment=\"1\">La <em>fibra Pi\u00f1alinaza<\/em> ayuda a eliminar eficazmente el exceso de az\u00facar en la sangre y en la orina. Combate problemas de gastritis, colitis, agruras y acidez. Ayuda a disminuir el colesterol. <a href=\"#more\">Leer m\u00e1s \u00bb<\/a><\/span><\/p>\n<p data-mce-fragment=\"1\"><strong data-mce-fragment=\"1\">Ingredientes:<\/strong><\/p>\n<p data-mce-fragment=\"1\">\ufeffPi\u00f1a, Linaza, Toronja, Naranja, Nopal.<\/p>\n<p data-mce-fragment=\"1\"><strong data-mce-fragment=\"1\">Modo de uso:<\/strong><\/p>\n<p data-mce-fragment=\"1\">Tomar 1 cucharada sopera diluida en un\u00a0 vaso de agua, por la ma\u00f1ana\u00a0<\/p>\n<p data-mce-fragment=\"1\"><strong data-mce-fragment=\"1\">Contenido:<\/strong><\/p>\n<p data-mce-fragment=\"1\">470 g.<\/p>\n","protected":false},"excerpt":{"rendered":"<p>Descripci\u00f3n: La fibra Pi\u00f1alinaza ayuda a eliminar eficazmente el exceso de az\u00facar en la sangre y en la orina. Combate problemas de gastritis, colitis, agruras y acidez. Ayuda a disminuir [&hellip;]<\/p>\n","protected":false},"featured_media":2132,"comment_status":"open","ping_status":"closed","template":"","meta":[],"product_brand":[624],"product_cat":[336,308,337,318,323],"product_tag":[40,46,98,123,117],"class_list":{"0":"post-5607","1":"product","2":"type-product","3":"status-publish","4":"has-post-thumbnail","6":"product_brand-el-eden","7":"product_cat-celebra-el-verano-","8":"product_cat-nutricion","9":"product_cat-productos","10":"product_cat-salud","11":"product_cat-salud-intestinal","12":"product_tag-celebra-el-verano","13":"product_tag-linaza","14":"product_tag-nopal","15":"product_tag-pina","16":"product_tag-toronja","18":"first","19":"instock","20":"shipping-taxable","21":"purchasable","22":"product-type-simple"},"_links":{"self":[{"href":"https:\/\/modest-napier.216-250-124-103.plesk.page\/index.php\/wp-json\/wp\/v2\/product\/5607","targetHints":{"allow":["GET"]}}],"collection":[{"href":"https:\/\/modest-napier.216-250-124-103.plesk.page\/index.php\/wp-json\/wp\/v2\/product"}],"about":[{"href":"https:\/\/modest-napier.216-250-124-103.plesk.page\/index.php\/wp-json\/wp\/v2\/types\/product"}],"replies":[{"embeddable":true,"href":"https:\/\/modest-napier.216-250-124-103.plesk.page\/index.php\/wp-json\/wp\/v2\/comments?post=5607"}],"wp:featuredmedia":[{"embeddable":true,"href":"https:\/\/modest-napier.216-250-124-103.plesk.page\/index.php\/wp-json\/wp\/v2\/media\/2132"}],"wp:attachment":[{"href":"https:\/\/modest-napier.216-250-124-103.plesk.page\/index.php\/wp-json\/wp\/v2\/media?parent=5607"}],"wp:term":[{"taxonomy":"product_brand","embeddable":true,"href":"https:\/\/modest-napier.216-250-124-103.plesk.page\/index.php\/wp-json\/wp\/v2\/product_brand?post=5607"},{"taxonomy":"product_cat","embeddable":true,"href":"https:\/\/modest-napier.216-250-124-103.plesk.page\/index.php\/wp-json\/wp\/v2\/product_cat?post=5607"},{"taxonomy":"product_tag","embeddable":true,"href":"https:\/\/modest-napier.216-250-124-103.plesk.page\/index.php\/wp-json\/wp\/v2\/product_tag?post=5607"}],"curies":[{"name":"wp","href":"https:\/\/api.w.org\/{rel}","templated":true}]}}