{"id":5609,"date":"2025-09-24T19:39:19","date_gmt":"2025-09-24T19:39:19","guid":{"rendered":"https:\/\/modest-napier.216-250-124-103.plesk.page\/index.php\/producto\/fibra-plantago-psyllium-natural-c-200-gr-quivena\/"},"modified":"2025-09-24T20:43:36","modified_gmt":"2025-09-24T20:43:36","slug":"plantago-psyllium-natural-quivena","status":"publish","type":"product","link":"https:\/\/modest-napier.216-250-124-103.plesk.page\/index.php\/producto\/plantago-psyllium-natural-quivena\/","title":{"rendered":""},"content":{"rendered":"<p><strong>Descripci\u00f3n:<\/strong><br data-mce-fragment=\"1\">La fibra de psyllium o pl\u00e1ntago alivia el estre\u00f1imiento, reduce los niveles de colesterol, favorece a una buena digesti\u00f3n, ayuda a mejorar la salud intestinal ya que es muy buena fuente de fibra.<\/p>\n<p><strong>Modo de uso:<\/strong><br data-mce-fragment=\"1\">Tomar una cucharada cafetera 2 veces al d\u00eda en la bebida de su preferencia.<\/p>\n<p><strong>Contenido:<\/strong><br data-mce-fragment=\"1\"> 200 g.<\/p>\n","protected":false},"excerpt":{"rendered":"<p>Descripci\u00f3n:La fibra de psyllium o pl\u00e1ntago alivia el estre\u00f1imiento, reduce los niveles de colesterol, favorece a una buena digesti\u00f3n, ayuda a mejorar la salud intestinal ya que es muy buena [&hellip;]<\/p>\n","protected":false},"featured_media":2133,"comment_status":"open","ping_status":"closed","template":"","meta":[],"product_brand":[457],"product_cat":[308,337,318],"product_tag":[232],"class_list":{"0":"post-5609","1":"product","2":"type-product","3":"status-publish","4":"has-post-thumbnail","6":"product_brand-quivena","7":"product_cat-nutricion","8":"product_cat-productos","9":"product_cat-salud","10":"product_tag-plantago","12":"first","13":"instock","14":"shipping-taxable","15":"purchasable","16":"product-type-simple"},"_links":{"self":[{"href":"https:\/\/modest-napier.216-250-124-103.plesk.page\/index.php\/wp-json\/wp\/v2\/product\/5609","targetHints":{"allow":["GET"]}}],"collection":[{"href":"https:\/\/modest-napier.216-250-124-103.plesk.page\/index.php\/wp-json\/wp\/v2\/product"}],"about":[{"href":"https:\/\/modest-napier.216-250-124-103.plesk.page\/index.php\/wp-json\/wp\/v2\/types\/product"}],"replies":[{"embeddable":true,"href":"https:\/\/modest-napier.216-250-124-103.plesk.page\/index.php\/wp-json\/wp\/v2\/comments?post=5609"}],"wp:featuredmedia":[{"embeddable":true,"href":"https:\/\/modest-napier.216-250-124-103.plesk.page\/index.php\/wp-json\/wp\/v2\/media\/2133"}],"wp:attachment":[{"href":"https:\/\/modest-napier.216-250-124-103.plesk.page\/index.php\/wp-json\/wp\/v2\/media?parent=5609"}],"wp:term":[{"taxonomy":"product_brand","embeddable":true,"href":"https:\/\/modest-napier.216-250-124-103.plesk.page\/index.php\/wp-json\/wp\/v2\/product_brand?post=5609"},{"taxonomy":"product_cat","embeddable":true,"href":"https:\/\/modest-napier.216-250-124-103.plesk.page\/index.php\/wp-json\/wp\/v2\/product_cat?post=5609"},{"taxonomy":"product_tag","embeddable":true,"href":"https:\/\/modest-napier.216-250-124-103.plesk.page\/index.php\/wp-json\/wp\/v2\/product_tag?post=5609"}],"curies":[{"name":"wp","href":"https:\/\/api.w.org\/{rel}","templated":true}]}}