{"id":5632,"date":"2025-09-24T19:39:51","date_gmt":"2025-09-24T19:39:51","guid":{"rendered":"https:\/\/modest-napier.216-250-124-103.plesk.page\/index.php\/producto\/gel-cloruro-de-magnesio-corporal-c-475gr-vidanat\/"},"modified":"2025-09-24T20:44:02","modified_gmt":"2025-09-24T20:44:02","slug":"gel-cloruro-de-magnesio-corporal-c-475gr-vidanat","status":"publish","type":"product","link":"https:\/\/modest-napier.216-250-124-103.plesk.page\/index.php\/producto\/gel-cloruro-de-magnesio-corporal-c-475gr-vidanat\/","title":{"rendered":"Gel Corporal de Cloruro de Magnesio 475 g Vidanat"},"content":{"rendered":"<p><meta charset=\"utf-8\"><\/p>\n<p><span data-sheets-value='{\"1\":2,\"2\":\"Descripci\u00f3n:n Ayuda a mantener una buan circulacion sanguinea, previniendo lesiones musculares y calambres. ayuda contra el dolor y actua como anti inflamatorio .n.nModo de uso:nnAplicar en la zona deseada dando un leve masaje hasta que se absorba por completo. nnContenido:nn475 GR\"}' data-sheets-userformat='{\"2\":14913,\"3\":{\"1\":0},\"9\":1,\"12\":0,\"14\":{\"1\":2,\"2\":2173750},\"15\":\"Arial\",\"16\":9}'><strong>Descripci\u00f3n:\u00a0<\/strong><\/span><\/p>\n<p><span data-sheets-value='{\"1\":2,\"2\":\"Descripci\u00f3n:n Ayuda a mantener una buan circulacion sanguinea, previniendo lesiones musculares y calambres. ayuda contra el dolor y actua como anti inflamatorio .n.nModo de uso:nnAplicar en la zona deseada dando un leve masaje hasta que se absorba por completo. nnContenido:nn475 GR\"}' data-sheets-userformat='{\"2\":14913,\"3\":{\"1\":0},\"9\":1,\"12\":0,\"14\":{\"1\":2,\"2\":2173750},\"15\":\"Arial\",\"16\":9}'>El <strong>gel de cloruro de magnesio<\/strong> ayuda a mantener una buena circulaci\u00f3n sangu\u00ednea, previniendo lesiones musculares y calambres. Ayuda contra el dolor y act\u00faa como antiinflamatorio.<\/p>\n<p><strong>Modo de uso:\u00a0<\/strong><\/span><\/p>\n<p><span data-sheets-value='{\"1\":2,\"2\":\"Descripci\u00f3n:n Ayuda a mantener una buan circulacion sanguinea, previniendo lesiones musculares y calambres. ayuda contra el dolor y actua como anti inflamatorio .n.nModo de uso:nnAplicar en la zona deseada dando un leve masaje hasta que se absorba por completo. nnContenido:nn475 GR\"}' data-sheets-userformat='{\"2\":14913,\"3\":{\"1\":0},\"9\":1,\"12\":0,\"14\":{\"1\":2,\"2\":2173750},\"15\":\"Arial\",\"16\":9}'>Aplicar en la zona deseada dando un leve masaje hasta que se absorba por completo.<\/p>\n<p><strong>Contenido:\u00a0<\/strong><\/span><\/p>\n<p><span data-sheets-value='{\"1\":2,\"2\":\"Descripci\u00f3n:n Ayuda a mantener una buan circulacion sanguinea, previniendo lesiones musculares y calambres. ayuda contra el dolor y actua como anti inflamatorio .n.nModo de uso:nnAplicar en la zona deseada dando un leve masaje hasta que se absorba por completo. nnContenido:nn475 GR\"}' data-sheets-userformat='{\"2\":14913,\"3\":{\"1\":0},\"9\":1,\"12\":0,\"14\":{\"1\":2,\"2\":2173750},\"15\":\"Arial\",\"16\":9}'>475 g.<\/span><\/p>\n","protected":false},"excerpt":{"rendered":"<p>Descripci\u00f3n:\u00a0 El gel de cloruro de magnesio ayuda a mantener una buena circulaci\u00f3n sangu\u00ednea, previniendo lesiones musculares y calambres. Ayuda contra el dolor y act\u00faa como antiinflamatorio. Modo de uso:\u00a0 [&hellip;]<\/p>\n","protected":false},"featured_media":2157,"comment_status":"open","ping_status":"closed","template":"","meta":[],"product_brand":[354],"product_cat":[286,337,318],"product_tag":[39],"class_list":{"0":"post-5632","1":"product","2":"type-product","3":"status-publish","4":"has-post-thumbnail","6":"product_brand-vidanat","7":"product_cat-analgesicos-en-gel","8":"product_cat-productos","9":"product_cat-salud","10":"product_tag-magnesio","12":"first","13":"outofstock","14":"shipping-taxable","15":"purchasable","16":"product-type-simple"},"_links":{"self":[{"href":"https:\/\/modest-napier.216-250-124-103.plesk.page\/index.php\/wp-json\/wp\/v2\/product\/5632","targetHints":{"allow":["GET"]}}],"collection":[{"href":"https:\/\/modest-napier.216-250-124-103.plesk.page\/index.php\/wp-json\/wp\/v2\/product"}],"about":[{"href":"https:\/\/modest-napier.216-250-124-103.plesk.page\/index.php\/wp-json\/wp\/v2\/types\/product"}],"replies":[{"embeddable":true,"href":"https:\/\/modest-napier.216-250-124-103.plesk.page\/index.php\/wp-json\/wp\/v2\/comments?post=5632"}],"wp:featuredmedia":[{"embeddable":true,"href":"https:\/\/modest-napier.216-250-124-103.plesk.page\/index.php\/wp-json\/wp\/v2\/media\/2157"}],"wp:attachment":[{"href":"https:\/\/modest-napier.216-250-124-103.plesk.page\/index.php\/wp-json\/wp\/v2\/media?parent=5632"}],"wp:term":[{"taxonomy":"product_brand","embeddable":true,"href":"https:\/\/modest-napier.216-250-124-103.plesk.page\/index.php\/wp-json\/wp\/v2\/product_brand?post=5632"},{"taxonomy":"product_cat","embeddable":true,"href":"https:\/\/modest-napier.216-250-124-103.plesk.page\/index.php\/wp-json\/wp\/v2\/product_cat?post=5632"},{"taxonomy":"product_tag","embeddable":true,"href":"https:\/\/modest-napier.216-250-124-103.plesk.page\/index.php\/wp-json\/wp\/v2\/product_tag?post=5632"}],"curies":[{"name":"wp","href":"https:\/\/api.w.org\/{rel}","templated":true}]}}