{"id":5674,"date":"2025-09-24T19:40:46","date_gmt":"2025-09-24T19:40:46","guid":{"rendered":"https:\/\/modest-napier.216-250-124-103.plesk.page\/index.php\/producto\/gomitas-melatonina-kids-5-mg-sin-azucar-c-30-de-4-g-c-u-cataleya\/"},"modified":"2025-09-24T20:43:27","modified_gmt":"2025-09-24T20:43:27","slug":"gomitas-melatonina-kids-cataleya","status":"publish","type":"product","link":"https:\/\/modest-napier.216-250-124-103.plesk.page\/index.php\/producto\/gomitas-melatonina-kids-cataleya\/","title":{"rendered":"Gomitas de melatonina Kids 5 mg Sin az\u00facar 30 piezas Cataleya"},"content":{"rendered":"<style type=\"text\/css\"><!--td {border: 1px solid #cccccc;}br {mso-data-placement:same-cell;}--><\/style>\n<p><span data-sheets-root=\"1\">Hay ni\u00f1os que pueden padecer hiperactividad, estr\u00e9s, depresi\u00f3n o ansiedad o alg\u00fan s\u00edntoma que les causa una alteraci\u00f3n en el ciclo del sue\u00f1o, las gomitas con melatonina son una opci\u00f3n para regular este ciclo y mantener un buen estado de salud mental y f\u00edsica.<br \/><\/span><\/p>\n","protected":false},"excerpt":{"rendered":"<p>Hay ni\u00f1os que pueden padecer hiperactividad, estr\u00e9s, depresi\u00f3n o ansiedad o alg\u00fan s\u00edntoma que les causa una alteraci\u00f3n en el ciclo del sue\u00f1o, las gomitas con melatonina son una opci\u00f3n [&hellip;]<\/p>\n","protected":false},"featured_media":2201,"comment_status":"open","ping_status":"closed","template":"","meta":[],"product_brand":[441],"product_cat":[307,337,318],"product_tag":[173],"class_list":{"0":"post-5674","1":"product","2":"type-product","3":"status-publish","4":"has-post-thumbnail","6":"product_brand-cataleya-emporium","7":"product_cat-nuevos","8":"product_cat-productos","9":"product_cat-salud","10":"product_tag-melatonina","12":"first","13":"instock","14":"shipping-taxable","15":"purchasable","16":"product-type-simple"},"_links":{"self":[{"href":"https:\/\/modest-napier.216-250-124-103.plesk.page\/index.php\/wp-json\/wp\/v2\/product\/5674","targetHints":{"allow":["GET"]}}],"collection":[{"href":"https:\/\/modest-napier.216-250-124-103.plesk.page\/index.php\/wp-json\/wp\/v2\/product"}],"about":[{"href":"https:\/\/modest-napier.216-250-124-103.plesk.page\/index.php\/wp-json\/wp\/v2\/types\/product"}],"replies":[{"embeddable":true,"href":"https:\/\/modest-napier.216-250-124-103.plesk.page\/index.php\/wp-json\/wp\/v2\/comments?post=5674"}],"wp:featuredmedia":[{"embeddable":true,"href":"https:\/\/modest-napier.216-250-124-103.plesk.page\/index.php\/wp-json\/wp\/v2\/media\/2201"}],"wp:attachment":[{"href":"https:\/\/modest-napier.216-250-124-103.plesk.page\/index.php\/wp-json\/wp\/v2\/media?parent=5674"}],"wp:term":[{"taxonomy":"product_brand","embeddable":true,"href":"https:\/\/modest-napier.216-250-124-103.plesk.page\/index.php\/wp-json\/wp\/v2\/product_brand?post=5674"},{"taxonomy":"product_cat","embeddable":true,"href":"https:\/\/modest-napier.216-250-124-103.plesk.page\/index.php\/wp-json\/wp\/v2\/product_cat?post=5674"},{"taxonomy":"product_tag","embeddable":true,"href":"https:\/\/modest-napier.216-250-124-103.plesk.page\/index.php\/wp-json\/wp\/v2\/product_tag?post=5674"}],"curies":[{"name":"wp","href":"https:\/\/api.w.org\/{rel}","templated":true}]}}