{"id":5698,"date":"2025-09-24T19:41:18","date_gmt":"2025-09-24T19:41:18","guid":{"rendered":"https:\/\/modest-napier.216-250-124-103.plesk.page\/index.php\/producto\/gotas-ojo-de-aguila-c-40-ml-dina\/"},"modified":"2025-09-24T20:46:26","modified_gmt":"2025-09-24T20:46:26","slug":"gotas-ojo-de-aguila-c-40-ml-dina","status":"publish","type":"product","link":"https:\/\/modest-napier.216-250-124-103.plesk.page\/index.php\/producto\/gotas-ojo-de-aguila-c-40-ml-dina\/","title":{"rendered":"Gotas de Ojo de \u00c1guila 40 ml Dina"},"content":{"rendered":"<p><strong>Descripci\u00f3n:<\/strong><\/p>\n<p>Dale a tus ojos el cuidado que se merecen con las <strong>gotas Ojo de \u00c1guila<\/strong>, una soluci\u00f3n natural enriquecida con Vitamina A. Este producto es m\u00e1s que solo unas gotas para los ojos; es un aliado en tu lucha contra la fatiga ocular, conjuntivitis, carnosidad, ojos enrojecidos, y otras molestias leves. Con ingredientes como la Cineraria Maritima, la Rosa de Castilla, la U\u00f1a de Gato y la Zanahoria, las <em>gotas Ojo de \u00c1guila<\/em> ofrecen alivio y limpieza para tus ojos. Mant\u00e9n tu visi\u00f3n en \u00f3ptimas condiciones y dile adi\u00f3s a las molestias oculares.<\/p>\n<p><!--\n\n<p>Limpia los ojos. Ayuda a los ojos\u00a0<span>cansados, es\u00a0un auxiliar indicado para la conjuntivitis, carnosidad, cataratas, ojos rojizos, flevaritis e infecciones leves.<\/span><\/p>\n\n--><\/p>\n<p><strong>Ingredientes:<\/strong><\/p>\n<p>Cineraria Maritima, Rosa de Castilla, U\u00f1a de Gato, Zanahoria.<\/p>\n<p><strong>Modo de uso:<\/strong><\/p>\n<p>Aplicar de 2 a 3 gotas en cada ojo, cuantas veces lo requiera.<\/p>\n<p><strong>Contenido:<\/strong><\/p>\n<p>40 ml.<\/p>\n","protected":false},"excerpt":{"rendered":"<p>Descripci\u00f3n: Dale a tus ojos el cuidado que se merecen con las gotas Ojo de \u00c1guila, una soluci\u00f3n natural enriquecida con Vitamina A. Este producto es m\u00e1s que solo unas [&hellip;]<\/p>\n","protected":false},"featured_media":2225,"comment_status":"open","ping_status":"closed","template":"","meta":[],"product_brand":[396],"product_cat":[301,337,318],"product_tag":[],"class_list":{"0":"post-5698","1":"product","2":"type-product","3":"status-publish","4":"has-post-thumbnail","6":"product_brand-dina","7":"product_cat-gotas-para-los-ojos","8":"product_cat-productos","9":"product_cat-salud","11":"first","12":"instock","13":"shipping-taxable","14":"purchasable","15":"product-type-simple"},"_links":{"self":[{"href":"https:\/\/modest-napier.216-250-124-103.plesk.page\/index.php\/wp-json\/wp\/v2\/product\/5698","targetHints":{"allow":["GET"]}}],"collection":[{"href":"https:\/\/modest-napier.216-250-124-103.plesk.page\/index.php\/wp-json\/wp\/v2\/product"}],"about":[{"href":"https:\/\/modest-napier.216-250-124-103.plesk.page\/index.php\/wp-json\/wp\/v2\/types\/product"}],"replies":[{"embeddable":true,"href":"https:\/\/modest-napier.216-250-124-103.plesk.page\/index.php\/wp-json\/wp\/v2\/comments?post=5698"}],"wp:featuredmedia":[{"embeddable":true,"href":"https:\/\/modest-napier.216-250-124-103.plesk.page\/index.php\/wp-json\/wp\/v2\/media\/2225"}],"wp:attachment":[{"href":"https:\/\/modest-napier.216-250-124-103.plesk.page\/index.php\/wp-json\/wp\/v2\/media?parent=5698"}],"wp:term":[{"taxonomy":"product_brand","embeddable":true,"href":"https:\/\/modest-napier.216-250-124-103.plesk.page\/index.php\/wp-json\/wp\/v2\/product_brand?post=5698"},{"taxonomy":"product_cat","embeddable":true,"href":"https:\/\/modest-napier.216-250-124-103.plesk.page\/index.php\/wp-json\/wp\/v2\/product_cat?post=5698"},{"taxonomy":"product_tag","embeddable":true,"href":"https:\/\/modest-napier.216-250-124-103.plesk.page\/index.php\/wp-json\/wp\/v2\/product_tag?post=5698"}],"curies":[{"name":"wp","href":"https:\/\/api.w.org\/{rel}","templated":true}]}}