{"id":5715,"date":"2025-09-24T19:41:46","date_gmt":"2025-09-24T19:41:46","guid":{"rendered":"https:\/\/modest-napier.216-250-124-103.plesk.page\/index.php\/producto\/grajeas-sukrol-vigor-caja-negra-c-50\/"},"modified":"2025-09-24T20:47:27","modified_gmt":"2025-09-24T20:47:27","slug":"sukrol-vigor","status":"publish","type":"product","link":"https:\/\/modest-napier.216-250-124-103.plesk.page\/index.php\/producto\/sukrol-vigor\/","title":{"rendered":"Sukrol Vigor 50 grageas Munchen"},"content":{"rendered":"<p data-mce-fragment=\"1\">Sukrol Vigor ayuda a mantener la salud Sexual, Mental y F\u00edsica. Controla el cansancio, el estr\u00e9s y falta de concentraci\u00f3n,\u00a0 mejora el vigor sexual, impotencia, eyaculaci\u00f3n precoz.<\/p>\n","protected":false},"excerpt":{"rendered":"<p>Sukrol Vigor ayuda a mantener la salud Sexual, Mental y F\u00edsica. Controla el cansancio, el estr\u00e9s y falta de concentraci\u00f3n,\u00a0 mejora el vigor sexual, impotencia, eyaculaci\u00f3n precoz.<\/p>\n","protected":false},"featured_media":2242,"comment_status":"open","ping_status":"closed","template":"","meta":[],"product_brand":[621],"product_cat":[337,324],"product_tag":[],"class_list":{"0":"post-5715","1":"product","2":"type-product","3":"status-publish","4":"has-post-thumbnail","6":"product_brand-munchen","7":"product_cat-productos","8":"product_cat-sexualidad","10":"first","11":"instock","12":"shipping-taxable","13":"purchasable","14":"product-type-simple"},"_links":{"self":[{"href":"https:\/\/modest-napier.216-250-124-103.plesk.page\/index.php\/wp-json\/wp\/v2\/product\/5715","targetHints":{"allow":["GET"]}}],"collection":[{"href":"https:\/\/modest-napier.216-250-124-103.plesk.page\/index.php\/wp-json\/wp\/v2\/product"}],"about":[{"href":"https:\/\/modest-napier.216-250-124-103.plesk.page\/index.php\/wp-json\/wp\/v2\/types\/product"}],"replies":[{"embeddable":true,"href":"https:\/\/modest-napier.216-250-124-103.plesk.page\/index.php\/wp-json\/wp\/v2\/comments?post=5715"}],"wp:featuredmedia":[{"embeddable":true,"href":"https:\/\/modest-napier.216-250-124-103.plesk.page\/index.php\/wp-json\/wp\/v2\/media\/2242"}],"wp:attachment":[{"href":"https:\/\/modest-napier.216-250-124-103.plesk.page\/index.php\/wp-json\/wp\/v2\/media?parent=5715"}],"wp:term":[{"taxonomy":"product_brand","embeddable":true,"href":"https:\/\/modest-napier.216-250-124-103.plesk.page\/index.php\/wp-json\/wp\/v2\/product_brand?post=5715"},{"taxonomy":"product_cat","embeddable":true,"href":"https:\/\/modest-napier.216-250-124-103.plesk.page\/index.php\/wp-json\/wp\/v2\/product_cat?post=5715"},{"taxonomy":"product_tag","embeddable":true,"href":"https:\/\/modest-napier.216-250-124-103.plesk.page\/index.php\/wp-json\/wp\/v2\/product_tag?post=5715"}],"curies":[{"name":"wp","href":"https:\/\/api.w.org\/{rel}","templated":true}]}}