{"id":5749,"date":"2025-09-24T19:42:32","date_gmt":"2025-09-24T19:42:32","guid":{"rendered":"https:\/\/modest-napier.216-250-124-103.plesk.page\/index.php\/producto\/jabon-de-azufre-c-100-gr-karla-di\/"},"modified":"2025-09-24T20:44:07","modified_gmt":"2025-09-24T20:44:07","slug":"jabon-de-azufre-c-100-gr-karla-di","status":"publish","type":"product","link":"https:\/\/modest-napier.216-250-124-103.plesk.page\/index.php\/producto\/jabon-de-azufre-c-100-gr-karla-di\/","title":{"rendered":"Jab\u00f3n de Azufre 100 g Karla Di"},"content":{"rendered":"<style type=\"text\/css\" data-mce-fragment=\"1\"><!--\ntd {border: 1px solid #cccccc;}br {mso-data-placement:same-cell;}\n--><\/style>\n<p><span data-sheets-value='{\"1\":2,\"2\":\"Descripci\u00f3n:nCombate y Reduce la formaci\u00f3n de Acn\u00e9 y EspinillasnAyuda a eliminar las toxinas que se acumulan en la pielnAyuda a fomentar el crecimiento y fortalecimiento de pelo y u\u00f1asnMejora la firmeza y elasticidad de la pielnCalma los eczemas y las alergias cut\u00e1neasnnn Modo de uso:nnLave su cara o su cabello dando un suave masaje al cuero cabelludo, enjuague con abundante agua. \u00daselo diariamente.nContenido:nn100 GR\"}' data-sheets-userformat='{\"2\":15299,\"3\":{\"1\":0},\"4\":{\"1\":3,\"3\":2},\"9\":1,\"10\":0,\"11\":4,\"12\":0,\"14\":{\"1\":2,\"2\":0},\"15\":\"Arial\",\"16\":9}' data-mce-fragment=\"1\"><strong>Descripci\u00f3n:<\/strong><\/span><\/p>\n<p><span data-sheets-value='{\"1\":2,\"2\":\"Descripci\u00f3n:nCombate y Reduce la formaci\u00f3n de Acn\u00e9 y EspinillasnAyuda a eliminar las toxinas que se acumulan en la pielnAyuda a fomentar el crecimiento y fortalecimiento de pelo y u\u00f1asnMejora la firmeza y elasticidad de la pielnCalma los eczemas y las alergias cut\u00e1neasnnn Modo de uso:nnLave su cara o su cabello dando un suave masaje al cuero cabelludo, enjuague con abundante agua. \u00daselo diariamente.nContenido:nn100 GR\"}' data-sheets-userformat='{\"2\":15299,\"3\":{\"1\":0},\"4\":{\"1\":3,\"3\":2},\"9\":1,\"10\":0,\"11\":4,\"12\":0,\"14\":{\"1\":2,\"2\":0},\"15\":\"Arial\",\"16\":9}' data-mce-fragment=\"1\">El <strong>jab\u00f3n de azufre<\/strong> tiene los siguientes beneficios:<\/span><\/p>\n<ul>\n<li><span data-sheets-value='{\"1\":2,\"2\":\"Descripci\u00f3n:nCombate y Reduce la formaci\u00f3n de Acn\u00e9 y EspinillasnAyuda a eliminar las toxinas que se acumulan en la pielnAyuda a fomentar el crecimiento y fortalecimiento de pelo y u\u00f1asnMejora la firmeza y elasticidad de la pielnCalma los eczemas y las alergias cut\u00e1neasnnn Modo de uso:nnLave su cara o su cabello dando un suave masaje al cuero cabelludo, enjuague con abundante agua. \u00daselo diariamente.nContenido:nn100 GR\"}' data-sheets-userformat='{\"2\":15299,\"3\":{\"1\":0},\"4\":{\"1\":3,\"3\":2},\"9\":1,\"10\":0,\"11\":4,\"12\":0,\"14\":{\"1\":2,\"2\":0},\"15\":\"Arial\",\"16\":9}' data-mce-fragment=\"1\">Combate y Reduce la formaci\u00f3n de Acn\u00e9 y Espinillas. <\/span><\/li>\n<li><span data-sheets-value='{\"1\":2,\"2\":\"Descripci\u00f3n:nCombate y Reduce la formaci\u00f3n de Acn\u00e9 y EspinillasnAyuda a eliminar las toxinas que se acumulan en la pielnAyuda a fomentar el crecimiento y fortalecimiento de pelo y u\u00f1asnMejora la firmeza y elasticidad de la pielnCalma los eczemas y las alergias cut\u00e1neasnnn Modo de uso:nnLave su cara o su cabello dando un suave masaje al cuero cabelludo, enjuague con abundante agua. \u00daselo diariamente.nContenido:nn100 GR\"}' data-sheets-userformat='{\"2\":15299,\"3\":{\"1\":0},\"4\":{\"1\":3,\"3\":2},\"9\":1,\"10\":0,\"11\":4,\"12\":0,\"14\":{\"1\":2,\"2\":0},\"15\":\"Arial\",\"16\":9}' data-mce-fragment=\"1\">Ayuda a eliminar las toxinas que se acumulan en la piel. <\/span><\/li>\n<li><span data-sheets-value='{\"1\":2,\"2\":\"Descripci\u00f3n:nCombate y Reduce la formaci\u00f3n de Acn\u00e9 y EspinillasnAyuda a eliminar las toxinas que se acumulan en la pielnAyuda a fomentar el crecimiento y fortalecimiento de pelo y u\u00f1asnMejora la firmeza y elasticidad de la pielnCalma los eczemas y las alergias cut\u00e1neasnnn Modo de uso:nnLave su cara o su cabello dando un suave masaje al cuero cabelludo, enjuague con abundante agua. \u00daselo diariamente.nContenido:nn100 GR\"}' data-sheets-userformat='{\"2\":15299,\"3\":{\"1\":0},\"4\":{\"1\":3,\"3\":2},\"9\":1,\"10\":0,\"11\":4,\"12\":0,\"14\":{\"1\":2,\"2\":0},\"15\":\"Arial\",\"16\":9}' data-mce-fragment=\"1\">Ayuda a fomentar el crecimiento y fortalecimiento de pelo y u\u00f1as. <\/span><\/li>\n<li><span data-sheets-value='{\"1\":2,\"2\":\"Descripci\u00f3n:nCombate y Reduce la formaci\u00f3n de Acn\u00e9 y EspinillasnAyuda a eliminar las toxinas que se acumulan en la pielnAyuda a fomentar el crecimiento y fortalecimiento de pelo y u\u00f1asnMejora la firmeza y elasticidad de la pielnCalma los eczemas y las alergias cut\u00e1neasnnn Modo de uso:nnLave su cara o su cabello dando un suave masaje al cuero cabelludo, enjuague con abundante agua. \u00daselo diariamente.nContenido:nn100 GR\"}' data-sheets-userformat='{\"2\":15299,\"3\":{\"1\":0},\"4\":{\"1\":3,\"3\":2},\"9\":1,\"10\":0,\"11\":4,\"12\":0,\"14\":{\"1\":2,\"2\":0},\"15\":\"Arial\",\"16\":9}' data-mce-fragment=\"1\">Mejora la firmeza y elasticidad de la piel. <\/span><\/li>\n<li><span data-sheets-value='{\"1\":2,\"2\":\"Descripci\u00f3n:nCombate y Reduce la formaci\u00f3n de Acn\u00e9 y EspinillasnAyuda a eliminar las toxinas que se acumulan en la pielnAyuda a fomentar el crecimiento y fortalecimiento de pelo y u\u00f1asnMejora la firmeza y elasticidad de la pielnCalma los eczemas y las alergias cut\u00e1neasnnn Modo de uso:nnLave su cara o su cabello dando un suave masaje al cuero cabelludo, enjuague con abundante agua. \u00daselo diariamente.nContenido:nn100 GR\"}' data-sheets-userformat='{\"2\":15299,\"3\":{\"1\":0},\"4\":{\"1\":3,\"3\":2},\"9\":1,\"10\":0,\"11\":4,\"12\":0,\"14\":{\"1\":2,\"2\":0},\"15\":\"Arial\",\"16\":9}' data-mce-fragment=\"1\">Calma los eczemas y las alergias cut\u00e1neas.<\/span><\/li>\n<\/ul>\n<p><span data-sheets-value='{\"1\":2,\"2\":\"Descripci\u00f3n:nCombate y Reduce la formaci\u00f3n de Acn\u00e9 y EspinillasnAyuda a eliminar las toxinas que se acumulan en la pielnAyuda a fomentar el crecimiento y fortalecimiento de pelo y u\u00f1asnMejora la firmeza y elasticidad de la pielnCalma los eczemas y las alergias cut\u00e1neasnnn Modo de uso:nnLave su cara o su cabello dando un suave masaje al cuero cabelludo, enjuague con abundante agua. \u00daselo diariamente.nContenido:nn100 GR\"}' data-sheets-userformat='{\"2\":15299,\"3\":{\"1\":0},\"4\":{\"1\":3,\"3\":2},\"9\":1,\"10\":0,\"11\":4,\"12\":0,\"14\":{\"1\":2,\"2\":0},\"15\":\"Arial\",\"16\":9}' data-mce-fragment=\"1\"><strong>Modo de uso:<\/strong><\/span><\/p>\n<p><span data-sheets-value='{\"1\":2,\"2\":\"Descripci\u00f3n:nCombate y Reduce la formaci\u00f3n de Acn\u00e9 y EspinillasnAyuda a eliminar las toxinas que se acumulan en la pielnAyuda a fomentar el crecimiento y fortalecimiento de pelo y u\u00f1asnMejora la firmeza y elasticidad de la pielnCalma los eczemas y las alergias cut\u00e1neasnnn Modo de uso:nnLave su cara o su cabello dando un suave masaje al cuero cabelludo, enjuague con abundante agua. \u00daselo diariamente.nContenido:nn100 GR\"}' data-sheets-userformat='{\"2\":15299,\"3\":{\"1\":0},\"4\":{\"1\":3,\"3\":2},\"9\":1,\"10\":0,\"11\":4,\"12\":0,\"14\":{\"1\":2,\"2\":0},\"15\":\"Arial\",\"16\":9}' data-mce-fragment=\"1\">Lave su cara o su cabello dando un suave masaje al cuero cabelludo, enjuague con abundante agua. \u00daselo diariamente.<\/span><\/p>\n<p><strong>Contenido:<\/strong><\/p>\n<p><span data-sheets-value='{\"1\":2,\"2\":\"Descripci\u00f3n:nCombate y Reduce la formaci\u00f3n de Acn\u00e9 y EspinillasnAyuda a eliminar las toxinas que se acumulan en la pielnAyuda a fomentar el crecimiento y fortalecimiento de pelo y u\u00f1asnMejora la firmeza y elasticidad de la pielnCalma los eczemas y las alergias cut\u00e1neasnnn Modo de uso:nnLave su cara o su cabello dando un suave masaje al cuero cabelludo, enjuague con abundante agua. \u00daselo diariamente.nContenido:nn100 GR\"}' data-sheets-userformat='{\"2\":15299,\"3\":{\"1\":0},\"4\":{\"1\":3,\"3\":2},\"9\":1,\"10\":0,\"11\":4,\"12\":0,\"14\":{\"1\":2,\"2\":0},\"15\":\"Arial\",\"16\":9}' data-mce-fragment=\"1\">100 g.<\/span><\/p>\n","protected":false},"excerpt":{"rendered":"<p>Descripci\u00f3n: El jab\u00f3n de azufre tiene los siguientes beneficios: Combate y Reduce la formaci\u00f3n de Acn\u00e9 y Espinillas. Ayuda a eliminar las toxinas que se acumulan en la piel. Ayuda [&hellip;]<\/p>\n","protected":false},"featured_media":2279,"comment_status":"open","ping_status":"closed","template":"","meta":[],"product_brand":[470],"product_cat":[289,304,337,318],"product_tag":[244],"class_list":{"0":"post-5749","1":"product","2":"type-product","3":"status-publish","4":"has-post-thumbnail","6":"product_brand-karla-di","7":"product_cat-belleza","8":"product_cat-jabones-naturales","9":"product_cat-productos","10":"product_cat-salud","11":"product_tag-azufre","13":"first","14":"instock","15":"shipping-taxable","16":"purchasable","17":"product-type-simple"},"_links":{"self":[{"href":"https:\/\/modest-napier.216-250-124-103.plesk.page\/index.php\/wp-json\/wp\/v2\/product\/5749","targetHints":{"allow":["GET"]}}],"collection":[{"href":"https:\/\/modest-napier.216-250-124-103.plesk.page\/index.php\/wp-json\/wp\/v2\/product"}],"about":[{"href":"https:\/\/modest-napier.216-250-124-103.plesk.page\/index.php\/wp-json\/wp\/v2\/types\/product"}],"replies":[{"embeddable":true,"href":"https:\/\/modest-napier.216-250-124-103.plesk.page\/index.php\/wp-json\/wp\/v2\/comments?post=5749"}],"wp:featuredmedia":[{"embeddable":true,"href":"https:\/\/modest-napier.216-250-124-103.plesk.page\/index.php\/wp-json\/wp\/v2\/media\/2279"}],"wp:attachment":[{"href":"https:\/\/modest-napier.216-250-124-103.plesk.page\/index.php\/wp-json\/wp\/v2\/media?parent=5749"}],"wp:term":[{"taxonomy":"product_brand","embeddable":true,"href":"https:\/\/modest-napier.216-250-124-103.plesk.page\/index.php\/wp-json\/wp\/v2\/product_brand?post=5749"},{"taxonomy":"product_cat","embeddable":true,"href":"https:\/\/modest-napier.216-250-124-103.plesk.page\/index.php\/wp-json\/wp\/v2\/product_cat?post=5749"},{"taxonomy":"product_tag","embeddable":true,"href":"https:\/\/modest-napier.216-250-124-103.plesk.page\/index.php\/wp-json\/wp\/v2\/product_tag?post=5749"}],"curies":[{"name":"wp","href":"https:\/\/api.w.org\/{rel}","templated":true}]}}