{"id":5788,"date":"2025-09-24T19:43:22","date_gmt":"2025-09-24T19:43:22","guid":{"rendered":"https:\/\/modest-napier.216-250-124-103.plesk.page\/index.php\/producto\/jarabe-don-bronquio-bote-blanco-c-220-grs-dr-rosferh\/"},"modified":"2025-09-24T20:46:17","modified_gmt":"2025-09-24T20:46:17","slug":"jarabe-don-bronquio-bote-blanco-c-220-grs-dr-rosferh","status":"publish","type":"product","link":"https:\/\/modest-napier.216-250-124-103.plesk.page\/index.php\/producto\/jarabe-don-bronquio-bote-blanco-c-220-grs-dr-rosferh\/","title":{"rendered":"Jarabe Don Bronquio Original 220 g Dr. Rosferh"},"content":{"rendered":"<p><span>El\u00a0<strong>Jarabe Don Bronquio<\/strong> es un auxiliar efectivo para aliviar una variedad de s\u00edntomas relacionados con la tos y las afecciones respiratorias.<\/span><span> Su f\u00f3rmula est\u00e1 dise\u00f1ada para proporcionar alivio en casos de tos seca o con flemas, ronquera, catarro y gripe.<\/span><strong><\/strong><\/p>\n<p>\u00a0<\/p>\n","protected":false},"excerpt":{"rendered":"<p>El\u00a0Jarabe Don Bronquio es un auxiliar efectivo para aliviar una variedad de s\u00edntomas relacionados con la tos y las afecciones respiratorias. Su f\u00f3rmula est\u00e1 dise\u00f1ada para proporcionar alivio en casos [&hellip;]<\/p>\n","protected":false},"featured_media":2322,"comment_status":"open","ping_status":"closed","template":"","meta":[],"product_brand":[594],"product_cat":[337,318,327],"product_tag":[250,64,82,83,251,84,252],"class_list":{"0":"post-5788","1":"product","2":"type-product","3":"status-publish","4":"has-post-thumbnail","6":"product_brand-dr-rosferh","7":"product_cat-productos","8":"product_cat-salud","9":"product_cat-sistema-respiratorio","10":"product_tag-azahares","11":"product_tag-eucalipto","12":"product_tag-gordolobo","13":"product_tag-miel-de-abeja","14":"product_tag-mirra","15":"product_tag-propoleo","16":"product_tag-sauco","18":"first","19":"instock","20":"shipping-taxable","21":"purchasable","22":"product-type-simple"},"_links":{"self":[{"href":"https:\/\/modest-napier.216-250-124-103.plesk.page\/index.php\/wp-json\/wp\/v2\/product\/5788","targetHints":{"allow":["GET"]}}],"collection":[{"href":"https:\/\/modest-napier.216-250-124-103.plesk.page\/index.php\/wp-json\/wp\/v2\/product"}],"about":[{"href":"https:\/\/modest-napier.216-250-124-103.plesk.page\/index.php\/wp-json\/wp\/v2\/types\/product"}],"replies":[{"embeddable":true,"href":"https:\/\/modest-napier.216-250-124-103.plesk.page\/index.php\/wp-json\/wp\/v2\/comments?post=5788"}],"wp:featuredmedia":[{"embeddable":true,"href":"https:\/\/modest-napier.216-250-124-103.plesk.page\/index.php\/wp-json\/wp\/v2\/media\/2322"}],"wp:attachment":[{"href":"https:\/\/modest-napier.216-250-124-103.plesk.page\/index.php\/wp-json\/wp\/v2\/media?parent=5788"}],"wp:term":[{"taxonomy":"product_brand","embeddable":true,"href":"https:\/\/modest-napier.216-250-124-103.plesk.page\/index.php\/wp-json\/wp\/v2\/product_brand?post=5788"},{"taxonomy":"product_cat","embeddable":true,"href":"https:\/\/modest-napier.216-250-124-103.plesk.page\/index.php\/wp-json\/wp\/v2\/product_cat?post=5788"},{"taxonomy":"product_tag","embeddable":true,"href":"https:\/\/modest-napier.216-250-124-103.plesk.page\/index.php\/wp-json\/wp\/v2\/product_tag?post=5788"}],"curies":[{"name":"wp","href":"https:\/\/api.w.org\/{rel}","templated":true}]}}