{"id":5796,"date":"2025-09-24T19:43:33","date_gmt":"2025-09-24T19:43:33","guid":{"rendered":"https:\/\/modest-napier.216-250-124-103.plesk.page\/index.php\/producto\/jarabe-pulmobron-220-ml-grupo-omega-2000\/"},"modified":"2025-09-24T20:47:24","modified_gmt":"2025-09-24T20:47:24","slug":"jarabe-pulmobron-220-ml-grupo-omega-2000","status":"publish","type":"product","link":"https:\/\/modest-napier.216-250-124-103.plesk.page\/index.php\/producto\/jarabe-pulmobron-220-ml-grupo-omega-2000\/","title":{"rendered":"Jarabe Pulmobron 220 ml Grupo Omega 2000"},"content":{"rendered":"<p><!--\n\n<h2>Descripci\u00f3n<\/h2>\n\n--><\/p>\n<p><strong>Descripci\u00f3n:<\/strong><\/p>\n<p>El <strong>jarabe Pulmobron<\/strong> Miel original 100% natural con miel de abeja es un gran auxiliar para atender problemas respiratorios como tos, catarro y gripe. La combinaci\u00f3n de hierbas y miel del <em>jarabe\u00a0Pulmobron<\/em> ayuda a aliviar los s\u00edntomas del resfriado com\u00fan.<\/p>\n<p><strong>Ingredientes:<\/strong><\/p>\n<p><meta charset=\"utf-8\">Miel de abeja, prop\u00f3leo, vitamina C, extracto natural de gordolobo, sa\u00faco, tomillo, romero, bugambilia, malva, ajo, lim\u00f3n y cebolla morada.<\/p>\n<p><strong>Modo de uso:<\/strong><\/p>\n<p>Ni\u00f1os: tomar 1 cucharada cada 4 horas.<\/p>\n<p>Adultos: tomar 1 cucharada cada 4 horas.<\/p>\n<p><strong>Contenido:<\/strong><\/p>\n<p>220 ml.<\/p>\n","protected":false},"excerpt":{"rendered":"<p>Descripci\u00f3n: El jarabe Pulmobron Miel original 100% natural con miel de abeja es un gran auxiliar para atender problemas respiratorios como tos, catarro y gripe. La combinaci\u00f3n de hierbas y [&hellip;]<\/p>\n","protected":false},"featured_media":2331,"comment_status":"open","ping_status":"closed","template":"","meta":[],"product_brand":[619],"product_cat":[337,318,327],"product_tag":[],"class_list":{"0":"post-5796","1":"product","2":"type-product","3":"status-publish","4":"has-post-thumbnail","6":"product_brand-grupo-omega-2000","7":"product_cat-productos","8":"product_cat-salud","9":"product_cat-sistema-respiratorio","11":"first","12":"instock","13":"shipping-taxable","14":"purchasable","15":"product-type-simple"},"_links":{"self":[{"href":"https:\/\/modest-napier.216-250-124-103.plesk.page\/index.php\/wp-json\/wp\/v2\/product\/5796","targetHints":{"allow":["GET"]}}],"collection":[{"href":"https:\/\/modest-napier.216-250-124-103.plesk.page\/index.php\/wp-json\/wp\/v2\/product"}],"about":[{"href":"https:\/\/modest-napier.216-250-124-103.plesk.page\/index.php\/wp-json\/wp\/v2\/types\/product"}],"replies":[{"embeddable":true,"href":"https:\/\/modest-napier.216-250-124-103.plesk.page\/index.php\/wp-json\/wp\/v2\/comments?post=5796"}],"wp:featuredmedia":[{"embeddable":true,"href":"https:\/\/modest-napier.216-250-124-103.plesk.page\/index.php\/wp-json\/wp\/v2\/media\/2331"}],"wp:attachment":[{"href":"https:\/\/modest-napier.216-250-124-103.plesk.page\/index.php\/wp-json\/wp\/v2\/media?parent=5796"}],"wp:term":[{"taxonomy":"product_brand","embeddable":true,"href":"https:\/\/modest-napier.216-250-124-103.plesk.page\/index.php\/wp-json\/wp\/v2\/product_brand?post=5796"},{"taxonomy":"product_cat","embeddable":true,"href":"https:\/\/modest-napier.216-250-124-103.plesk.page\/index.php\/wp-json\/wp\/v2\/product_cat?post=5796"},{"taxonomy":"product_tag","embeddable":true,"href":"https:\/\/modest-napier.216-250-124-103.plesk.page\/index.php\/wp-json\/wp\/v2\/product_tag?post=5796"}],"curies":[{"name":"wp","href":"https:\/\/api.w.org\/{rel}","templated":true}]}}