{"id":5810,"date":"2025-09-24T19:43:51","date_gmt":"2025-09-24T19:43:51","guid":{"rendered":"https:\/\/modest-napier.216-250-124-103.plesk.page\/index.php\/producto\/lebasi-500-grs\/"},"modified":"2025-09-24T20:46:16","modified_gmt":"2025-09-24T20:46:16","slug":"lebasi-500-grs","status":"publish","type":"product","link":"https:\/\/modest-napier.216-250-124-103.plesk.page\/index.php\/producto\/lebasi-500-grs\/","title":{"rendered":"Lebasi Lactoserum en Polvo 500 g"},"content":{"rendered":"<p data-mce-fragment=\"1\"><strong data-mce-fragment=\"1\">Descripci\u00f3n:<\/strong><\/p>\n<p data-mce-fragment=\"1\">Controlar los niveles de glucosa en la sangre.<br \/>Mejorar la funci\u00f3n de tu coraz\u00f3n, dando flexibilidad y salud arterial.<br \/>Mejorar tu rendimiento, aumentando la energ\u00eda del cuerpo.<br \/>Favorecer la funci\u00f3n g\u00e1strica, mejorando tu digesti\u00f3n.<br \/>Fortalecer tus huesos y m\u00fasculos, gracias a sus m\u00e1s de 41 nutrientes.<br \/>Evitar la oxidaci\u00f3n de nuestras c\u00e9lulas, otorgando antioxidantes.<br \/>Mejorar tu piel, conserv\u00e1ndola joven e hidratada.<br \/>Fortalecer tu cabello, d\u00e1ndole una mejor apariencia.<br \/>Aumentar el desarrollo f\u00edsico y mental en tus ni\u00f1os.<\/p>\n<p data-mce-fragment=\"1\"><strong data-mce-fragment=\"1\">Modo de uso:<\/strong><\/p>\n<p data-mce-fragment=\"1\">Disuelve 1 cucharada sopera\u00a0 (8 g) de Lebasi en 250 ml de agua natural, o bien, puedes combinarlo con jugos, licuados o mezclarlo con otros alimentos. El lactosuero suizo Lebasi puede ser consumido a cualquier hora del d\u00eda y puede disfrutarse e ingerirse junto con los alimentos.<\/p>\n<p data-mce-fragment=\"1\"><strong data-mce-fragment=\"1\">Contenido:<\/strong><\/p>\n<p data-mce-fragment=\"1\">500 GRS.<\/p>\n","protected":false},"excerpt":{"rendered":"<p>Descripci\u00f3n: Controlar los niveles de glucosa en la sangre.Mejorar la funci\u00f3n de tu coraz\u00f3n, dando flexibilidad y salud arterial.Mejorar tu rendimiento, aumentando la energ\u00eda del cuerpo.Favorecer la funci\u00f3n g\u00e1strica, mejorando [&hellip;]<\/p>\n","protected":false},"featured_media":2346,"comment_status":"open","ping_status":"closed","template":"","meta":[],"product_brand":[593],"product_cat":[305,308,337],"product_tag":[],"class_list":{"0":"post-5810","1":"product","2":"type-product","3":"status-publish","4":"has-post-thumbnail","6":"product_brand-caalfrabet","7":"product_cat-leches-vegetales","8":"product_cat-nutricion","9":"product_cat-productos","11":"first","12":"instock","13":"shipping-taxable","14":"purchasable","15":"product-type-simple"},"_links":{"self":[{"href":"https:\/\/modest-napier.216-250-124-103.plesk.page\/index.php\/wp-json\/wp\/v2\/product\/5810","targetHints":{"allow":["GET"]}}],"collection":[{"href":"https:\/\/modest-napier.216-250-124-103.plesk.page\/index.php\/wp-json\/wp\/v2\/product"}],"about":[{"href":"https:\/\/modest-napier.216-250-124-103.plesk.page\/index.php\/wp-json\/wp\/v2\/types\/product"}],"replies":[{"embeddable":true,"href":"https:\/\/modest-napier.216-250-124-103.plesk.page\/index.php\/wp-json\/wp\/v2\/comments?post=5810"}],"wp:featuredmedia":[{"embeddable":true,"href":"https:\/\/modest-napier.216-250-124-103.plesk.page\/index.php\/wp-json\/wp\/v2\/media\/2346"}],"wp:attachment":[{"href":"https:\/\/modest-napier.216-250-124-103.plesk.page\/index.php\/wp-json\/wp\/v2\/media?parent=5810"}],"wp:term":[{"taxonomy":"product_brand","embeddable":true,"href":"https:\/\/modest-napier.216-250-124-103.plesk.page\/index.php\/wp-json\/wp\/v2\/product_brand?post=5810"},{"taxonomy":"product_cat","embeddable":true,"href":"https:\/\/modest-napier.216-250-124-103.plesk.page\/index.php\/wp-json\/wp\/v2\/product_cat?post=5810"},{"taxonomy":"product_tag","embeddable":true,"href":"https:\/\/modest-napier.216-250-124-103.plesk.page\/index.php\/wp-json\/wp\/v2\/product_tag?post=5810"}],"curies":[{"name":"wp","href":"https:\/\/api.w.org\/{rel}","templated":true}]}}