{"id":5837,"date":"2025-09-24T19:44:26","date_gmt":"2025-09-24T19:44:26","guid":{"rendered":"https:\/\/modest-napier.216-250-124-103.plesk.page\/index.php\/producto\/paleta-sin-tos-menta-cereza-por-pieza-pronacen\/"},"modified":"2025-09-24T20:47:22","modified_gmt":"2025-09-24T20:47:22","slug":"paleta-sin-tos-menta-cereza-c-50-pronacen","status":"publish","type":"product","link":"https:\/\/modest-napier.216-250-124-103.plesk.page\/index.php\/producto\/paleta-sin-tos-menta-cereza-c-50-pronacen\/","title":{"rendered":"Paleta Sintos Menta-Cereza  Pronacen 1 pieza"},"content":{"rendered":"<p data-mce-fragment=\"1\"><strong data-mce-fragment=\"1\">Descripci\u00f3n:<\/strong><\/p>\n<p data-mce-fragment=\"1\"><span data-mce-fragment=\"1\">La paleta Sintos sabor menta-cereza es\u00a0a<\/span>uxiliar en el control de la garganta irritada.<\/p>\n<p data-mce-fragment=\"1\"><strong>Ingredientes:<\/strong><\/p>\n<p data-mce-fragment=\"1\">Az\u00facar, Glucosa, Miel de Abeja, \u00c1cido C\u00edtrico, Prop\u00f3leo, Eucalipto, Tomillo, sabor Menta y sabor Cereza.<\/p>\n<p data-mce-fragment=\"1\"><strong data-mce-fragment=\"1\">Modo de uso:<\/strong><\/p>\n<p data-mce-fragment=\"1\">Consumir cuando sienta molestia.<\/p>\n<p data-mce-fragment=\"1\"><strong data-mce-fragment=\"1\">Contenido:<\/strong><\/p>\n<p data-mce-fragment=\"1\">10 g cada una. Con 50 piezas.<\/p>\n","protected":false},"excerpt":{"rendered":"<p>Descripci\u00f3n: La paleta Sintos sabor menta-cereza es\u00a0auxiliar en el control de la garganta irritada. Ingredientes: Az\u00facar, Glucosa, Miel de Abeja, \u00c1cido C\u00edtrico, Prop\u00f3leo, Eucalipto, Tomillo, sabor Menta y sabor Cereza. [&hellip;]<\/p>\n","protected":false},"featured_media":2377,"comment_status":"open","ping_status":"closed","template":"","meta":[],"product_brand":[425],"product_cat":[306,308,337,327],"product_tag":[255,64,48,83,84,71],"class_list":{"0":"post-5837","1":"product","2":"type-product","3":"status-publish","4":"has-post-thumbnail","6":"product_brand-pronacen","7":"product_cat-mieles-dulces-y-endulzantes","8":"product_cat-nutricion","9":"product_cat-productos","10":"product_cat-sistema-respiratorio","11":"product_tag-acido-citrico","12":"product_tag-eucalipto","13":"product_tag-menta","14":"product_tag-miel-de-abeja","15":"product_tag-propoleo","16":"product_tag-tomillo","18":"first","19":"instock","20":"shipping-taxable","21":"purchasable","22":"product-type-simple"},"_links":{"self":[{"href":"https:\/\/modest-napier.216-250-124-103.plesk.page\/index.php\/wp-json\/wp\/v2\/product\/5837","targetHints":{"allow":["GET"]}}],"collection":[{"href":"https:\/\/modest-napier.216-250-124-103.plesk.page\/index.php\/wp-json\/wp\/v2\/product"}],"about":[{"href":"https:\/\/modest-napier.216-250-124-103.plesk.page\/index.php\/wp-json\/wp\/v2\/types\/product"}],"replies":[{"embeddable":true,"href":"https:\/\/modest-napier.216-250-124-103.plesk.page\/index.php\/wp-json\/wp\/v2\/comments?post=5837"}],"wp:featuredmedia":[{"embeddable":true,"href":"https:\/\/modest-napier.216-250-124-103.plesk.page\/index.php\/wp-json\/wp\/v2\/media\/2377"}],"wp:attachment":[{"href":"https:\/\/modest-napier.216-250-124-103.plesk.page\/index.php\/wp-json\/wp\/v2\/media?parent=5837"}],"wp:term":[{"taxonomy":"product_brand","embeddable":true,"href":"https:\/\/modest-napier.216-250-124-103.plesk.page\/index.php\/wp-json\/wp\/v2\/product_brand?post=5837"},{"taxonomy":"product_cat","embeddable":true,"href":"https:\/\/modest-napier.216-250-124-103.plesk.page\/index.php\/wp-json\/wp\/v2\/product_cat?post=5837"},{"taxonomy":"product_tag","embeddable":true,"href":"https:\/\/modest-napier.216-250-124-103.plesk.page\/index.php\/wp-json\/wp\/v2\/product_tag?post=5837"}],"curies":[{"name":"wp","href":"https:\/\/api.w.org\/{rel}","templated":true}]}}