{"id":5845,"date":"2025-09-24T19:44:38","date_gmt":"2025-09-24T19:44:38","guid":{"rendered":"https:\/\/modest-napier.216-250-124-103.plesk.page\/index.php\/producto\/perlita-amarilla-de-eucalipto-c-100-grs-honey-celaya\/"},"modified":"2025-09-24T20:45:03","modified_gmt":"2025-09-24T20:45:03","slug":"perlita-amarilla-de-eucalipto-c-100-grs-honey-celaya","status":"publish","type":"product","link":"https:\/\/modest-napier.216-250-124-103.plesk.page\/index.php\/producto\/perlita-amarilla-de-eucalipto-c-100-grs-honey-celaya\/","title":{"rendered":"Perlita de Eucalipto 100 g Honey Celaya"},"content":{"rendered":"<p data-mce-fragment=\"1\"><strong data-mce-fragment=\"1\">Descripci\u00f3n:<\/strong><\/p>\n<p data-mce-fragment=\"1\"><span>Las <strong>perlitas de eucalipto<\/strong> son fuente de energ\u00eda, previenen enfermedades respiratorias, son expectorantes, \u00fatiles en problemas respiratorios causados por la contaminaci\u00f3n. Tienen un sabor agradable y refrescante. Descongestionan las v\u00edas respiratorias.<\/span><\/p>\n<p data-mce-fragment=\"1\"><strong data-mce-fragment=\"1\">Modo de uso:<\/strong><\/p>\n<p data-mce-fragment=\"1\"><span>Consumir como dulce cuando presente molestias.<\/span><\/p>\n<p data-mce-fragment=\"1\"><strong data-mce-fragment=\"1\">Contenido:<\/strong><\/p>\n<p data-mce-fragment=\"1\">100 g.<\/p>\n","protected":false},"excerpt":{"rendered":"<p>Descripci\u00f3n: Las perlitas de eucalipto son fuente de energ\u00eda, previenen enfermedades respiratorias, son expectorantes, \u00fatiles en problemas respiratorios causados por la contaminaci\u00f3n. Tienen un sabor agradable y refrescante. Descongestionan las [&hellip;]<\/p>\n","protected":false},"featured_media":2387,"comment_status":"open","ping_status":"closed","template":"","meta":[],"product_brand":[538],"product_cat":[306,337,318,327],"product_tag":[64],"class_list":{"0":"post-5845","1":"product","2":"type-product","3":"status-publish","4":"has-post-thumbnail","6":"product_brand-honey-celaya","7":"product_cat-mieles-dulces-y-endulzantes","8":"product_cat-productos","9":"product_cat-salud","10":"product_cat-sistema-respiratorio","11":"product_tag-eucalipto","13":"first","14":"instock","15":"shipping-taxable","16":"purchasable","17":"product-type-simple"},"_links":{"self":[{"href":"https:\/\/modest-napier.216-250-124-103.plesk.page\/index.php\/wp-json\/wp\/v2\/product\/5845","targetHints":{"allow":["GET"]}}],"collection":[{"href":"https:\/\/modest-napier.216-250-124-103.plesk.page\/index.php\/wp-json\/wp\/v2\/product"}],"about":[{"href":"https:\/\/modest-napier.216-250-124-103.plesk.page\/index.php\/wp-json\/wp\/v2\/types\/product"}],"replies":[{"embeddable":true,"href":"https:\/\/modest-napier.216-250-124-103.plesk.page\/index.php\/wp-json\/wp\/v2\/comments?post=5845"}],"wp:featuredmedia":[{"embeddable":true,"href":"https:\/\/modest-napier.216-250-124-103.plesk.page\/index.php\/wp-json\/wp\/v2\/media\/2387"}],"wp:attachment":[{"href":"https:\/\/modest-napier.216-250-124-103.plesk.page\/index.php\/wp-json\/wp\/v2\/media?parent=5845"}],"wp:term":[{"taxonomy":"product_brand","embeddable":true,"href":"https:\/\/modest-napier.216-250-124-103.plesk.page\/index.php\/wp-json\/wp\/v2\/product_brand?post=5845"},{"taxonomy":"product_cat","embeddable":true,"href":"https:\/\/modest-napier.216-250-124-103.plesk.page\/index.php\/wp-json\/wp\/v2\/product_cat?post=5845"},{"taxonomy":"product_tag","embeddable":true,"href":"https:\/\/modest-napier.216-250-124-103.plesk.page\/index.php\/wp-json\/wp\/v2\/product_tag?post=5845"}],"curies":[{"name":"wp","href":"https:\/\/api.w.org\/{rel}","templated":true}]}}